This is the mail archive of the
egcs-testresults@egcs.cygnus.com
mailing list for the EGCS project.
Results for gcc-2.95 19990629 on hppa1.1-hp-hpux10.20
- To: egcs-testresults@egcs.cygnus.com (IPM Return requested) (Receipt notification requested)
- Subject: Results for gcc-2.95 19990629 on hppa1.1-hp-hpux10.20
- From: Tim C Prince <Prince_Tim_C@solarturbines.com>
- Date: 01 Jul 1999 07:32:00 Z
- Alternate-Recipient: Allowed
- Conversion: Allowed
- Disclose-Recipients: Prohibited
- Expiry-Date: 31 Jul 1999 00:00:00 Z
- FTBP-Modification-Date: 01 Jul 1999 00:30:00 Z
- FTBP-Object-Size: 3367
- Original-Encoded-Information-Types: (2)(6)(1)(12)(0), (2)(16)(840)(1)(113694)(2)(2)(1)(1)
- X400-Content-Type: P2-1988 ( 22 )
- X400-MTS-Identifier: [/c=US/admd= /prmd=Cat/; 377B7C0D.6E8C.30D6.000]
- X400-Originator: Prince_Tim_C@solarturbines.com
- X400-Recipients: non-disclosure;
Native configuration is hppa1.1-hp-hpux10.20
=== libio tests ===
Running target unix
=== libio Summary ===
# of expected passes 40
=== libstdc++ tests ===
Running target unix
=== libstdc++ Summary ===
# of expected passes 30
=== g++ tests ===
Running target unix
FAIL: g++.ext/attrib5.C (test for excess errors)
XPASS: g++.mike/eh33.C (test for excess errors)
XPASS: g++.mike/eh33.C Execution test
XPASS: g++.mike/eh50.C (test for excess errors)
XPASS: g++.mike/eh50.C Execution test
XPASS: g++.pt/instantiate6.C (test for excess errors)
FAIL: g++.pt/static6.C (test for excess errors)
=== g++ Summary ===
# of expected passes 5166
# of unexpected failures 2
# of unexpected successes 5
# of expected failures 82
# of untested testcases 11
/usr2/users/tim/src/gnu/egcs-19990517/hp/gcc/testsuite/../xgcc version gcc-2.95 19990629 (prerelease)
=== g77 tests ===
Running target unix
=== g77 Summary ===
# of expected passes 602
=== objc tests ===
Running target unix
=== objc Summary ===
# of expected passes 38
/usr2/users/tim/src/gnu/egcs-19990517/hp/gcc/xgcc version gcc-2.95 19990629 (prerelease)
=== gcc tests ===
Running target unix
FAIL: gcc.c-torture/execute/980716-1.c execution, -O0
FAIL: gcc.c-torture/execute/strct-stdarg-1.c execution, -O0
FAIL: gcc.c-torture/execute/strct-stdarg-1.c execution, -O1
FAIL: gcc.c-torture/execute/strct-stdarg-1.c execution, -O2
FAIL: gcc.c-torture/execute/strct-stdarg-1.c execution, -O3 -fomit-frame-pointer
FAIL: gcc.c-torture/execute/strct-stdarg-1.c execution, -O3 -fomit-frame-pointer -funroll-loops
FAIL: gcc.c-torture/execute/strct-stdarg-1.c execution, -O3 -fomit-frame-pointer -funroll-all-loops -finline-functions
FAIL: gcc.c-torture/execute/strct-stdarg-1.c execution, -O3 -g
FAIL: gcc.c-torture/execute/strct-stdarg-1.c execution, -Os
FAIL: gcc.c-torture/execute/ieee/fp-cmp-1.c execution, -O0
FAIL: gcc.c-torture/execute/ieee/mzero2.c execution, -O1
FAIL: gcc.c-torture/execute/ieee/mzero2.c execution, -O2
FAIL: gcc.c-torture/execute/ieee/mzero2.c execution, -O3 -fomit-frame-pointer
FAIL: gcc.c-torture/execute/ieee/mzero2.c execution, -O3 -g
FAIL: gcc.c-torture/execute/ieee/mzero2.c execution, -Os
FAIL: gcc.dg/990119-1.c execution test
FAIL: gcc.dg/cast-qual-1.c discarding \`const' warning (test for bogus messages, line 11)
FAIL: gcc.dg/cast-qual-1.c discarding \`const' warning (test for warnings, line 17)
FAIL: gcc.dg/compare1.c (test for excess errors)
FAIL: gcc.dg/special/alias-1.c (test for excess errors)
FAIL: gcc.dg/special/wkali-1.c (test for excess errors)
=== gcc Summary ===
# of expected passes 8097
# of unexpected failures 21
# of expected failures 31
# of unresolved testcases 3
# of unsupported tests 24
/usr2/users/tim/src/gnu/egcs-19990517/hp/gcc/xgcc version gcc-2.95 19990629 (prerelease)
Compiler version: gcc-2.95 19990629 (prerelease)
Platform: hppa1.1-hp-hpux10.20
configure flags: --with-gcc-version-trigger=/usr2/users/tim/src/gnu/egcs-19990517/gcc/version.c --host=hppa1.1-hp-hpux10.20 --prefix=/usr2/users/tim/src/gnu/914 --with-gnu-as --norecursion
EOF
Mail -s "Results for gcc-2.95 19990629 (prerelease) testsuite on hppa1.1-hp-hpux10.20" egcs-testresults@egcs.cygnus.com &&