This is the mail archive of the
egcs-testresults@egcs.cygnus.com
mailing list for the EGCS project.
Results for gcc-2.95 19990627 (prerelease) testsuite on i686-redhat6-linux-gnu
- To: egcs-testresults@egcs.cygnus.com
- Subject: Results for gcc-2.95 19990627 (prerelease) testsuite on i686-redhat6-linux-gnu
- From: Manfred Hollstein <mhollstein@cygnus.com>
- Date: Sun, 27 Jun 1999 14:15:05 +0200 (MEST)
- Reply-To: Manfred Hollstein <mhollstein@cygnus.com>
Compiler version: gcc-2.95 19990627 (prerelease)
Platform: i686-redhat6-linux-gnu
Sources: - "gcc-2_95-branch" from CVS last updated at 1999/06/27 10:42:10 +0200
- libg++-2.8.1.3
Patches: None.
Environment: - autoconf-19990727 via anonymous CVS
- automake-1.4a
- gas/binutils snapshot as of 1999/04/26
- dejagnu-19981026
+ look_for_dir_with_trigger patch
- RedHat Linux 6.0
+ recommended updates as of today
- Kernel 2.2.5 (compiled by
"gcc version egcs-2.91.66 19990314 (egcs-1.1.2 release)")
- glibc-2.1.1-6
- glibc-devel-2.1.1-6
Remarks: None.
configure flags: --with-gcc-version-trigger=/home/gnu/work/GNU/gcc-2.95/gcc/version.c --host=i686-redhat6-linux-gnu --srcdir=../gcc-2.95 --prefix=/opt/gnu --with-gnu-as --with-gnu-ld --enable-shared --enable-version-specific-runtime-libs --enable-c-cpplib --with-local-prefix=/opt/gnu --enable-nls --verbose --norecursion
BOOT_CC: gcc version gcc-2.95 19990618 (prerelease)
BOOT_CFLAGS: -O2 -g
CFLAGS: -O2 -g
CXXFLAGS: -O2 -g
Native configuration is i686-redhat6-linux-gnu
=== libio tests ===
Running target unix
=== libio Summary ===
# of expected passes 40
=== libstdc++ tests ===
Running target unix
=== libstdc++ Summary ===
# of expected passes 30
=== libg++ tests ===
Running target unix
=== libg++ Summary ===
# of expected passes 72
=== gcc tests ===
Running target unix
FAIL: gcc.c-torture/execute/loop-2b.c execution, -O2
FAIL: gcc.c-torture/execute/loop-2b.c execution, -O3 -fomit-frame-pointer
FAIL: gcc.c-torture/execute/loop-2b.c execution, -O3 -fomit-frame-pointer -funroll-loops
FAIL: gcc.c-torture/execute/loop-2b.c execution, -O3 -fomit-frame-pointer -funroll-all-loops -finline-functions
FAIL: gcc.c-torture/execute/loop-2b.c execution, -O3 -g
FAIL: gcc.dg/cast-qual-1.c discarding \`const' warning (test for bogus messages, line 11)
FAIL: gcc.dg/cast-qual-1.c discarding \`const' warning (test for warnings, line 17)
FAIL: gcc.dg/compare1.c (test for excess errors)
=== gcc Summary ===
# of expected passes 8138
# of unexpected failures 8
# of expected failures 38
# of unsupported tests 12
/opt/home/gnu/work/GNU/gcc-2.95-i686-redhat6-linux-gnu/gcc/xgcc version gcc-2.95 19990627 (prerelease)
=== g++ tests ===
Running target unix
=== g++ Summary ===
# of expected passes 5180
# of expected failures 81
# of untested testcases 7
/opt/home/gnu/work/GNU/gcc-2.95-i686-redhat6-linux-gnu/gcc/testsuite/../xgcc version gcc-2.95 19990627 (prerelease)
=== g77 tests ===
Running target unix
=== g77 Summary ===
# of expected passes 602
=== objc tests ===
Running target unix
=== objc Summary ===
# of expected passes 38
/opt/home/gnu/work/GNU/gcc-2.95-i686-redhat6-linux-gnu/gcc/xgcc version gcc-2.95 19990627 (prerelease)
Counting all warnings,
there are 27 warnings in stage3 of this bootstrap.
Number of warnings per file:
9 ../../gcc-2.95/gcc/toplev.c
4 cc1plus
4 ../../../../gcc-2.95/libg++/src/Fix16.cc
4 ../../../../gcc-2.95/libg++/src/AllocRing.cc
2 cxxmain.c
2 ../../../gcc-2.95/libiberty/testsuite/../cplus-dem.c
1 ../../gcc-2.95/gcc/reload1.c
1 ../../../gcc-2.95/gcc/f/com.c
Number of warning types:
9 initialization from incompatible pointer type
4 integer overflow in expression
4 assignment discards qualifiers from pointer target type
4 `???' is not a pointer-to-object type
2 Please see the documentation for details.
2 -fthis-is-variable is deprecated.
1 unused parameter `???'
1 passing arg ??? of `???' from incompatible pointer type