This is the mail archive of the
egcs-testresults@egcs.cygnus.com
mailing list for the EGCS project.
Results for haifa-enabled gcc-2.95 19990623 (prerelease) testsuite on sparc-redhat-linux-gnu
- To: egcs-testresults@egcs.cygnus.com
- Subject: Results for haifa-enabled gcc-2.95 19990623 (prerelease) testsuite on sparc-redhat-linux-gnu
- From: Horst von Brand <vonbrand@inf.utfsm.cl>
- Date: Wed, 23 Jun 1999 23:43:42 -0400
Native configuration is sparc-redhat-linux-gnu
=== libio tests ===
Running target unix
=== libio Summary ===
# of expected passes 40
=== libstdc++ tests ===
Running target unix
=== libstdc++ Summary ===
# of expected passes 30
=== libg++ tests ===
Running target unix
=== libg++ Summary ===
# of expected passes 72
=== gcc tests ===
Running target unix
FAIL: gcc.dg/990119-1.c execution test
FAIL: gcc.dg/cast-qual-1.c discarding `const' warning (test for bogus messages, line 11)
FAIL: gcc.dg/cast-qual-1.c discarding `const' warning (test for warnings, line 17)
FAIL: gcc.dg/compare1.c (test for excess errors)
=== gcc Summary ===
# of expected passes 8120
# of unexpected failures 4
# of expected failures 31
# of unsupported tests 25
/usr/src/build/build-egcs-19990623/gcc/xgcc version gcc-2.95 19990623 (prerelease)
=== g++ tests ===
Running target unix
FAIL: g++.dg/special/conpr-1.C execution test
FAIL: g++.dg/special/conpr-2.C execution test
FAIL: g++.dg/special/conpr-3.C execution test
FAIL: g++.dg/special/conpr-3.C execution test
=== g++ Summary ===
# of expected passes 5170
# of unexpected failures 4
# of expected failures 81
# of untested testcases 11
/usr/src/build/build-egcs-19990623/gcc/testsuite/../xgcc version gcc-2.95 19990623 (prerelease)
=== g77 tests ===
Running target unix
=== g77 Summary ===
# of expected passes 602
=== objc tests ===
Running target unix
FAIL: objc/execute/bf-1.m compilation, -O
FAIL: objc/execute/bf-10.m compilation, -O
FAIL: objc/execute/bf-11.m compilation, -O
FAIL: objc/execute/bf-12.m compilation, -O
FAIL: objc/execute/bf-13.m compilation, -O
FAIL: objc/execute/bf-14.m compilation, -O
FAIL: objc/execute/bf-15.m compilation, -O
FAIL: objc/execute/bf-16.m compilation, -O
FAIL: objc/execute/bf-17.m compilation, -O
FAIL: objc/execute/bf-18.m compilation, -O
FAIL: objc/execute/bf-19.m compilation, -O
FAIL: objc/execute/bf-2.m compilation, -O
FAIL: objc/execute/bf-3.m compilation, -O
FAIL: objc/execute/bf-4.m compilation, -O
FAIL: objc/execute/bf-5.m compilation, -O
FAIL: objc/execute/bf-6.m compilation, -O
FAIL: objc/execute/bf-7.m compilation, -O
FAIL: objc/execute/bf-8.m compilation, -O
FAIL: objc/execute/bf-9.m compilation, -O
=== objc Summary ===
# of unexpected failures 19
# of untested testcases 19
/usr/src/build/build-egcs-19990623/gcc/xgcc version gcc-2.95 19990623 (prerelease)
Compiler version: haifa-enabled gcc-2.95 19990623 (prerelease)
Platform: sparc-redhat-linux-gnu
configure flags: --with-gcc-version-trigger=/usr/src/build/egcs-19990623/gcc/version.c --host=sparc-redhat-linux --enable-shared --enable-threads --enable-haifa --prefix=/usr --norecursion