This is the mail archive of the
egcs-testresults@egcs.cygnus.com
mailing list for the EGCS project.
Results for gcc-2.95 19990615 (prerelease) testsuite on sparc-sun-sunos4.1.4
- To: egcs-testresults@egcs.cygnus.com
- Subject: Results for gcc-2.95 19990615 (prerelease) testsuite on sparc-sun-sunos4.1.4
- From: "Kaveh R. Ghazi" <ghazi@caip.rutgers.edu>
- Date: Sun, 20 Jun 1999 09:11:46 -0400 (EDT)
Native configuration is sparc-sun-sunos4.1.4
=== objc tests ===
Running target unix/-fPIC
=== objc Summary for unix/-fPIC ===
# of expected passes 38
Running target unix/-fpic
=== objc Summary for unix/-fpic ===
# of expected passes 38
Running target unix
=== objc Summary for unix ===
# of expected passes 38
=== objc Summary ===
# of expected passes 114
/a/caip/a47/u47/ghazi/gcc-testing/sunos-test/build/gcc/xgcc version gcc-2.95 19990615 (prerelease)
=== gcc tests ===
Running target unix/-fPIC
FAIL: gcc.c-torture/compile/calls.c, -O0
FAIL: gcc.c-torture/compile/calls.c, -O1
FAIL: gcc.c-torture/compile/calls.c, -O2
FAIL: gcc.c-torture/compile/calls.c, -O3 -fomit-frame-pointer
FAIL: gcc.c-torture/compile/calls.c, -O3 -g
FAIL: gcc.c-torture/compile/calls.c, -Os
FAIL: gcc.c-torture/execute/memcpy-bi.c compilation, -O3 -fomit-frame-pointer
FAIL: gcc.c-torture/execute/memcpy-bi.c compilation, -O3 -fomit-frame-pointer -funroll-loops
FAIL: gcc.c-torture/execute/memcpy-bi.c compilation, -O3 -g
FAIL: gcc.dg/990119-1.c execution test
FAIL: gcc.dg/cast-qual-1.c discarding `const' warning (test for bogus messages, line 11)
FAIL: gcc.dg/cast-qual-1.c discarding `const' warning (test for warnings, line 17)
FAIL: gcc.dg/compare1.c (test for excess errors)
FAIL: gcc.misc-tests/gcov-1.c (test for excess errors)
FAIL: gcc.misc-tests/gcov-1.c execution test
FAIL: gcov-1.c:1:is 4:should be 11
FAIL: gcov-1.c:1:is 5:should be 10
FAIL: gcov-1.c:1:is 7:should be 1
FAIL: gcc.misc-tests/gcov-2.c (test for excess errors) (PRMS 8294)
FAIL: gcc.misc-tests/gcov-2.c execution test (PRMS 8294)
=== gcc Summary for unix/-fPIC ===
# of expected passes 8095
# of unexpected failures 20
# of expected failures 31
# of unresolved testcases 3
# of unsupported tests 24
Running target unix/-fpic
FAIL: gcc.c-torture/compile/calls.c, -O0
FAIL: gcc.c-torture/compile/calls.c, -O1
FAIL: gcc.c-torture/compile/calls.c, -O2
FAIL: gcc.c-torture/compile/calls.c, -O3 -fomit-frame-pointer
FAIL: gcc.c-torture/compile/calls.c, -O3 -g
FAIL: gcc.c-torture/compile/calls.c, -Os
FAIL: gcc.c-torture/execute/memcpy-bi.c compilation, -O3 -fomit-frame-pointer
FAIL: gcc.c-torture/execute/memcpy-bi.c compilation, -O3 -fomit-frame-pointer -funroll-all-loops -finline-functions
FAIL: gcc.c-torture/execute/memcpy-bi.c compilation, -O3 -g
FAIL: gcc.dg/990119-1.c execution test
FAIL: gcc.dg/cast-qual-1.c discarding `const' warning (test for bogus messages, line 11)
FAIL: gcc.dg/cast-qual-1.c discarding `const' warning (test for warnings, line 17)
FAIL: gcc.dg/compare1.c (test for excess errors)
FAIL: gcc.misc-tests/gcov-1.c (test for excess errors)
FAIL: gcov-1.c:1:is 4:should be 11
FAIL: gcov-1.c:1:is 5:should be 10
FAIL: gcov-1.c:1:is 7:should be 1
FAIL: gcc.misc-tests/gcov-2.c (test for excess errors) (PRMS 8294)
=== gcc Summary for unix/-fpic ===
# of expected passes 8094
# of unexpected failures 18
# of expected failures 31
# of unresolved testcases 3
# of unsupported tests 24
Running target unix
FAIL: gcc.dg/990119-1.c execution test
FAIL: gcc.dg/cast-qual-1.c discarding `const' warning (test for bogus messages, line 11)
FAIL: gcc.dg/cast-qual-1.c discarding `const' warning (test for warnings, line 17)
FAIL: gcc.dg/compare1.c (test for excess errors)
=== gcc Summary for unix ===
# of expected passes 8111
# of unexpected failures 4
# of expected failures 31
# of unresolved testcases 1
# of unsupported tests 24
=== gcc Summary ===
# of expected passes 24300
# of unexpected failures 42
# of expected failures 93
# of unresolved testcases 7
# of unsupported tests 72
/a/caip/a47/u47/ghazi/gcc-testing/sunos-test/build/gcc/xgcc version gcc-2.95 19990615 (prerelease)
=== g77 tests ===
Running target unix/-fPIC
=== g77 Summary for unix/-fPIC ===
# of expected passes 602
Running target unix/-fpic
=== g77 Summary for unix/-fpic ===
# of expected passes 602
Running target unix
=== g77 Summary for unix ===
# of expected passes 602
=== g77 Summary ===
# of expected passes 1806
=== g++ tests ===
Running target unix/-fPIC
FAIL: g++.brendan/asm-extn1.C caused compiler crash
FAIL: g++.ext/attrib5.C (test for excess errors)
FAIL: g++.law/profile1.C (test for excess errors)
XPASS: g++.pt/instantiate6.C (test for excess errors)
FAIL: g++.pt/static3.C (test for excess errors)
FAIL: g++.pt/static6.C (test for excess errors)
FAIL: g++.robertl/eb83.C (test for excess errors)
FAIL: g++.robertl/eb83.C Execution test
=== g++ Summary for unix/-fPIC ===
# of expected passes 5167
# of unexpected failures 7
# of unexpected successes 1
# of expected failures 81
# of untested testcases 10
Running target unix/-fpic
FAIL: g++.brendan/asm-extn1.C caused compiler crash
FAIL: g++.ext/attrib5.C (test for excess errors)
FAIL: g++.law/profile1.C (test for excess errors)
XPASS: g++.pt/instantiate6.C (test for excess errors)
FAIL: g++.pt/static3.C (test for excess errors)
FAIL: g++.pt/static6.C (test for excess errors)
FAIL: g++.robertl/eb83.C (test for excess errors)
=== g++ Summary for unix/-fpic ===
# of expected passes 5167
# of unexpected failures 6
# of unexpected successes 1
# of expected failures 82
# of untested testcases 10
Running target unix
FAIL: g++.brendan/asm-extn1.C caused compiler crash
FAIL: g++.ext/attrib5.C (test for excess errors)
XPASS: g++.pt/instantiate6.C (test for excess errors)
FAIL: g++.pt/static3.C (test for excess errors)
FAIL: g++.pt/static6.C (test for excess errors)
=== g++ Summary for unix ===
# of expected passes 5170
# of unexpected failures 4
# of unexpected successes 1
# of expected failures 81
# of untested testcases 10
=== g++ Summary ===
# of expected passes 15504
# of unexpected failures 17
# of unexpected successes 3
# of expected failures 244
# of untested testcases 30
/a/caip/a47/u47/ghazi/gcc-testing/sunos-test/build/gcc/testsuite/../xgcc version gcc-2.95 19990615 (prerelease)
=== libstdc++ tests ===
Running target unix/-fPIC
=== libstdc++ Summary for unix/-fPIC ===
# of expected passes 30
Running target unix/-fpic
=== libstdc++ Summary for unix/-fpic ===
# of expected passes 30
Running target unix
=== libstdc++ Summary for unix ===
# of expected passes 30
=== libstdc++ Summary ===
# of expected passes 90
=== libio tests ===
Running target unix/-fPIC
=== libio Summary for unix/-fPIC ===
# of expected passes 40
Running target unix/-fpic
=== libio Summary for unix/-fpic ===
# of expected passes 40
Running target unix
=== libio Summary for unix ===
# of expected passes 40
=== libio Summary ===
# of expected passes 120
Compiler version: gcc-2.95 19990615 (prerelease)
Platform: sparc-sun-sunos4.1.4
configure flags: --with-gcc-version-trigger=/a/caip/a47/u47/ghazi/gcc-testing/sunos-test/egcs-19990616/gcc/version.c --host=sparc-sun-sunos4.1.4 --verbose --norecursion