This is the mail archive of the
egcs-testresults@egcs.cygnus.com
mailing list for the EGCS project.
Results for gcc-2.95 19990615 (prerelease) testsuite on mips-sgi-irix6.2
- To: egcs-testresults@egcs.cygnus.com
- Subject: Results for gcc-2.95 19990615 (prerelease) testsuite on mips-sgi-irix6.2
- From: "Kaveh R. Ghazi" <ghazi@caip.rutgers.edu>
- Date: Thu, 17 Jun 1999 16:37:34 -0400 (EDT)
Native configuration is mips-sgi-irix6.2
=== objc tests ===
Running target unix
=== objc Summary ===
# of expected passes 38
/caip/u47/ghazi/gcc-testing/build/gcc/xgcc version gcc-2.95 19990615 (prerelease)
=== gcc tests ===
Running target unix
FAIL: gcc.c-torture/execute/complex-5.c execution, -O0
FAIL: gcc.c-torture/execute/complex-5.c execution, -O1
FAIL: gcc.c-torture/execute/complex-5.c execution, -O2
FAIL: gcc.c-torture/execute/complex-5.c execution, -O3 -fomit-frame-pointer
FAIL: gcc.c-torture/execute/complex-5.c execution, -O3 -g
FAIL: gcc.c-torture/execute/complex-5.c execution, -Os
XPASS: gcc.c-torture/execute/memcheck/blkarg.c execution, -O0
XPASS: gcc.c-torture/execute/memcheck/blkarg.c execution, -O1
XPASS: gcc.c-torture/execute/memcheck/blkarg.c execution, -O2
XPASS: gcc.c-torture/execute/memcheck/blkarg.c execution, -Os
FAIL: gcc.dg/990119-1.c execution test
FAIL: gcc.dg/cast-qual-1.c discarding `const' warning (test for bogus messages, line 11)
FAIL: gcc.dg/cast-qual-1.c discarding `const' warning (test for warnings, line 17)
FAIL: gcc.dg/compare1.c (test for excess errors)
FAIL: gcc.dg/special/alias-1.c (test for excess errors)
FAIL: wkali-2b.o
=== gcc Summary ===
# of expected passes 8109
# of unexpected failures 12
# of unexpected successes 4
# of expected failures 27
# of unsupported tests 25
/caip/u47/ghazi/gcc-testing/build/gcc/xgcc version gcc-2.95 19990615 (prerelease)
=== g77 tests ===
Running target unix
=== g77 Summary ===
# of expected passes 602
=== g++ tests ===
Running target unix
FAIL: g++.dg/special/conpr-1.C execution test
FAIL: g++.dg/special/conpr-2.C execution test
FAIL: g++.dg/special/conpr-3.C execution test
FAIL: g++.dg/special/conpr-3.C execution test
XPASS: g++.pt/instantiate6.C (test for excess errors)
=== g++ Summary ===
# of expected passes 5167
# of unexpected failures 4
# of unexpected successes 1
# of expected failures 83
# of untested testcases 11
/caip/u47/ghazi/gcc-testing/build/gcc/testsuite/../xgcc version gcc-2.95 19990615 (prerelease)
=== libstdc++ tests ===
Running target unix
=== libstdc++ Summary ===
# of expected passes 30
=== libio tests ===
Running target unix
=== libio Summary ===
# of expected passes 40
Compiler version: gcc-2.95 19990615 (prerelease)
Platform: mips-sgi-irix6.2
configure flags: --with-gcc-version-trigger=/caip/u47/ghazi/gcc-testing/egcs-19990616/gcc/version.c --host=mips-sgi-irix6.2 --verbose --norecursion