This is the mail archive of the
egcs-testresults@egcs.cygnus.com
mailing list for the EGCS project.
Results for haifa-enabled gcc-2.96 19990615 (experimental) testsuite on mips-sgi-irix6.5/-mabi=64
- To: "'egcs-testresults@egcs.cygnus.com'" <egcs-testresults@egcs.cygnus.com>
- Subject: Results for haifa-enabled gcc-2.96 19990615 (experimental) testsuite on mips-sgi-irix6.5/-mabi=64
- From: "Billinghurst, David (RTD)" <David.Billinghurst@riotinto.com.au>
- Date: Wed, 16 Jun 1999 23:19:05 -0000
Target is mips-sgi-irix6.5/-mabi=64
Host is mips-sgi-irix6.5
=== gcc tests ===
Running target unix
FAIL: gcc.c-torture/compile/920501-4.c, -O1
FAIL: gcc.c-torture/execute/complex-5.c execution, -O0
FAIL: gcc.c-torture/execute/complex-5.c execution, -O1
FAIL: gcc.c-torture/execute/complex-5.c execution, -O2
FAIL: gcc.c-torture/execute/complex-5.c execution, -O3 -fomit-frame-pointer
FAIL: gcc.c-torture/execute/complex-5.c execution, -O3 -g
FAIL: gcc.c-torture/execute/complex-5.c execution, -Os
XPASS: gcc.c-torture/execute/memcheck/blkarg.c execution, -O0
XPASS: gcc.c-torture/execute/memcheck/blkarg.c execution, -O1
XPASS: gcc.c-torture/execute/memcheck/blkarg.c execution, -O2
XPASS: gcc.c-torture/execute/memcheck/blkarg.c execution, -Os
FAIL: gcc.dg/990119-1.c execution test
FAIL: gcc.dg/990413-1.c (test for excess errors)
FAIL: gcc.dg/990506-0.c (test for excess errors)
FAIL: gcc.dg/cast-qual-1.c discarding `const' warning (test for bogus
messages, line 11)
FAIL: gcc.dg/cast-qual-1.c discarding `const' warning (test for warnings,
line 17)
FAIL: gcc.dg/compare1.c (test for excess errors)
FAIL: gcc.dg/special/alias-1.c (test for excess errors)
FAIL: wkali-2b.o
FAIL: gcc.misc-tests/m-un-2.c (test for excess errors)
=== gcc Summary ===
# of expected passes 8185
# of unexpected failures 16
# of unexpected successes 4
# of expected failures 27
# of unsupported tests 28
/exd4/billingd/tmp/egcs-19990615/bin/gcc version gcc-2.96 19990615
(experimental)
Host is mips-sgi-irix6.5
=== g77 tests ===
Running target unix
FAIL: g77.f-torture/compile/980419-2.f, -O0
FAIL: g77.f-torture/compile/980419-2.f, -O1
FAIL: g77.f-torture/compile/980419-2.f, -O2
FAIL: g77.f-torture/compile/980419-2.f, -O2 -fomit-frame-pointer
-finline-functions
FAIL: g77.f-torture/compile/980419-2.f, -O2 -fomit-frame-pointer
-finline-functions -funroll-loops
FAIL: g77.f-torture/compile/980419-2.f, -O2 -fomit-frame-pointer
-finline-functions -funroll-all-loops
FAIL: g77.f-torture/compile/980419-2.f, -Os
FAIL: g77.f-torture/execute/970816-3.f execution, -O0
FAIL: g77.f-torture/execute/970816-3.f execution, -O1
FAIL: g77.f-torture/execute/970816-3.f execution, -O2
FAIL: g77.f-torture/execute/970816-3.f execution, -O2 -fomit-frame-pointer
-finline-functions
FAIL: g77.f-torture/execute/970816-3.f execution, -Os
FAIL: g77.f-torture/execute/971102-1.f execution, -O0
FAIL: g77.f-torture/execute/971102-1.f execution, -O1
FAIL: g77.f-torture/execute/971102-1.f execution, -O2
FAIL: g77.f-torture/execute/971102-1.f execution, -O2 -fomit-frame-pointer
-finline-functions
FAIL: g77.f-torture/execute/971102-1.f execution, -O2 -fomit-frame-pointer
-finline-functions -funroll-loops
FAIL: g77.f-torture/execute/971102-1.f execution, -O2 -fomit-frame-pointer
-finline-functions -funroll-all-loops
FAIL: g77.f-torture/execute/971102-1.f execution, -Os
FAIL: g77.f-torture/execute/io0.f execution, -O0
FAIL: g77.f-torture/execute/io0.f execution, -O1
FAIL: g77.f-torture/execute/io0.f execution, -O2
FAIL: g77.f-torture/execute/io0.f execution, -O2 -fomit-frame-pointer
-finline-functions
FAIL: g77.f-torture/execute/io0.f execution, -Os
FAIL: g77.f-torture/execute/io1.f compilation, -O0
FAIL: g77.f-torture/execute/io1.f execution, -O1
FAIL: g77.f-torture/execute/io1.f execution, -O2
FAIL: g77.f-torture/execute/io1.f execution, -O2 -fomit-frame-pointer
-finline-functions
FAIL: g77.f-torture/execute/io1.f execution, -Os
FAIL: g77.f-torture/execute/u77-test.f compilation, -O0
FAIL: g77.f-torture/execute/u77-test.f compilation, -O1
FAIL: g77.f-torture/execute/u77-test.f compilation, -O2
FAIL: g77.f-torture/execute/u77-test.f compilation, -O2
-fomit-frame-pointer -finline-functions
FAIL: g77.f-torture/execute/u77-test.f compilation, -O2
-fomit-frame-pointer -finline-functions -funroll-loops
FAIL: g77.f-torture/execute/u77-test.f compilation, -O2
-fomit-frame-pointer -finline-functions -funroll-all-loops
FAIL: g77.f-torture/execute/u77-test.f compilation, -Os
=== g77 Summary ===
# of expected passes 563
# of unexpected failures 36
# of untested testcases 8
Host is mips-sgi-irix6.5
=== g++ tests ===
Running target unix
FAIL: g++.dg/special/conpr-1.C execution test
FAIL: g++.dg/special/conpr-2.C execution test
FAIL: g++.dg/special/conpr-3.C execution test
FAIL: g++.dg/special/conpr-3.C execution test
FAIL: g++.ext/com1.C (test for excess errors)
FAIL: g++.ext/initp1.C Execution test
FAIL: g++.other/null1.C (test for excess errors)
XPASS: g++.pt/instantiate6.C (test for excess errors)
FAIL: g++.robertl/eh990323-2.C Execution test
FAIL: g++.robertl/eh990323-3.C Execution test
FAIL: g++.robertl/eh990323-4.C Execution test
=== g++ Summary ===
# of expected passes 5229
# of unexpected failures 10
# of unexpected successes 1
# of expected failures 81
# of untested testcases 19
/exd4/billingd/tmp/egcs-19990615/bin/g++ version gcc-2.96 19990615
(experimental)
Compiler version: haifa-enabled gcc-2.96 19990615 (experimental)
Platform: mips-sgi-irix6.5/-mabi=64
configure flags:
--with-gcc-version-trigger=/exd4/billingd/src/egcs-19990615/gcc/version.c
--host=mips-sgi-irix6.5 --enable-shared --enable-haifa
--prefix=/exd4/billingd/tmp/egcs-19990615 --norecursion