This is the mail archive of the
egcs-testresults@egcs.cygnus.com
mailing list for the EGCS project.
Results for gcc-2.95 19990615 (prerelease) testsuite on i686-UnixWare7.1.0-sysv5
- To: egcs-testresults@egcs.cygnus.com
- Subject: Results for gcc-2.95 19990615 (prerelease) testsuite on i686-UnixWare7.1.0-sysv5
- From: robertl@rjlhome.dgii.com (Robert Lipe)
- Date: Tue, 15 Jun 1999 10:06:03 CDT
With GNU as.
* Libio tests ICE with:
/play/egcs/libio/testsuite/../tests/tFile.cc:558: Internal
compiler error in `modified_type_die', at dwarf2out.c:6473
* libstdc++, dyncast, eb41 tests fail to link. Duplicate definitions of
the form:
UX:ld: ERROR: /home3/negcs/i686-UnixWare7.1.0-sysv5//libstdc++/
libstdc++.\a(dcomplex.o\): fatal error: symbol`double norm<double\>
(complex<double> const&\) multiply-defined, also in file /var/tmp/ccYYjaaa.o
Native configuration is i686-UnixWare7.1.0-sysv5
=== libio tests ===
Running target unix/-fPIC
FAIL: tFile.cc compilation
FAIL: tFile.cc compilation -b0
FAIL: tFile.cc compilation -b3
FAIL: tiomisc.cc compilation
=== libio Summary for unix/-fPIC ===
# of expected passes 28
# of unexpected failures 4
# of expected failures 8
Running target unix
FAIL: tFile.cc compilation
FAIL: tFile.cc compilation -b0
FAIL: tFile.cc compilation -b3
FAIL: tiomisc.cc compilation
=== libio Summary for unix ===
# of expected passes 28
# of unexpected failures 4
# of expected failures 8
=== libio Summary ===
# of expected passes 56
# of unexpected failures 8
# of expected failures 16
=== libstdc++ tests ===
Running target unix/-fPIC
FAIL: tcomplex.cc compilation
FAIL: tcomplex.cc -O compilation
FAIL: tstring.cc compilation
=== libstdc++ Summary for unix/-fPIC ===
# of expected passes 21
# of unexpected failures 3
# of expected failures 6
Running target unix
FAIL: tcomplex.cc compilation
FAIL: tcomplex.cc -O compilation
FAIL: tstring.cc compilation
=== libstdc++ Summary for unix ===
# of expected passes 21
# of unexpected failures 3
# of expected failures 6
=== libstdc++ Summary ===
# of expected passes 42
# of unexpected failures 6
# of expected failures 12
=== gcc tests ===
Running target unix/-fPIC
FAIL: gcc.c-torture/execute/990127-2.c execution, -O3 -fomit-frame-pointer
FAIL: gcc.c-torture/execute/990127-2.c execution, -O3 -g
FAIL: gcc.c-torture/execute/complex-1.c execution, -O0
FAIL: gcc.c-torture/execute/complex-1.c execution, -O1
FAIL: gcc.c-torture/execute/complex-1.c execution, -O2
FAIL: gcc.c-torture/execute/complex-1.c execution, -Os
FAIL: gcc.c-torture/execute/complex-2.c execution, -O0
FAIL: gcc.c-torture/execute/complex-2.c execution, -O1
FAIL: gcc.c-torture/execute/complex-2.c execution, -O2
FAIL: gcc.c-torture/execute/complex-2.c execution, -Os
FAIL: gcc.c-torture/execute/conversion.c execution, -O3 -fomit-frame-pointer
FAIL: gcc.c-torture/execute/conversion.c execution, -O3 -g
FAIL: gcc.dg/990119-1.c execution test
FAIL: gcc.dg/cast-qual-1.c discarding `const' warning (test for bogus messages, line 11)
FAIL: gcc.dg/cast-qual-1.c discarding `const' warning (test for warnings, line 17)
FAIL: gcc.dg/compare1.c (test for excess errors)
FAIL: gcc.dg/special/weak-1.c (test for excess errors)
FAIL: gcc.dg/special/weak-2.c (test for excess errors)
FAIL: gcc.dg/special/wkali-2.c (test for excess errors)
=== gcc Summary for unix/-fPIC ===
# of expected passes 8122
# of unexpected failures 19
# of expected failures 38
# of unsupported tests 12
Running target unix
FAIL: gcc.c-torture/execute/loop-2b.c execution, -O2
FAIL: gcc.c-torture/execute/loop-2b.c execution, -O3 -fomit-frame-pointer
FAIL: gcc.c-torture/execute/loop-2b.c execution, -O3 -fomit-frame-pointer -funroll-loops
FAIL: gcc.c-torture/execute/loop-2b.c execution, -O3 -fomit-frame-pointer -funroll-all-loops -finline-functions
FAIL: gcc.c-torture/execute/loop-2b.c execution, -O3 -g
FAIL: gcc.dg/990119-1.c execution test
FAIL: gcc.dg/cast-qual-1.c discarding `const' warning (test for bogus messages, line 11)
FAIL: gcc.dg/cast-qual-1.c discarding `const' warning (test for warnings, line 17)
FAIL: gcc.dg/compare1.c (test for excess errors)
FAIL: gcc.dg/special/weak-1.c (test for excess errors)
FAIL: gcc.dg/special/weak-2.c (test for excess errors)
FAIL: gcc.dg/special/wkali-2.c (test for excess errors)
=== gcc Summary for unix ===
# of expected passes 8129
# of unexpected failures 12
# of expected failures 38
# of unsupported tests 12
=== gcc Summary ===
# of expected passes 16251
# of unexpected failures 31
# of expected failures 76
# of unsupported tests 24
/home3/negcs/gcc/xgcc version gcc-2.95 19990615 (prerelease)
=== g++ tests ===
Running target unix/-fPIC
FAIL: g++.dg/special/conpr-1.C execution test
FAIL: g++.dg/special/conpr-2.C execution test
FAIL: g++.dg/special/conpr-3.C execution test
FAIL: g++.dg/special/conpr-3.C execution test
FAIL: g++.law/profile1.C (test for excess errors)
FAIL: g++.mike/dyncast7.C (test for excess errors)
XPASS: g++.pt/decl2.C ICE - (test for errors, line 8)
XPASS: g++.pt/instantiate6.C (test for excess errors)
FAIL: g++.pt/typename8.C (test for excess errors)
FAIL: g++.robertl/eb41.C (test for excess errors)
=== g++ Summary for unix/-fPIC ===
# of expected passes 5172
# of unexpected failures 8
# of unexpected successes 2
# of expected failures 80
# of untested testcases 8
Running target unix
FAIL: g++.dg/special/conpr-1.C execution test
FAIL: g++.dg/special/conpr-2.C execution test
FAIL: g++.dg/special/conpr-3.C execution test
FAIL: g++.dg/special/conpr-3.C execution test
FAIL: g++.law/profile1.C (test for excess errors)
FAIL: g++.mike/dyncast7.C (test for excess errors)
XPASS: g++.pt/decl2.C ICE - (test for errors, line 8)
XPASS: g++.pt/instantiate6.C (test for excess errors)
FAIL: g++.pt/typename8.C (test for excess errors)
FAIL: g++.robertl/eb41.C (test for excess errors)
=== g++ Summary for unix ===
# of expected passes 5172
# of unexpected failures 8
# of unexpected successes 2
# of expected failures 80
# of untested testcases 8
=== g++ Summary ===
# of expected passes 10344
# of unexpected failures 16
# of unexpected successes 4
# of expected failures 160
# of untested testcases 16
/home3/negcs/gcc/testsuite/../xgcc version gcc-2.95 19990615 (prerelease)
=== g77 tests ===
Running target unix/-fPIC
FAIL: g77.f-torture/compile/19990502-0.f, -O2
FAIL: g77.f-torture/compile/19990502-0.f, -O2 -fomit-frame-pointer -finline-functions
FAIL: g77.f-torture/compile/19990502-0.f, -Os
=== g77 Summary for unix/-fPIC ===
# of expected passes 599
# of unexpected failures 3
Running target unix
FAIL: g77.f-torture/compile/19990502-0.f, -O2
FAIL: g77.f-torture/compile/19990502-0.f, -O2 -fomit-frame-pointer -finline-functions
FAIL: g77.f-torture/compile/19990502-0.f, -Os
=== g77 Summary for unix ===
# of expected passes 599
# of unexpected failures 3
=== g77 Summary ===
# of expected passes 1198
# of unexpected failures 6
=== objc tests ===
Running target unix/-fPIC
=== objc Summary for unix/-fPIC ===
# of expected passes 38
Running target unix
=== objc Summary for unix ===
# of expected passes 38
=== objc Summary ===
# of expected passes 76
/home3/negcs/gcc/xgcc version gcc-2.95 19990615 (prerelease)
Compiler version: gcc-2.95 19990615 (prerelease)
Platform: i686-UnixWare7.1.0-sysv5
configure flags: --host=i686-UnixWare7.1.0-sysv5 --with-gcc-version-trigger=/play/egcs/gcc/version.c --norecursion