This is the mail archive of the
egcs-testresults@egcs.cygnus.com
mailing list for the EGCS project.
Results for gcc-2.95 19990609 (prerelease) testsuite on i586-pc-cygwin32
- To: egcs-testresults@egcs.cygnus.com
- Subject: Results for gcc-2.95 19990609 (prerelease) testsuite on i586-pc-cygwin32
- From: Mumit Khan <khan@xraylith.wisc.EDU>
- Date: Mon, 14 Jun 1999 15:48:31 -0500 (CDT)
These are updated results from what I had sent a few days ago. My tree
is gcc-2.95 branch 1999-06-09 CVS + some patches described below.
Thanks to RJL for pointing out I shouldn't see some of the failures, and
turns out that I simply needed to reboot the machine. MS should really
let me configure the MS key on the new PC keyboards to reboot the machine
instead of whatever it does right now ;-)
Patches used:
- ASM_SET_OP, reg-stack. Both are now installed in the release branch.
- (C++) Jason Merrill's "tidy", COM, anon-struct + my tweak to COM patch.
- archived at: ftp://ftp.xraylith.wisc.edu/pub/khan/gnu-win32/cygwin/snapshots/gcc-2.95-19990609/patches/
Notes: I haven't investigated the XPASS's for either C or C++ tests. Also,
why some of the failing tests are not the same ones as on Linux (usually
they track quite well). Overall, I'm quite pleased, provided that half
of these are not false positives; I have run my usual random spot checks
to make sure Expect/NT is behaving.
Native configuration is i586-pc-cygwin32
=== gcc tests ===
Running target unix
XPASS: gcc.c-torture/execute/memcheck/blkarg.c execution, -O0
XPASS: gcc.c-torture/execute/memcheck/blkarg.c execution, -O1
XPASS: gcc.c-torture/execute/memcheck/blkarg.c execution, -O2
XPASS: gcc.c-torture/execute/memcheck/blkarg.c execution, -O3 -fomit-frame-pointer
XPASS: gcc.c-torture/execute/memcheck/blkarg.c execution, -O3 -g
XPASS: gcc.c-torture/execute/memcheck/blkarg.c execution, -Os
FAIL: gcc.dg/cast-qual-1.c discarding `const' warning (test for bogus messages, line 11)
FAIL: gcc.dg/cast-qual-1.c discarding `const' warning (test for warnings, line 17)
FAIL: gcc.dg/compare1.c (test for excess errors)
ERROR: (DejaGnu) proc "find_ld" does not exist.
The error code is NONE
=== gcc Summary ===
# of expected passes 8129
# of unexpected failures 3
# of unexpected successes 6
# of expected failures 19
# of unresolved testcases 3
# of unsupported tests 12
d:/gcc-2.95-cygb20/H-i586-cygwin32/bin/gcc.exe version gcc-2.95 19990609 (prerelease)
=== g++ tests ===
Running target unix
XPASS: g++.jason/template18.C (test for excess errors)
XPASS: g++.pt/instantiate6.C (test for excess errors)
FAIL: g++.robertl/eb131.C candidate (test for errors, line 13)
=== g++ Summary ===
# of expected passes 4443
# of unexpected failures 1
# of unexpected successes 2
# of expected failures 814
# of untested testcases 8
d:/gcc-2.95-cygb20/H-i586-cygwin32/bin/g++.exe version gcc-2.95 19990609 (prerelease)
=== g77 tests ===
Running target unix
FAIL: g77.f-torture/compile/19990502-0.f, -O2
FAIL: g77.f-torture/compile/19990502-0.f, -O2 -fomit-frame-pointer -finline-functions
FAIL: g77.f-torture/compile/19990502-0.f, -Os
FAIL: g77.f-torture/compile/19990502-0.f, -O2
FAIL: g77.f-torture/compile/19990502-0.f, -O2 -fomit-frame-pointer -finline-functions
FAIL: g77.f-torture/compile/19990502-0.f, -Os
=== g77 Summary ===
# of expected passes 1197
# of unexpected failures 6
d:/gcc-2.95-cygb20/H-i586-cygwin32/bin/g77.exe g77 version gcc-2.95 19990609 (prerelease) (from FSF-g77 version 0.5.25 19990526 (prerelease))
Compiler version: gcc-2.95 19990609 (prerelease)
Platform: i586-pc-cygwin32
configure flags: --with-gcc-version-trigger=/home/khan/src/gcc-2.95/gcc/version.c --host=i586-cygwin32 --prefix=/usr/local/gcc-2.95 -v --norecursion
Regards,
Mumit