This is the mail archive of the
egcs-testresults@egcs.cygnus.com
mailing list for the EGCS project.
Results for gcc-2.95 19990608 (prerelease) testsuite on sparc-sun-sunos4.1.3
- To: egcs-testresults@egcs.cygnus.com
- Subject: Results for gcc-2.95 19990608 (prerelease) testsuite on sparc-sun-sunos4.1.3
- From: Alexandre Oliva <oliva@dcc.unicamp.br>
- Date: Mon, 14 Jun 1999 18:51:18 -0300 (EST)
Native configuration is sparc-sun-sunos4.1.3
=== g++ tests ===
Running target unix
FAIL: g++.brendan/asm-extn1.C caused compiler crash
FAIL: g++.ext/attrib5.C (test for excess errors)
FAIL: g++.law/profile1.C Execution test
FAIL: g++.mike/p9706.C Execution test
XPASS: g++.pt/instantiate6.C (test for excess errors)
FAIL: g++.pt/static3.C (test for excess errors)
FAIL: g++.pt/static6.C (test for excess errors)
=== g++ Summary ===
# of expected passes 5168
# of unexpected failures 6
# of unexpected successes 1
# of expected failures 81
# of untested testcases 10
/l/dsk01/temp/egcs/gcc/testsuite/../xgcc version gcc-2.95 19990608 (prerelease)
=== g77 tests ===
Running target unix
FAIL: g77.f-torture/compile/980310-3.f, -O2 -fomit-frame-pointer -finline-functions -funroll-loops
=== g77 Summary ===
# of expected passes 601
# of unexpected failures 1
=== gcc tests ===
Running target unix
FAIL: gcc.c-torture/execute/990513-1.c execution, -O2
FAIL: gcc.c-torture/execute/990513-1.c execution, -O3 -fomit-frame-pointer
FAIL: gcc.c-torture/execute/990513-1.c execution, -O3 -fomit-frame-pointer -funroll-loops
FAIL: gcc.c-torture/execute/990513-1.c execution, -O3 -fomit-frame-pointer -funroll-all-loops -finline-functions
FAIL: gcc.c-torture/execute/990513-1.c execution, -O3 -g
FAIL: gcc.c-torture/execute/990513-1.c execution, -Os
FAIL: gcc.c-torture/execute/loop-2f.c execution, -O0
FAIL: gcc.c-torture/execute/loop-2f.c execution, -O1
FAIL: gcc.c-torture/execute/loop-2f.c execution, -O2
FAIL: gcc.c-torture/execute/loop-2f.c execution, -O3 -fomit-frame-pointer
FAIL: gcc.c-torture/execute/loop-2f.c execution, -O3 -fomit-frame-pointer -funroll-loops
FAIL: gcc.c-torture/execute/loop-2f.c execution, -O3 -fomit-frame-pointer -funroll-all-loops -finline-functions
FAIL: gcc.c-torture/execute/loop-2f.c execution, -O3 -g
FAIL: gcc.c-torture/execute/loop-2f.c execution, -Os
FAIL: gcc.c-torture/execute/loop-2g.c execution, -O0
FAIL: gcc.c-torture/execute/loop-2g.c execution, -O1
FAIL: gcc.c-torture/execute/loop-2g.c execution, -O2
FAIL: gcc.c-torture/execute/loop-2g.c execution, -O3 -fomit-frame-pointer
FAIL: gcc.c-torture/execute/loop-2g.c execution, -O3 -fomit-frame-pointer -funroll-loops
FAIL: gcc.c-torture/execute/loop-2g.c execution, -O3 -fomit-frame-pointer -funroll-all-loops -finline-functions
FAIL: gcc.c-torture/execute/loop-2g.c execution, -O3 -g
FAIL: gcc.c-torture/execute/loop-2g.c execution, -Os
FAIL: gcc.c-torture/execute/memcpy-bi.c compilation, -O3 -fomit-frame-pointer
FAIL: gcc.c-torture/execute/memcpy-bi.c compilation, -O3 -fomit-frame-pointer -funroll-loops
FAIL: gcc.c-torture/execute/memcpy-bi.c compilation, -O3 -fomit-frame-pointer -funroll-all-loops -finline-functions
FAIL: gcc.c-torture/execute/memcpy-bi.c compilation, -O3 -g
FAIL: gcc.c-torture/execute/struct-ret-2.c compilation, -O1
FAIL: gcc.c-torture/execute/struct-ret-2.c compilation, -O2
FAIL: gcc.c-torture/execute/struct-ret-2.c compilation, -O3 -fomit-frame-pointer
FAIL: gcc.dg/990119-1.c execution test
FAIL: gcc.dg/cast-qual-1.c discarding `const' warning (test for bogus messages, line 11)
FAIL: gcc.dg/cast-qual-1.c discarding `const' warning (test for warnings, line 17)
FAIL: gcc.dg/compare1.c (test for excess errors)
FAIL: gcc.dg/special/weak-1.c (test for excess errors)
FAIL: gcc.dg/special/weak-2.c (test for excess errors)
FAIL: gcc.dg/special/alias-1.c (test for excess errors)
FAIL: gcc.dg/special/wkali-1.c (test for excess errors)
FAIL: wkali-2a.o
=== gcc Summary ===
# of expected passes 8076
# of unexpected failures 38
# of expected failures 31
# of unresolved testcases 7
# of unsupported tests 25
/l/dsk01/temp/egcs/gcc/xgcc version gcc-2.95 19990608 (prerelease)
=== libg++ tests ===
Running target unix
FAIL: tRational.cc execution
FAIL: tRandom.cc execution
=== libg++ Summary ===
# of expected passes 68
# of unexpected failures 2
# of expected failures 2
=== libio tests ===
Running target unix
=== libio Summary ===
# of expected passes 40
=== libstdc++ tests ===
Running target unix
FAIL: tcomplex.cc execution
FAIL: tcomplex.cc -O execution
=== libstdc++ Summary ===
# of expected passes 26
# of unexpected failures 2
# of expected failures 2
=== objc tests ===
Running target unix
=== objc Summary ===
# of expected passes 38
/l/dsk01/temp/egcs/gcc/xgcc version gcc-2.95 19990608 (prerelease)
Compiler version: gcc-2.95 19990608 (prerelease)
Platform: sparc-sun-sunos4.1.3
BOOT_CFLAGS: standard
Counting all warnings,
there are 31 warnings in stage3 of this bootstrap.
Number of warnings per file:
6 /home/phd/oliva/src/egcs/gcc/f/com.c
4 /home/phd/oliva/src/egcs/gcc/f/bad.c
3 /home/phd/oliva/src/egcs/gcc/f/target.c
3 /home/phd/oliva/src/egcs/gcc/f/stw.c
3 /home/phd/oliva/src/egcs/gcc/f/storag.c
3 /home/phd/oliva/src/egcs/gcc/f/intrin.c
2 cxxmain.c
2 /home/phd/oliva/src/egcs/gcc/f/src.c
2 /home/phd/oliva/src/egcs/gcc/f/lex.c
1 /home/phd/oliva/src/egcs/gcc/f/where.c
1 /home/phd/oliva/src/egcs/gcc/f/stb.c
1 /home/phd/oliva/src/egcs/gcc/f/parse.c
Number of warning types:
27 implicit declaration of function `???'
2 assignment discards qualifiers from pointer target type
1 unused parameter `???'
1 assignment from incompatible pointer type