This is the mail archive of the
egcs-testresults@egcs.cygnus.com
mailing list for the EGCS project.
Results for gcc-2.95 19990608 (prerelease) testsuite on i386-unknown-openbsd2.5
- To: egcs-testresults@egcs.cygnus.com
- Subject: Results for gcc-2.95 19990608 (prerelease) testsuite on i386-unknown-openbsd2.5
- From: Marc Espie <espie@tetto.liafa.jussieu.fr>
- Date: Wed, 9 Jun 1999 17:41:49 +0200 (CEST)
Native configuration is i386-unknown-openbsd2.5
=== libio tests ===
Running target unix
=== libio Summary ===
# of expected passes 40
=== libstdc++ tests ===
Running target unix
=== libstdc++ Summary ===
# of expected passes 30
=== gcc tests ===
Running target unix
FAIL: gcc.c-torture/execute/ieee/rbug.c execution, -O0
FAIL: gcc.c-torture/execute/ieee/rbug.c execution, -O1
FAIL: gcc.c-torture/execute/ieee/rbug.c execution, -O2
FAIL: gcc.c-torture/execute/ieee/rbug.c execution, -Os
FAIL: gcc.dg/980414-1.c (test for excess errors)
FAIL: gcc.dg/990119-1.c execution test
FAIL: gcc.dg/cast-qual-1.c discarding `const' warning (test for bogus messages, line 11)
FAIL: gcc.dg/cast-qual-1.c discarding `const' warning (test for warnings, line 17)
FAIL: gcc.dg/compare1.c (test for excess errors)
FAIL: gcc.dg/special/weak-1.c execution test
FAIL: gcc.dg/special/alias-1.c (test for excess errors)
FAIL: gcc.dg/special/wkali-1.c (test for excess errors)
FAIL: wkali-2a.o
=== gcc Summary ===
# of expected passes 8129
# of unexpected failures 13
# of expected failures 38
# of unsupported tests 12
/vbig/ports/lang/egcs-snapshot/work/build-i386/gcc/xgcc version gcc-2.95 19990608 (prerelease)
=== g++ tests ===
Running target unix
FAIL: g++.ext/attrib5.C (test for excess errors)
FAIL: g++.law/profile1.C (test for excess errors)
FAIL: g++.pt/instantiate4.C (test for excess errors)
=== g++ Summary ===
# of expected passes 5175
# of unexpected failures 3
# of expected failures 82
# of untested testcases 8
/vbig/ports/lang/egcs-snapshot/work/build-i386/gcc/testsuite/../xgcc version gcc-2.95 19990608 (prerelease)
=== g77 tests ===
Running target unix
FAIL: g77.f-torture/compile/19990502-0.f, -O2
FAIL: g77.f-torture/compile/19990502-0.f, -O2 -fomit-frame-pointer -finline-functions
FAIL: g77.f-torture/compile/19990502-0.f, -Os
=== g77 Summary ===
# of expected passes 599
# of unexpected failures 3
=== objc tests ===
Running target unix
=== objc Summary ===
# of expected passes 38
/vbig/ports/lang/egcs-snapshot/work/build-i386/gcc/xgcc version gcc-2.95 19990608 (prerelease)
Compiler version: gcc-2.95 19990608 (prerelease)
Platform: i386-unknown-openbsd2.5
configure flags: --with-gcc-version-trigger=/usr/ports/lang/egcs-snapshot/work/egcs-19990608/gcc/version.c --host=i386-unknown-openbsd2.5 --prefix=/usr/local --verbose --program-transform-name=s,^,e, --disable-subdir-texinfo --disable-nls --enable-cpp --with-gnu-as --with-gnu-ld --enable-shared --prefix=/usr/local --sysconfdir=/etc --norecursion