This is the mail archive of the
egcs-testresults@egcs.cygnus.com
mailing list for the EGCS project.
Results for gcc-2.95 19990602 (prerelease) testsuite on mips-sgi-irix6.3
- To: egcs-testresults@egcs.cygnus.com
- Subject: Results for gcc-2.95 19990602 (prerelease) testsuite on mips-sgi-irix6.3
- From: Alexandre Oliva <oliva@dcc.unicamp.br>
- Date: Thu, 3 Jun 1999 22:29:00 -0300 (EST)
Native configuration is mips-sgi-irix6.3
=== g++ tests ===
Running target unix
=== g++ Summary ===
=== g77 tests ===
Running target unix
=== g77 Summary ===
=== gcc tests ===
Running target unix
FAIL: gcc.c-torture/compile/920821-1.c, -O0
FAIL: gcc.c-torture/compile/921202-1.c, -O3 -fomit-frame-pointer
FAIL: gcc.c-torture/compile/921202-1.c, -O3 -fomit-frame-pointer -funroll-loops
FAIL: gcc.c-torture/compile/921202-1.c, -O3 -fomit-frame-pointer -funroll-all-loops -finline-functions
FAIL: gcc.c-torture/compile/921202-1.c, -O3 -g
FAIL: gcc.c-torture/compile/921202-1.c, -Os
=== gcc Summary ===
# of expected passes 666
# of unexpected failures 6
/tmp/egcs/gcc/xgcc version gcc-2.95 19990602 (prerelease)
=== libg++ tests ===
Running target unix
=== libg++ Summary ===
# of expected passes 72
=== libio tests ===
Running target unix
=== libio Summary ===
# of expected passes 40
=== libstdc++ tests ===
Running target unix
=== libstdc++ Summary ===
# of expected passes 30
=== objc tests ===
Running target unix
=== objc Summary ===
Compiler version: gcc-2.95 19990602 (prerelease)
Platform: mips-sgi-irix6.3
BOOT_CFLAGS: -g -O9 -W -Wall
Counting all warnings,
there are 191 warnings in stage3 of this bootstrap.
Number of warnings per file:
12 /home/msc/oliva/src/egcs/gcc/java/lex.c
11 ./parse.y
10 /home/msc/oliva/src/egcs/gcc/integrate.c
10 /home/msc/oliva/src/egcs/gcc/cse.c
8 /home/msc/oliva/src/egcs/gcc/reload1.c
8 /home/msc/oliva/src/egcs/gcc/config/mips/mips.c
7 /home/msc/oliva/src/egcs/gcc/varasm.c
7 /home/msc/oliva/src/egcs/gcc/combine.c
7 /home/msc/oliva/src/egcs/gcc/calls.c
6 cxxmain.c
6 /home/msc/oliva/src/egcs/gcc/unroll.c
6 /home/msc/oliva/src/egcs/gcc/reload.c
6 /home/msc/oliva/src/egcs/gcc/objc/objc-act.c
6 /home/msc/oliva/src/egcs/gcc/loop.c
6 /home/msc/oliva/src/egcs/gcc/java/expr.c
6 /home/msc/oliva/src/egcs/gcc/dwarf2out.c
5 /home/msc/oliva/src/egcs/gcc/java/jvspec.c
5 /home/msc/oliva/src/egcs/gcc/final.c
4 cexp.y
4 /home/msc/oliva/src/egcs/gcc/tlink.c
4 /home/msc/oliva/src/egcs/gcc/regmove.c
3 /home/msc/oliva/src/egcs/gcc/java/verify.c
3 /home/msc/oliva/src/egcs/gcc/genopinit.c
3 /home/msc/oliva/src/egcs/gcc/expr.c
2 insn-emit.c
2 insn-attrtab.c
2 /home/msc/oliva/src/egcs/gcc/sched.c
2 /home/msc/oliva/src/egcs/gcc/local-alloc.c
2 /home/msc/oliva/src/egcs/gcc/java/xref.c
2 /home/msc/oliva/src/egcs/gcc/java/class.c
2 /home/msc/oliva/src/egcs/gcc/fold-const.c
2 /home/msc/oliva/src/egcs/gcc/fix-header.c
2 /home/msc/oliva/src/egcs/gcc/alias.c
1 splay-tree.c
1 /home/msc/oliva/src/egcs/gcc/tree.c
1 /home/msc/oliva/src/egcs/gcc/stupid.c
1 /home/msc/oliva/src/egcs/gcc/stmt.c
1 /home/msc/oliva/src/egcs/gcc/scan-decls.c
1 /home/msc/oliva/src/egcs/gcc/rtl.c
1 /home/msc/oliva/src/egcs/gcc/regclass.c
1 /home/msc/oliva/src/egcs/gcc/java/jcf-write.c
1 /home/msc/oliva/src/egcs/gcc/java/jcf-dump.c
1 /home/msc/oliva/src/egcs/gcc/java/decl.c
1 /home/msc/oliva/src/egcs/gcc/hash.c
1 /home/msc/oliva/src/egcs/gcc/f/g77spec.c
1 /home/msc/oliva/src/egcs/gcc/f/com.c
1 /home/msc/oliva/src/egcs/gcc/explow.c
1 /home/msc/oliva/src/egcs/gcc/emit-rtl.c
1 /home/msc/oliva/src/egcs/gcc/cppspec.c
1 /home/msc/oliva/src/egcs/gcc/cp/expr.c
1 /home/msc/oliva/src/egcs/gcc/cp/decl.c
1 /home/msc/oliva/src/egcs/gcc/collect2.c
1 /home/msc/oliva/src/egcs/gcc/ch/expr.c
Number of warning types:
74 `???' might be used uninitialized in this function
46 comparison between signed and unsigned
42 unused parameter `???'
13 variable `???' might be clobbered by `longjmp' or `vfork'
8 unused variable `???'
4 control reaches end of non-void function
2 assignment discards qualifiers from pointer target type
1 missing initializer
1 (near initialization for `???')