This is the mail archive of the
egcs-testresults@egcs.cygnus.com
mailing list for the EGCS project.
Results for gcc-2.96 19990527 (experimental) testsuite on i686-pc-linux-gnulibc1
- To: egcs-testresults@egcs.cygnus.com
- Subject: Results for gcc-2.96 19990527 (experimental) testsuite on i686-pc-linux-gnulibc1
- From: Peter Schmid <schmid@snake.iap.physik.tu-darmstadt.de>
- Date: Thu, 27 May 1999 15:21:40 +0200
Native configuration is i686-pc-linux-gnulibc1
=== gcc tests ===
Running target unix
FAIL: gcc.c-torture/execute/ieee/980619-1.c execution, -O1
FAIL: gcc.c-torture/execute/ieee/980619-1.c execution, -O2
FAIL: gcc.c-torture/execute/ieee/980619-1.c execution, -O3 -fomit-frame-pointer
FAIL: gcc.c-torture/execute/ieee/980619-1.c execution, -O3 -fomit-frame-pointer -funroll-loops
FAIL: gcc.c-torture/execute/ieee/980619-1.c execution, -O3 -fomit-frame-pointer -funroll-all-loops -finline-functions
FAIL: gcc.c-torture/execute/ieee/980619-1.c execution, -O3 -g
FAIL: gcc.c-torture/execute/ieee/980619-1.c execution, -Os
FAIL: gcc.dg/990119-1.c execution test
FAIL: gcc.dg/cast-qual-1.c discarding `const' warning (test for bogus messages, line 11)
FAIL: gcc.dg/cast-qual-1.c discarding `const' warning (test for warnings, line 17)
FAIL: gcc.dg/compare1.c (test for excess errors)
FAIL: gcc.dg/noreturn-1.c detect falling off end of noreturn (test for warnings, line 9)
FAIL: gcc.dg/noreturn-1.c this function should not get any warnings (test for bogus messages, line 22)
FAIL: gcc.dg/return-type-1.c warning for falling off end of non-void function (test for warnings, line 9)
=== gcc Summary ===
# of expected passes 8206
# of unexpected failures 14
# of expected failures 31
# of unsupported tests 12
/home/schmid/trans/egcs/gcc/xgcc version gcc-2.96 19990527 (experimental)
=== g++ tests ===
Running target unix
FAIL: g++.ext/com1.C (test for excess errors)
FAIL: g++.ext/initp1.C Execution test
=== g++ Summary ===
# of expected passes 5207
# of unexpected failures 2
# of expected failures 80
# of untested testcases 7
/home/schmid/trans/egcs/gcc/testsuite/../xgcc version gcc-2.96 19990527 (experimental)
=== g77 tests ===
Running target unix
=== g77 Summary ===
# of expected passes 609
=== objc tests ===
Running target unix
=== objc Summary ===
# of expected passes 38
/home/schmid/trans/egcs/gcc/xgcc version gcc-2.96 19990527 (experimental)
=== libio tests ===
Running target unix
=== libio Summary ===
# of expected passes 40
=== libstdc++ tests ===
Running target unix
=== libstdc++ Summary ===
# of expected passes 30
Compiler version: gcc-2.96 19990527 (experimental)
Platform: i686-pc-linux-gnulibc1
configure flags: --with-gcc-version-trigger=/home/schmid/trans/egcs/gcc/version.c --host=i686-pc-linux-gnulibc1 --enable-shared --norecursion