This is the mail archive of the
egcs-testresults@egcs.cygnus.com
mailing list for the EGCS project.
Results for gcc-2.95 19990524 (prerelease) testsuite on powerpc-ibm-aix4.1.5.0
- To: egcs-testresults@egcs.cygnus.com
- Subject: Results for gcc-2.95 19990524 (prerelease) testsuite on powerpc-ibm-aix4.1.5.0
- From: Matthias Mueller <matthias@ica1.uni-stuttgart.de>
- Date: Thu, 27 May 1999 11:00:35 +0200
Native configuration is powerpc-ibm-aix4.1.5.0
=== libio tests ===
Running target unix
=== libio Summary ===
# of expected passes 40
=== libstdc++ tests ===
Running target unix
=== libstdc++ Summary ===
# of expected passes 30
=== gcc tests ===
Running target unix
FAIL: gcc.c-torture/compile/990519-1.c, -O1
FAIL: gcc.c-torture/compile/990519-1.c, -O2
FAIL: gcc.c-torture/compile/990519-1.c, -O3 -fomit-frame-pointer
FAIL: gcc.c-torture/compile/990519-1.c, -O3 -g
FAIL: gcc.c-torture/compile/990519-1.c, -Os
FAIL: gcc.c-torture/execute/921208-2.c compilation, -O1
FAIL: gcc.c-torture/execute/921208-2.c compilation, -O2
FAIL: gcc.c-torture/execute/921208-2.c compilation, -Os
FAIL: gcc.c-torture/execute/931004-12.c execution, -O0
FAIL: gcc.c-torture/execute/931004-12.c execution, -O1
FAIL: gcc.c-torture/execute/931004-12.c execution, -O2
FAIL: gcc.c-torture/execute/931004-12.c execution, -O3 -fomit-frame-pointer
FAIL: gcc.c-torture/execute/931004-12.c execution, -O3 -fomit-frame-pointer -funroll-loops
FAIL: gcc.c-torture/execute/931004-12.c execution, -O3 -fomit-frame-pointer -funroll-all-loops -finline-functions
FAIL: gcc.c-torture/execute/931004-12.c execution, -O3 -g
FAIL: gcc.c-torture/execute/931004-12.c execution, -Os
FAIL: gcc.c-torture/execute/complex-5.c execution, -O3 -fomit-frame-pointer
FAIL: gcc.c-torture/execute/complex-5.c execution, -O3 -g
XPASS: gcc.c-torture/execute/memcheck/blkarg.c execution, -O0
XPASS: gcc.c-torture/execute/memcheck/blkarg.c execution, -O1
XPASS: gcc.c-torture/execute/memcheck/blkarg.c execution, -O2
XPASS: gcc.c-torture/execute/memcheck/blkarg.c execution, -O3 -fomit-frame-pointer
XPASS: gcc.c-torture/execute/memcheck/blkarg.c execution, -O3 -g
XPASS: gcc.c-torture/execute/memcheck/blkarg.c execution, -Os
FAIL: gcc.dg/990119-1.c execution test
FAIL: gcc.dg/cast-qual-1.c discarding `const' warning (test for bogus messages, line 11)
FAIL: gcc.dg/cast-qual-1.c discarding `const' warning (test for warnings, line 17)
FAIL: gcc.dg/compare1.c (test for excess errors)
FAIL: gcc.dg/noreturn-1.c detect falling off end of noreturn (test for warnings, line 9)
FAIL: gcc.dg/noreturn-1.c this function should not get any warnings (test for bogus messages, line 22)
FAIL: gcc.dg/return-type-1.c warning for falling off end of non-void function (test for warnings, line 9)
=== gcc Summary ===
# of expected passes 8086
# of unexpected failures 25
# of unexpected successes 6
# of expected failures 25
# of unresolved testcases 3
# of unsupported tests 25
/tmp_mnt/data/video/matthias/IBM/gcc/xgcc version gcc-2.95 19990524 (prerelease)
=== g++ tests ===
Running target unix
FAIL: g++.ext/attrib5.C (test for excess errors)
FAIL: g++.jason/thunk2.C (test for excess errors)
FAIL: g++.jason/thunk3.C (test for excess errors)
FAIL: g++.mike/eh30.C (test for excess errors)
FAIL: g++.mike/p4750.C (test for excess errors)
XPASS: g++.pt/decl2.C ICE - (test for errors, line 8)
FAIL: g++.pt/instantiate4.C (test for excess errors)
FAIL: g++.pt/static3.C (test for excess errors)
FAIL: g++.pt/static6.C (test for excess errors)
FAIL: g++.pt/typename8.C (test for excess errors)
FAIL: g++.robertl/eb106.C (test for excess errors)
=== g++ Summary ===
# of expected passes 5165
# of unexpected failures 10
# of unexpected successes 1
# of expected failures 81
# of untested testcases 11
/tmp_mnt/data/video/matthias/IBM/gcc/testsuite/../xgcc version gcc-2.95 19990524 (prerelease)
=== g77 tests ===
Running target unix
=== g77 Summary ===
# of expected passes 604
=== objc tests ===
Running target unix
FAIL: objc/execute/bf-1.m compilation, -O
FAIL: objc/execute/bf-10.m compilation, -O
FAIL: objc/execute/bf-11.m compilation, -O
FAIL: objc/execute/bf-12.m compilation, -O
FAIL: objc/execute/bf-13.m compilation, -O
FAIL: objc/execute/bf-14.m compilation, -O
FAIL: objc/execute/bf-15.m compilation, -O
FAIL: objc/execute/bf-16.m compilation, -O
FAIL: objc/execute/bf-17.m compilation, -O
FAIL: objc/execute/bf-18.m compilation, -O
FAIL: objc/execute/bf-19.m compilation, -O
FAIL: objc/execute/bf-2.m compilation, -O
FAIL: objc/execute/bf-3.m compilation, -O
FAIL: objc/execute/bf-4.m compilation, -O
FAIL: objc/execute/bf-5.m compilation, -O
FAIL: objc/execute/bf-6.m compilation, -O
FAIL: objc/execute/bf-7.m compilation, -O
FAIL: objc/execute/bf-8.m compilation, -O
FAIL: objc/execute/bf-9.m compilation, -O
=== objc Summary ===
# of unexpected failures 19
# of untested testcases 19
/tmp_mnt/data/video/matthias/IBM/gcc/xgcc version gcc-2.95 19990524 (prerelease)
Compiler version: gcc-2.95 19990524 (prerelease)
Platform: powerpc-ibm-aix4.1.5.0
configure flags: --with-gcc-version-trigger=/data/video/matthias/egcs-19990524/gcc/version.c --host=powerpc-ibm-aix4.1.5.0 --prefix=/local/egcs-snapshot --norecursion
Counting all warnings,
there are 273 warnings in stage3 of this bootstrap.
Number of warnings per file:
86 ../../egcs-19990524/gcc/toplev.c
12 ../../../egcs-19990524/gcc/java/lex.c
11 ./parse.y
11 ../../egcs-19990524/gcc/reload1.c
11 ../../egcs-19990524/gcc/loop.c
10 ../../egcs-19990524/gcc/integrate.c
10 ../../egcs-19990524/gcc/cse.c
8 ../../egcs-19990524/gcc/reload.c
7 ../../egcs-19990524/gcc/combine.c
7 ../../egcs-19990524/gcc/calls.c
6 cxxmain.c
6 ../../egcs-19990524/gcc/varasm.c
6 ../../egcs-19990524/gcc/unroll.c
6 ../../egcs-19990524/gcc/objc/objc-act.c
5 ../../egcs-19990524/gcc/regmove.c
5 ../../egcs-19990524/gcc/java/jvspec.c
4 cexp.y
4 ../../egcs-19990524/gcc/tlink.c
4 ../../egcs-19990524/gcc/final.c
4 ../../egcs-19990524/gcc/collect2.c
4 ../../../egcs-19990524/gcc/java/expr.c
3 ../../egcs-19990524/gcc/genopinit.c
3 ../../egcs-19990524/gcc/expr.c
3 ../../egcs-19990524/gcc/cccp.c
3 ../../../egcs-19990524/gcc/java/verify.c
2 ../../egcs-19990524/gcc/local-alloc.c
2 ../../egcs-19990524/gcc/fold-const.c
2 ../../egcs-19990524/gcc/fix-header.c
2 ../../egcs-19990524/gcc/dbxout.c
2 ../../egcs-19990524/gcc/alias.c
2 ../../../egcs-19990524/gcc/java/xref.c
2 ../../../egcs-19990524/gcc/java/class.c
1 splay-tree.c
1 ../../egcs-19990524/gcc/tree.c
1 ../../egcs-19990524/gcc/stupid.c
1 ../../egcs-19990524/gcc/stmt.c
1 ../../egcs-19990524/gcc/scan-decls.c
1 ../../egcs-19990524/gcc/rtl.c
1 ../../egcs-19990524/gcc/regclass.c
1 ../../egcs-19990524/gcc/jump.c
1 ../../egcs-19990524/gcc/hash.c
1 ../../egcs-19990524/gcc/gcov-io.h
1 ../../egcs-19990524/gcc/f/g77spec.c
1 ../../egcs-19990524/gcc/explow.c
1 ../../egcs-19990524/gcc/emit-rtl.c
1 ../../egcs-19990524/gcc/cppspec.c
1 ../../egcs-19990524/gcc/config/rs6000/rs6000.c
1 ../../../egcs-19990524/gcc/java/decl.c
1 ../../../egcs-19990524/gcc/f/com.c
1 ../../../egcs-19990524/gcc/cp/expr.c
1 ../../../egcs-19990524/gcc/cp/decl.c
1 ../../../egcs-19990524/gcc/ch/expr.c
Number of warning types:
75 `???' might be used uninitialized in this function
44 missing initializer
44 (near initialization for `???')
43 comparison between signed and unsigned
38 unused parameter `???'
12 variable `???' might be clobbered by `longjmp' or `vfork'
12 unused variable `???'
2 implicit declaration of function `???'
2 assignment discards qualifiers from pointer target type
1 `???' defined but not used