This is the mail archive of the
egcs-testresults@egcs.cygnus.com
mailing list for the EGCS project.
Results for haifa-enabled gcc-2.95 19990524 (prerelease) testsuite on rs6000-ibm-aix4.1.5.0
- To: egcs-testresults@egcs.cygnus.com
- Subject: Results for haifa-enabled gcc-2.95 19990524 (prerelease) testsuite on rs6000-ibm-aix4.1.5.0
- From: "David W. Schuler" <schuld@btv.ibm.com>
- Date: Wed, 26 May 1999 12:57:01 -0400
Native configuration is rs6000-ibm-aix4.1.5.0
=== libio tests ===
Running target unix
=== libio Summary ===
# of expected passes 40
=== libstdc++ tests ===
Running target unix
=== libstdc++ Summary ===
# of expected passes 30
=== gcc tests ===
Running target unix
FAIL: gcc.c-torture/compile/990519-1.c, -O1
FAIL: gcc.c-torture/compile/990519-1.c, -O2
FAIL: gcc.c-torture/compile/990519-1.c, -O3 -fomit-frame-pointer
FAIL: gcc.c-torture/compile/990519-1.c, -O3 -g
FAIL: gcc.c-torture/compile/990519-1.c, -Os
FAIL: gcc.c-torture/execute/921208-2.c compilation, -O1
FAIL: gcc.c-torture/execute/921208-2.c compilation, -O2
FAIL: gcc.c-torture/execute/921208-2.c compilation, -Os
FAIL: gcc.c-torture/execute/931004-12.c execution, -O0
FAIL: gcc.c-torture/execute/931004-12.c execution, -O1
FAIL: gcc.c-torture/execute/931004-12.c execution, -O2
FAIL: gcc.c-torture/execute/931004-12.c execution, -O3 -fomit-frame-pointer
FAIL: gcc.c-torture/execute/931004-12.c execution, -O3 -fomit-frame-pointer -funroll-loops
FAIL: gcc.c-torture/execute/931004-12.c execution, -O3 -fomit-frame-pointer -funroll-all-loops -finline-functions
FAIL: gcc.c-torture/execute/931004-12.c execution, -O3 -g
FAIL: gcc.c-torture/execute/931004-12.c execution, -Os
FAIL: gcc.c-torture/execute/complex-5.c execution, -O3 -fomit-frame-pointer
FAIL: gcc.c-torture/execute/complex-5.c execution, -O3 -g
XPASS: gcc.c-torture/execute/memcheck/blkarg.c execution, -O0
XPASS: gcc.c-torture/execute/memcheck/blkarg.c execution, -O1
XPASS: gcc.c-torture/execute/memcheck/blkarg.c execution, -O2
XPASS: gcc.c-torture/execute/memcheck/blkarg.c execution, -O3 -fomit-frame-pointer
XPASS: gcc.c-torture/execute/memcheck/blkarg.c execution, -O3 -g
XPASS: gcc.c-torture/execute/memcheck/blkarg.c execution, -Os
FAIL: gcc.dg/990119-1.c execution test
FAIL: gcc.dg/cast-qual-1.c discarding `const' warning (test for bogus messages, line 11)
FAIL: gcc.dg/cast-qual-1.c discarding `const' warning (test for warnings, line 17)
FAIL: gcc.dg/compare1.c (test for excess errors)
FAIL: gcc.dg/noreturn-1.c detect falling off end of noreturn (test for warnings, line 9)
FAIL: gcc.dg/noreturn-1.c this function should not get any warnings (test for bogus messages, line 22)
FAIL: gcc.dg/return-type-1.c warning for falling off end of non-void function (test for warnings, line 9)
FAIL: gcc.dg/special/alias-1.c (test for excess errors)
FAIL: gcc.dg/special/wkali-1.c (test for excess errors)
=== gcc Summary ===
# of expected passes 8073
# of unexpected failures 27
# of unexpected successes 6
# of expected failures 19
# of unresolved testcases 3
# of unsupported tests 28
/usr/local/x86srvr1/WORKSPACE5/schuld/EGCS/egcs-19990524-aix41/gcc/xgcc version gcc-2.95 19990524 (prerelease)
=== g++ tests ===
Running target unix
FAIL: g++.ext/attrib5.C (test for excess errors)
FAIL: g++.jason/thunk2.C (test for excess errors)
FAIL: g++.law/profile1.C (test for excess errors)
FAIL: g++.mike/eh30.C (test for excess errors)
FAIL: g++.mike/p4750.C (test for excess errors)
XPASS: g++.pt/decl2.C ICE - (test for errors, line 8)
FAIL: g++.pt/instantiate4.C (test for excess errors)
FAIL: g++.pt/static3.C (test for excess errors)
FAIL: g++.pt/static6.C (test for excess errors)
FAIL: g++.pt/typename8.C (test for excess errors)
FAIL: g++.robertl/eb106.C (test for excess errors)
=== g++ Summary ===
# of expected passes 5163
# of unexpected failures 10
# of unexpected successes 1
# of expected failures 83
# of untested testcases 11
/usr/local/x86srvr1/WORKSPACE5/schuld/EGCS/egcs-19990524-aix41/gcc/testsuite/../xgcc version gcc-2.95 19990524 (prerelease)
=== g77 tests ===
Running target unix
=== g77 Summary ===
# of expected passes 604
=== objc tests ===
Running target unix
FAIL: objc/execute/bf-1.m compilation, -O
FAIL: objc/execute/bf-10.m compilation, -O
FAIL: objc/execute/bf-11.m compilation, -O
FAIL: objc/execute/bf-12.m compilation, -O
FAIL: objc/execute/bf-13.m compilation, -O
FAIL: objc/execute/bf-14.m compilation, -O
FAIL: objc/execute/bf-15.m compilation, -O
FAIL: objc/execute/bf-16.m compilation, -O
FAIL: objc/execute/bf-17.m compilation, -O
FAIL: objc/execute/bf-18.m compilation, -O
FAIL: objc/execute/bf-19.m compilation, -O
FAIL: objc/execute/bf-2.m compilation, -O
FAIL: objc/execute/bf-3.m compilation, -O
FAIL: objc/execute/bf-4.m compilation, -O
FAIL: objc/execute/bf-5.m compilation, -O
FAIL: objc/execute/bf-6.m compilation, -O
FAIL: objc/execute/bf-7.m compilation, -O
FAIL: objc/execute/bf-8.m compilation, -O
FAIL: objc/execute/bf-9.m compilation, -O
=== objc Summary ===
# of unexpected failures 19
# of untested testcases 19
/usr/local/x86srvr1/WORKSPACE5/schuld/EGCS/egcs-19990524-aix41/gcc/xgcc version gcc-2.95 19990524 (prerelease)
Compiler version: haifa-enabled gcc-2.95 19990524 (prerelease)
Platform: rs6000-ibm-aix4.1.5.0
configure flags: --with-gcc-version-trigger=/usr/local/x86srvr1/WORKSPACE5/schuld/EGCS/egcs/gcc/version.c --host=rs6000-ibm-aix4.1.5.0 --prefix=/afs/btv.ibm.com/data/n37v/software/gnu-aix41/egcs --with-cpu=common --enable-haifa --enable-multilib --norecursion
Counting all warnings,
there are 273 warnings in stage3 of this bootstrap.
Number of warnings per file:
86 ../../egcs/gcc/toplev.c
12 ../../../egcs/gcc/java/lex.c
11 ./parse.y
11 ../../egcs/gcc/reload1.c
11 ../../egcs/gcc/loop.c
10 ../../egcs/gcc/integrate.c
10 ../../egcs/gcc/cse.c
8 ../../egcs/gcc/reload.c
7 ../../egcs/gcc/combine.c
7 ../../egcs/gcc/calls.c
6 cxxmain.c
6 ../../egcs/gcc/varasm.c
6 ../../egcs/gcc/unroll.c
6 ../../egcs/gcc/objc/objc-act.c
5 ../../egcs/gcc/regmove.c
5 ../../egcs/gcc/java/jvspec.c
4 cexp.y
4 ../../egcs/gcc/tlink.c
4 ../../egcs/gcc/final.c
4 ../../egcs/gcc/collect2.c
4 ../../../egcs/gcc/java/expr.c
3 ../../egcs/gcc/genopinit.c
3 ../../egcs/gcc/expr.c
3 ../../egcs/gcc/cccp.c
3 ../../../egcs/gcc/java/verify.c
2 ../../egcs/gcc/local-alloc.c
2 ../../egcs/gcc/fold-const.c
2 ../../egcs/gcc/fix-header.c
2 ../../egcs/gcc/dbxout.c
2 ../../egcs/gcc/alias.c
2 ../../../egcs/gcc/java/xref.c
2 ../../../egcs/gcc/java/class.c
1 splay-tree.c
1 ../../egcs/gcc/tree.c
1 ../../egcs/gcc/stupid.c
1 ../../egcs/gcc/stmt.c
1 ../../egcs/gcc/scan-decls.c
1 ../../egcs/gcc/rtl.c
1 ../../egcs/gcc/regclass.c
1 ../../egcs/gcc/jump.c
1 ../../egcs/gcc/hash.c
1 ../../egcs/gcc/gcov-io.h
1 ../../egcs/gcc/f/g77spec.c
1 ../../egcs/gcc/explow.c
1 ../../egcs/gcc/emit-rtl.c
1 ../../egcs/gcc/cppspec.c
1 ../../egcs/gcc/config/rs6000/rs6000.c
1 ../../../egcs/gcc/java/decl.c
1 ../../../egcs/gcc/f/com.c
1 ../../../egcs/gcc/cp/expr.c
1 ../../../egcs/gcc/cp/decl.c
1 ../../../egcs/gcc/ch/expr.c
Number of warning types:
75 ??? might be used uninitialized in this function
44 missing initializer
44 (near initialization for ???)
43 comparison between signed and unsigned
38 unused parameter ???
12 variable ??? might be clobbered by longjmp or vfork
12 unused variable ???
2 implicit declaration of function ???
2 assignment discards qualifiers from pointer target type
1 ??? defined but not used