This is the mail archive of the
egcs-testresults@egcs.cygnus.com
mailing list for the EGCS project.
Results for gcc-2.95 19990524 (prerelease) testsuite on i686-redhat6.0-linux-gnu
- To: egcs-testresults@egcs.cygnus.com
- Subject: Results for gcc-2.95 19990524 (prerelease) testsuite on i686-redhat6.0-linux-gnu
- From: Christian Jönsson FOA 72 <chj@lin.foa.se>
- Date: Wed, 26 May 1999 08:20:57 +0200
Native configuration is i686-redhat6.0-linux-gnu
=== libio tests ===
Running target unix/-fPIC
=== libio Summary for unix/-fPIC ===
# of expected passes 40
Running target unix/-fpic
=== libio Summary for unix/-fpic ===
# of expected passes 40
Running target unix
=== libio Summary for unix ===
# of expected passes 40
=== libio Summary ===
# of expected passes 120
=== libstdc++ tests ===
Running target unix/-fPIC
=== libstdc++ Summary for unix/-fPIC ===
# of expected passes 30
Running target unix/-fpic
=== libstdc++ Summary for unix/-fpic ===
# of expected passes 30
Running target unix
=== libstdc++ Summary for unix ===
# of expected passes 30
=== libstdc++ Summary ===
# of expected passes 90
=== libg++ tests ===
Running target unix/-fPIC
=== libg++ Summary for unix/-fPIC ===
# of expected passes 72
Running target unix/-fpic
=== libg++ Summary for unix/-fpic ===
# of expected passes 72
Running target unix
=== libg++ Summary for unix ===
# of expected passes 72
=== libg++ Summary ===
# of expected passes 216
=== gcc tests ===
Running target unix/-fPIC
FAIL: gcc.c-torture/compile/990519-1.c, -O1
FAIL: gcc.c-torture/compile/990519-1.c, -O2
FAIL: gcc.c-torture/compile/990519-1.c, -O3 -fomit-frame-pointer
FAIL: gcc.c-torture/compile/990519-1.c, -O3 -g
FAIL: gcc.c-torture/compile/990519-1.c, -Os
FAIL: gcc.c-torture/execute/990127-2.c execution, -O3 -fomit-frame-pointer
FAIL: gcc.c-torture/execute/990127-2.c execution, -O3 -g
FAIL: gcc.c-torture/execute/conversion.c execution, -O3 -fomit-frame-pointer
FAIL: gcc.c-torture/execute/conversion.c execution, -O3 -g
FAIL: gcc.dg/990119-1.c execution test
FAIL: gcc.dg/cast-qual-1.c discarding \`const' warning (test for bogus messages, line 11)
FAIL: gcc.dg/cast-qual-1.c discarding \`const' warning (test for warnings, line 17)
FAIL: gcc.dg/compare1.c (test for excess errors)
FAIL: gcc.dg/noreturn-1.c detect falling off end of noreturn (test for warnings, line 9)
FAIL: gcc.dg/noreturn-1.c this function should not get any warnings (test for bogus messages, line 22)
FAIL: gcc.dg/return-type-1.c warning for falling off end of non-void function (test for warnings, line 9)
=== gcc Summary for unix/-fPIC ===
# of expected passes 8128
# of unexpected failures 16
# of expected failures 38
# of unsupported tests 13
Running target unix/-fpic
FAIL: gcc.c-torture/compile/990519-1.c, -O1
FAIL: gcc.c-torture/compile/990519-1.c, -O2
FAIL: gcc.c-torture/compile/990519-1.c, -O3 -fomit-frame-pointer
FAIL: gcc.c-torture/compile/990519-1.c, -O3 -g
FAIL: gcc.c-torture/compile/990519-1.c, -Os
FAIL: gcc.c-torture/execute/990127-2.c execution, -O3 -fomit-frame-pointer
FAIL: gcc.c-torture/execute/990127-2.c execution, -O3 -g
FAIL: gcc.c-torture/execute/conversion.c execution, -O3 -fomit-frame-pointer
FAIL: gcc.c-torture/execute/conversion.c execution, -O3 -g
FAIL: gcc.dg/990119-1.c execution test
FAIL: gcc.dg/cast-qual-1.c discarding \`const' warning (test for bogus messages, line 11)
FAIL: gcc.dg/cast-qual-1.c discarding \`const' warning (test for warnings, line 17)
FAIL: gcc.dg/compare1.c (test for excess errors)
FAIL: gcc.dg/noreturn-1.c detect falling off end of noreturn (test for warnings, line 9)
FAIL: gcc.dg/noreturn-1.c this function should not get any warnings (test for bogus messages, line 22)
FAIL: gcc.dg/return-type-1.c warning for falling off end of non-void function (test for warnings, line 9)
=== gcc Summary for unix/-fpic ===
# of expected passes 8128
# of unexpected failures 16
# of expected failures 38
# of unsupported tests 13
Running target unix
FAIL: gcc.c-torture/compile/990519-1.c, -O1
FAIL: gcc.c-torture/compile/990519-1.c, -O2
FAIL: gcc.c-torture/compile/990519-1.c, -O3 -fomit-frame-pointer
FAIL: gcc.c-torture/compile/990519-1.c, -O3 -g
FAIL: gcc.c-torture/compile/990519-1.c, -Os
FAIL: gcc.dg/990119-1.c execution test
FAIL: gcc.dg/cast-qual-1.c discarding \`const' warning (test for bogus messages, line 11)
FAIL: gcc.dg/cast-qual-1.c discarding \`const' warning (test for warnings, line 17)
FAIL: gcc.dg/compare1.c (test for excess errors)
FAIL: gcc.dg/noreturn-1.c detect falling off end of noreturn (test for warnings, line 9)
FAIL: gcc.dg/noreturn-1.c this function should not get any warnings (test for bogus messages, line 22)
FAIL: gcc.dg/return-type-1.c warning for falling off end of non-void function (test for warnings, line 9)
FAIL: gcc.dg/special/weak-1.c execution test
=== gcc Summary for unix ===
# of expected passes 8131
# of unexpected failures 13
# of expected failures 38
# of unsupported tests 13
=== gcc Summary ===
# of expected passes 24387
# of unexpected failures 45
# of expected failures 114
# of unsupported tests 39
/usr/local/src/objdir-egcs-19990524/gcc/xgcc version gcc-2.95 19990524 (prerelease)
=== g++ tests ===
Running target unix/-fPIC
FAIL: g++.dg/special/conpr-1.C execution test
FAIL: g++.dg/special/conpr-2.C execution test
FAIL: g++.dg/special/conpr-3.C execution test
FAIL: g++.dg/special/conpr-3.C execution test
=== g++ Summary for unix/-fPIC ===
# of expected passes 5176
# of unexpected failures 4
# of expected failures 81
# of untested testcases 7
Running target unix/-fpic
FAIL: g++.dg/special/conpr-1.C execution test
FAIL: g++.dg/special/conpr-2.C execution test
FAIL: g++.dg/special/conpr-3.C execution test
FAIL: g++.dg/special/conpr-3.C execution test
=== g++ Summary for unix/-fpic ===
# of expected passes 5176
# of unexpected failures 4
# of expected failures 81
# of untested testcases 7
Running target unix
FAIL: g++.dg/special/conpr-1.C execution test
FAIL: g++.dg/special/conpr-2.C execution test
FAIL: g++.dg/special/conpr-3.C execution test
FAIL: g++.dg/special/conpr-3.C execution test
=== g++ Summary for unix ===
# of expected passes 5176
# of unexpected failures 4
# of expected failures 81
# of untested testcases 7
=== g++ Summary ===
# of expected passes 15528
# of unexpected failures 12
# of expected failures 243
# of untested testcases 21
/usr/local/src/objdir-egcs-19990524/gcc/testsuite/../xgcc version gcc-2.95 19990524 (prerelease)
=== g77 tests ===
Running target unix/-fPIC
=== g77 Summary for unix/-fPIC ===
# of expected passes 604
Running target unix/-fpic
=== g77 Summary for unix/-fpic ===
# of expected passes 604
Running target unix
=== g77 Summary for unix ===
# of expected passes 604
=== g77 Summary ===
# of expected passes 1812
=== objc tests ===
Running target unix/-fPIC
FAIL: objc/execute/bf-1.m compilation, -O
FAIL: objc/execute/bf-10.m compilation, -O
FAIL: objc/execute/bf-11.m compilation, -O
FAIL: objc/execute/bf-12.m compilation, -O
FAIL: objc/execute/bf-13.m compilation, -O
FAIL: objc/execute/bf-14.m compilation, -O
FAIL: objc/execute/bf-15.m compilation, -O
FAIL: objc/execute/bf-16.m compilation, -O
FAIL: objc/execute/bf-17.m compilation, -O
FAIL: objc/execute/bf-18.m compilation, -O
FAIL: objc/execute/bf-19.m compilation, -O
FAIL: objc/execute/bf-2.m compilation, -O
FAIL: objc/execute/bf-3.m compilation, -O
FAIL: objc/execute/bf-4.m compilation, -O
FAIL: objc/execute/bf-5.m compilation, -O
FAIL: objc/execute/bf-6.m compilation, -O
FAIL: objc/execute/bf-7.m compilation, -O
FAIL: objc/execute/bf-8.m compilation, -O
FAIL: objc/execute/bf-9.m compilation, -O
=== objc Summary for unix/-fPIC ===
# of unexpected failures 19
# of untested testcases 19
Running target unix/-fpic
FAIL: objc/execute/bf-1.m compilation, -O
FAIL: objc/execute/bf-10.m compilation, -O
FAIL: objc/execute/bf-11.m compilation, -O
FAIL: objc/execute/bf-12.m compilation, -O
FAIL: objc/execute/bf-13.m compilation, -O
FAIL: objc/execute/bf-14.m compilation, -O
FAIL: objc/execute/bf-15.m compilation, -O
FAIL: objc/execute/bf-16.m compilation, -O
FAIL: objc/execute/bf-17.m compilation, -O
FAIL: objc/execute/bf-18.m compilation, -O
FAIL: objc/execute/bf-19.m compilation, -O
FAIL: objc/execute/bf-2.m compilation, -O
FAIL: objc/execute/bf-3.m compilation, -O
FAIL: objc/execute/bf-4.m compilation, -O
FAIL: objc/execute/bf-5.m compilation, -O
FAIL: objc/execute/bf-6.m compilation, -O
FAIL: objc/execute/bf-7.m compilation, -O
FAIL: objc/execute/bf-8.m compilation, -O
FAIL: objc/execute/bf-9.m compilation, -O
=== objc Summary for unix/-fpic ===
# of unexpected failures 19
# of untested testcases 19
Running target unix
FAIL: objc/execute/bf-1.m compilation, -O
FAIL: objc/execute/bf-10.m compilation, -O
FAIL: objc/execute/bf-11.m compilation, -O
FAIL: objc/execute/bf-12.m compilation, -O
FAIL: objc/execute/bf-13.m compilation, -O
FAIL: objc/execute/bf-14.m compilation, -O
FAIL: objc/execute/bf-15.m compilation, -O
FAIL: objc/execute/bf-16.m compilation, -O
FAIL: objc/execute/bf-17.m compilation, -O
FAIL: objc/execute/bf-18.m compilation, -O
FAIL: objc/execute/bf-19.m compilation, -O
FAIL: objc/execute/bf-2.m compilation, -O
FAIL: objc/execute/bf-3.m compilation, -O
FAIL: objc/execute/bf-4.m compilation, -O
FAIL: objc/execute/bf-5.m compilation, -O
FAIL: objc/execute/bf-6.m compilation, -O
FAIL: objc/execute/bf-7.m compilation, -O
FAIL: objc/execute/bf-8.m compilation, -O
FAIL: objc/execute/bf-9.m compilation, -O
=== objc Summary for unix ===
# of unexpected failures 19
# of untested testcases 19
=== objc Summary ===
# of unexpected failures 57
# of untested testcases 57
/usr/local/src/objdir-egcs-19990524/gcc/xgcc version gcc-2.95 19990524 (prerelease)
=== libio tests ===
Running target unix/-fPIC
=== libio Summary for unix/-fPIC ===
# of expected passes 40
Running target unix/-fpic
=== libio Summary for unix/-fpic ===
# of expected passes 40
Running target unix
=== libio Summary for unix ===
# of expected passes 40
=== libio Summary ===
# of expected passes 120
=== libstdc++ tests ===
Running target unix/-fPIC
=== libstdc++ Summary for unix/-fPIC ===
# of expected passes 30
Running target unix/-fpic
=== libstdc++ Summary for unix/-fpic ===
# of expected passes 30
Running target unix
=== libstdc++ Summary for unix ===
# of expected passes 30
=== libstdc++ Summary ===
# of expected passes 90
=== libg++ tests ===
Running target unix/-fPIC
=== libg++ Summary for unix/-fPIC ===
# of expected passes 72
Running target unix/-fpic
=== libg++ Summary for unix/-fpic ===
# of expected passes 72
Running target unix
=== libg++ Summary for unix ===
# of expected passes 72
=== libg++ Summary ===
# of expected passes 216
=== gcc tests ===
Running target unix/-fPIC
FAIL: gcc.c-torture/compile/990519-1.c, -O1
FAIL: gcc.c-torture/compile/990519-1.c, -O2
FAIL: gcc.c-torture/compile/990519-1.c, -O3 -fomit-frame-pointer
FAIL: gcc.c-torture/compile/990519-1.c, -O3 -g
FAIL: gcc.c-torture/compile/990519-1.c, -Os
FAIL: gcc.c-torture/execute/990127-2.c execution, -O3 -fomit-frame-pointer
FAIL: gcc.c-torture/execute/990127-2.c execution, -O3 -g
FAIL: gcc.c-torture/execute/conversion.c execution, -O3 -fomit-frame-pointer
FAIL: gcc.c-torture/execute/conversion.c execution, -O3 -g
FAIL: gcc.dg/990119-1.c execution test
FAIL: gcc.dg/cast-qual-1.c discarding \\\`const' warning (test for bogus messages, line 11)
FAIL: gcc.dg/cast-qual-1.c discarding \\\`const' warning (test for warnings, line 17)
FAIL: gcc.dg/compare1.c (test for excess errors)
FAIL: gcc.dg/noreturn-1.c detect falling off end of noreturn (test for warnings, line 9)
FAIL: gcc.dg/noreturn-1.c this function should not get any warnings (test for bogus messages, line 22)
FAIL: gcc.dg/return-type-1.c warning for falling off end of non-void function (test for warnings, line 9)
=== gcc Summary for unix/-fPIC ===
# of expected passes 8128
# of unexpected failures 16
# of expected failures 38
# of unsupported tests 13
Running target unix/-fpic
FAIL: gcc.c-torture/compile/990519-1.c, -O1
FAIL: gcc.c-torture/compile/990519-1.c, -O2
FAIL: gcc.c-torture/compile/990519-1.c, -O3 -fomit-frame-pointer
FAIL: gcc.c-torture/compile/990519-1.c, -O3 -g
FAIL: gcc.c-torture/compile/990519-1.c, -Os
FAIL: gcc.c-torture/execute/990127-2.c execution, -O3 -fomit-frame-pointer
FAIL: gcc.c-torture/execute/990127-2.c execution, -O3 -g
FAIL: gcc.c-torture/execute/conversion.c execution, -O3 -fomit-frame-pointer
FAIL: gcc.c-torture/execute/conversion.c execution, -O3 -g
FAIL: gcc.dg/990119-1.c execution test
FAIL: gcc.dg/cast-qual-1.c discarding \\\`const' warning (test for bogus messages, line 11)
FAIL: gcc.dg/cast-qual-1.c discarding \\\`const' warning (test for warnings, line 17)
FAIL: gcc.dg/compare1.c (test for excess errors)
FAIL: gcc.dg/noreturn-1.c detect falling off end of noreturn (test for warnings, line 9)
FAIL: gcc.dg/noreturn-1.c this function should not get any warnings (test for bogus messages, line 22)
FAIL: gcc.dg/return-type-1.c warning for falling off end of non-void function (test for warnings, line 9)
=== gcc Summary for unix/-fpic ===
# of expected passes 8128
# of unexpected failures 16
# of expected failures 38
# of unsupported tests 13
Running target unix
FAIL: gcc.c-torture/compile/990519-1.c, -O1
FAIL: gcc.c-torture/compile/990519-1.c, -O2
FAIL: gcc.c-torture/compile/990519-1.c, -O3 -fomit-frame-pointer
FAIL: gcc.c-torture/compile/990519-1.c, -O3 -g
FAIL: gcc.c-torture/compile/990519-1.c, -Os
FAIL: gcc.dg/990119-1.c execution test
FAIL: gcc.dg/cast-qual-1.c discarding \\\`const' warning (test for bogus messages, line 11)
FAIL: gcc.dg/c
Compiler version: gcc-2.95 19990524 (prerelease)
Platform: i686-redhat6.0-linux-gnu
configure flags: --with-gcc-version-trigger=/usr/local/src/egcs-19990524/gcc/version.c --host=i686-redhat6.0-linux-gnu --enable-threads --norecursion
Counting all warnings,
there are 200 warnings in stage3 of this bootstrap.
Number of warnings per file:
12 ../../../egcs-19990524/gcc/java/lex.c
11 ./parse.y
10 ../../egcs-19990524/gcc/toplev.c
10 ../../egcs-19990524/gcc/integrate.c
9 ../../egcs-19990524/gcc/reload1.c
9 ../../egcs-19990524/gcc/cse.c
8 ../../egcs-19990524/gcc/final.c
7 ../../egcs-19990524/gcc/reload.c
7 ../../egcs-19990524/gcc/combine.c
6 cxxmain.c
6 ../../egcs-19990524/gcc/varasm.c
6 ../../egcs-19990524/gcc/unroll.c
6 ../../egcs-19990524/gcc/reg-stack.c
6 ../../egcs-19990524/gcc/objc/objc-act.c
6 ../../egcs-19990524/gcc/loop.c
6 ../../egcs-19990524/gcc/dwarf2out.c
5 ../../egcs-19990524/gcc/java/jvspec.c
4 cexp.y
4 ../../egcs-19990524/gcc/tlink.c
4 ../../egcs-19990524/gcc/regclass.c
4 ../../../egcs-19990524/gcc/java/expr.c
3 insn-emit.c
3 ../../egcs-19990524/gcc/sched.c
3 ../../egcs-19990524/gcc/regmove.c
3 ../../egcs-19990524/gcc/genopinit.c
3 ../../egcs-19990524/gcc/cccp.c
3 ../../../egcs-19990524/gcc/java/verify.c
2 insn-recog.c
2 insn-output.c
2 ../../egcs-19990524/gcc/protoize.c
2 ../../egcs-19990524/gcc/local-alloc.c
2 ../../egcs-19990524/gcc/fold-const.c
2 ../../egcs-19990524/gcc/expr.c
2 ../../egcs-19990524/gcc/dbxout.c
2 ../../egcs-19990524/gcc/collect2.c
2 ../../../egcs-19990524/gcc/java/xref.c
2 ../../../egcs-19990524/gcc/java/class.c
1 splay-tree.c
1 ../../egcs-19990524/gcc/tree.c
1 ../../egcs-19990524/gcc/stupid.c
1 ../../egcs-19990524/gcc/stmt.c
1 ../../egcs-19990524/gcc/rtl.c
1 ../../egcs-19990524/gcc/recog.c
1 ../../egcs-19990524/gcc/print-rtl.c
1 ../../egcs-19990524/gcc/hash.c
1 ../../egcs-19990524/gcc/gcov-io.h
1 ../../egcs-19990524/gcc/f/g77spec.c
1 ../../egcs-19990524/gcc/crtstuff.c
1 ../../egcs-19990524/gcc/cppspec.c
1 ../../egcs-19990524/gcc/config/i386/i386.c
1 ../../../egcs-19990524/gcc/java/decl.c
1 ../../../egcs-19990524/gcc/f/com.c
1 ../../../egcs-19990524/gcc/cp/decl.c
Number of warning types:
69 \`???' might be used uninitialized in this function
43 unused parameter \`???'
33 comparison between signed and unsigned
14 variable \`???' might be clobbered by \`longjmp' or \`vfork'
14 implicit declaration of function \`???'
9 unused variable \`???'
9 initialization from incompatible pointer type
2 zero-length format string
2 assignment discards qualifiers from pointer target type
2 \`???' defined but not used
1 passing arg ??? of \`???' from incompatible pointer type
1 missing initializer
1 (near initialization for \`???')