This is the mail archive of the
egcs-testresults@egcs.cygnus.com
mailing list for the EGCS project.
Results for gcc-2.96 19990524 (experimental) testsuite on hppa1.1-hp-hpux9.01
- To: dave@hiauly1.hia.nrc.ca, egcs-testresults@egcs.cygnus.com
- Subject: Results for gcc-2.96 19990524 (experimental) testsuite on hppa1.1-hp-hpux9.01
- From: John David Anglin <dave@hiauly1.hia.nrc.ca>
- Date: Tue, 25 May 1999 16:25:51 -0400 (EDT)
Native configuration is hppa1.1-hp-hpux9.01
=== libio tests ===
Running target unix
FAIL: tFile.cc execution
FAIL: tFile.cc execution -b0
FAIL: tFile.cc execution -b3
FAIL: tiomisc.cc execution
=== libio Summary ===
# of expected passes 32
# of unexpected failures 4
# of expected failures 4
=== libstdc++ tests ===
Running target unix
=== libstdc++ Summary ===
# of expected passes 30
=== libg++ tests ===
Running target unix
FAIL: tFile.cc execution
=== libg++ Summary ===
# of expected passes 70
# of unexpected failures 1
# of expected failures 1
=== gcc tests ===
Running target unix
FAIL: gcc.c-torture/compile/990519-1.c, -O1
FAIL: gcc.c-torture/compile/990519-1.c, -O2
FAIL: gcc.c-torture/compile/990519-1.c, -O3 -fomit-frame-pointer
FAIL: gcc.c-torture/compile/990519-1.c, -O3 -g
FAIL: gcc.c-torture/compile/990519-1.c, -Os
FAIL: gcc.c-torture/execute/980716-1.c execution, -O0
FAIL: gcc.c-torture/execute/strct-stdarg-1.c execution, -O0
FAIL: gcc.c-torture/execute/strct-stdarg-1.c execution, -O1
FAIL: gcc.c-torture/execute/strct-stdarg-1.c execution, -O2
FAIL: gcc.c-torture/execute/strct-stdarg-1.c execution, -O3 -fomit-frame-pointer
FAIL: gcc.c-torture/execute/strct-stdarg-1.c execution, -O3 -fomit-frame-pointer -funroll-loops
FAIL: gcc.c-torture/execute/strct-stdarg-1.c execution, -O3 -fomit-frame-pointer -funroll-all-loops -finline-functions
FAIL: gcc.c-torture/execute/strct-stdarg-1.c execution, -O3 -g
FAIL: gcc.c-torture/execute/strct-stdarg-1.c execution, -Os
FAIL: gcc.c-torture/execute/ieee/fp-cmp-1.c execution, -O0
FAIL: gcc.c-torture/execute/ieee/mzero2.c execution, -O1
FAIL: gcc.c-torture/execute/ieee/mzero2.c execution, -O2
FAIL: gcc.c-torture/execute/ieee/mzero2.c execution, -O3 -fomit-frame-pointer
FAIL: gcc.c-torture/execute/ieee/mzero2.c execution, -O3 -g
FAIL: gcc.c-torture/execute/ieee/mzero2.c execution, -Os
FAIL: gcc.dg/990119-1.c execution test
FAIL: gcc.dg/cast-qual-1.c discarding `const' warning (test for bogus messages, line 11)
FAIL: gcc.dg/cast-qual-1.c discarding `const' warning (test for warnings, line 17)
FAIL: gcc.dg/compare1.c (test for excess errors)
FAIL: gcc.dg/noreturn-1.c detect falling off end of noreturn (test for warnings, line 9)
FAIL: gcc.dg/noreturn-1.c this function should not get any warnings (test for bogus messages, line 22)
FAIL: gcc.dg/return-type-1.c warning for falling off end of non-void function (test for warnings, line 9)
=== gcc Summary ===
# of expected passes 8113
# of unexpected failures 27
# of expected failures 31
# of unsupported tests 25
/xxx/gnu/gcc-2.96/objdir/gcc/xgcc version gcc-2.96 19990524 (experimental)
=== g++ tests ===
Running target unix
FAIL: g++.brendan/eh1.C Execution test
FAIL: g++.eh/cleanup1.C Execution test
FAIL: g++.eh/flow1.C Execution test
FAIL: g++.eh/new1.C Execution test
FAIL: g++.eh/new2.C Execution test
FAIL: g++.eh/pdel1.C Execution test
FAIL: g++.eh/pdel2.C Execution test
FAIL: g++.eh/ptr1.C Execution test
FAIL: g++.eh/rethrow1.C Execution test
FAIL: g++.eh/rethrow2.C Execution test
FAIL: g++.eh/rethrow3.C Execution test
FAIL: g++.eh/rethrow4.C Execution test
FAIL: g++.eh/rethrow5.C Execution test
FAIL: g++.eh/spec1.C Execution test
FAIL: g++.eh/spec2.C Execution test
FAIL: g++.eh/spec3.C Execution test
FAIL: g++.eh/spec4.C Execution test
FAIL: g++.eh/tmpl1.C Execution test
FAIL: g++.eh/unwind1.C Execution test
FAIL: g++.ext/attrib5.C (test for excess errors)
FAIL: g++.ext/com1.C (test for excess errors)
FAIL: g++.martin/new1.C Execution test
FAIL: g++.mike/dyncast1.C Execution test
FAIL: g++.mike/dyncast2.C Execution test
FAIL: g++.mike/eh10.C Execution test
FAIL: g++.mike/eh12.C Execution test
FAIL: g++.mike/eh14.C Execution test
FAIL: g++.mike/eh16.C Execution test
FAIL: g++.mike/eh17.C Execution test
FAIL: g++.mike/eh18.C Execution test
FAIL: g++.mike/eh2.C Execution test
FAIL: g++.mike/eh21.C Execution test
FAIL: g++.mike/eh23.C Execution test
FAIL: g++.mike/eh24.C Execution test
FAIL: g++.mike/eh25.C Execution test
FAIL: g++.mike/eh26.C Execution test
FAIL: g++.mike/eh27.C Execution test
FAIL: g++.mike/eh28.C Execution test
FAIL: g++.mike/eh29.C Execution test
FAIL: g++.mike/eh3.C Execution test
FAIL: g++.mike/eh31.C Execution test
XPASS: g++.mike/eh33.C (test for excess errors)
FAIL: g++.mike/eh34.C Execution test
FAIL: g++.mike/eh35.C Execution test
FAIL: g++.mike/eh36.C Execution test
FAIL: g++.mike/eh37.C Execution test
FAIL: g++.mike/eh38.C Execution test
FAIL: g++.mike/eh39.C Execution test
FAIL: g++.mike/eh40.C Execution test
FAIL: g++.mike/eh41.C Execution test
FAIL: g++.mike/eh42.C Execution test
FAIL: g++.mike/eh44.C Execution test
FAIL: g++.mike/eh47.C Execution test
FAIL: g++.mike/eh48.C Execution test
FAIL: g++.mike/eh49.C Execution test
FAIL: g++.mike/eh5.C Execution test
XPASS: g++.mike/eh50.C (test for excess errors)
FAIL: g++.mike/eh51.C Execution test
FAIL: g++.mike/eh55.C Execution test
FAIL: g++.mike/eh6.C Execution test
FAIL: g++.mike/eh8.C Execution test
FAIL: g++.mike/p7912.C Execution test
FAIL: g++.mike/p9706.C Execution test
FAIL: g++.other/array1.C Execution test
FAIL: g++.other/delete3.C (test for excess errors)
FAIL: g++.other/init7.C Execution test
FAIL: g++.other/singleton.C Execution test
XPASS: g++.pt/instantiate6.C (test for excess errors)
FAIL: g++.pt/static6.C (test for excess errors)
FAIL: g++.robertl/eb31.C Execution test
FAIL: g++.robertl/eb50.C Execution test
FAIL: g++.robertl/eb66.C Execution test
FAIL: g++.robertl/eb88.C Execution test
=== g++ Summary ===
# of expected passes 5129
# of unexpected failures 70
# of unexpected successes 3
# of expected failures 85
# of untested testcases 11
/xxx/gnu/gcc-2.96/objdir/gcc/testsuite/../xgcc version gcc-2.96 19990524 (experimental)
=== g77 tests ===
Running target unix
=== g77 Summary ===
# of expected passes 604
=== objc tests ===
Running target unix
FAIL: objc/execute/bf-1.m execution, -O
FAIL: objc/execute/bf-10.m execution, -O
FAIL: objc/execute/bf-11.m execution, -O
FAIL: objc/execute/bf-12.m execution, -O
FAIL: objc/execute/bf-13.m execution, -O
FAIL: objc/execute/bf-14.m execution, -O
FAIL: objc/execute/bf-15.m execution, -O
FAIL: objc/execute/bf-16.m execution, -O
FAIL: objc/execute/bf-17.m execution, -O
FAIL: objc/execute/bf-18.m execution, -O
FAIL: objc/execute/bf-19.m execution, -O
FAIL: objc/execute/bf-2.m execution, -O
FAIL: objc/execute/bf-3.m execution, -O
FAIL: objc/execute/bf-4.m execution, -O
FAIL: objc/execute/bf-5.m execution, -O
FAIL: objc/execute/bf-6.m execution, -O
FAIL: objc/execute/bf-7.m execution, -O
FAIL: objc/execute/bf-8.m execution, -O
FAIL: objc/execute/bf-9.m execution, -O
=== objc Summary ===
# of expected passes 19
# of unexpected failures 19
/xxx/gnu/gcc-2.96/objdir/gcc/xgcc version gcc-2.96 19990524 (experimental)
Compiler version: gcc-2.96 19990524 (experimental)
Platform: hppa1.1-hp-hpux9.01
configure flags: --with-gcc-version-trigger=/xxx/gnu/gcc-2.96/gcc/version.c --host=hppa1.1-hp-hpux9.01 --with-gnu-as --enable-shared --norecursion
Counting all warnings,
there are 399 warnings in stage3 of this bootstrap.
Number of warnings per file:
37 ../../gcc/combine.c
34 ../../gcc/cse.c
29 ../../gcc/expmed.c
23 ../../gcc/optabs.c
22 ../../gcc/expr.c
19 ../../gcc/reload1.c
19 ../../gcc/config/pa/pa.c
19 ../../gcc/calls.c
14 ../../gcc/integrate.c
14 ../../gcc/c-common.c
13 ../../gcc/recog.c
12 ../../../gcc/java/lex.c
11 ../../../gcc/f/com.c
10 ../../gcc/unroll.c
9 ../../gcc/varasm.c
9 ../../gcc/reload.c
7 ../../gcc/loop.c
7 ../../gcc/function.c
6 cxxmain.c
6 ./parse.y
6 ../../gcc/objc/objc-act.c
6 ../../gcc/emit-rtl.c
6 ../../../gcc/java/typeck.c
5 ../../gcc/final.c
4 cexp.y
4 ../../gcc/tlink.c
4 ../../gcc/stmt.c
4 ../../gcc/regmove.c
3 ../../gcc/genopinit.c
3 ../../gcc/collect2.c
3 ../../gcc/cccp.c
2 insn-recog.c
2 ../../gcc/toplev.c
2 ../../gcc/local-alloc.c
2 ../../gcc/fold-const.c
2 ../../gcc/fix-header.c
2 ../../gcc/explow.c
2 ../../gcc/dbxout.c
2 ../../../gcc/java/verify.c
1 splay-tree.c
1 insn-attrtab.c
1 ../../gcc/tree.c
1 ../../gcc/stupid.c
1 ../../gcc/scan-decls.c
1 ../../gcc/rtl.c
1 ../../gcc/regclass.c
1 ../../gcc/hash.c
1 ../../gcc/f/g77spec.c
1 ../../gcc/cppspec.c
1 ../../../gcc/java/jcf-write.c
1 ../../../gcc/java/expr.c
1 ../../../gcc/java/class.c
1 ../../../gcc/cp/decl.c
1 ../../../gcc/cp/class.c
Number of warning types:
258 comparison between signed and unsigned
63 `???' might be used uninitialized in this function
37 unused parameter `???'
13 variable `???' might be clobbered by `longjmp' or `vfork'
10 implicit declaration of function `???'
5 value computed is not used
4 unused variable `???'
3 left-hand operand of comma expression has no effect
2 initialization from incompatible pointer type
2 control reaches end of non-void function
2 assignment discards qualifiers from pointer target type
CFLAGS="-g -O3"
CXXFLAGS="-g -O3"