This is the mail archive of the
egcs-testresults@egcs.cygnus.com
mailing list for the EGCS project.
Results for egcs-2.93.22 19990517 (gcc2 ss-980929 experimental) testsuite on hppa1.1-hp-hpux9.04
- To: egcs-testresults@egcs.cygnus.com
- Subject: Results for egcs-2.93.22 19990517 (gcc2 ss-980929 experimental) testsuite on hppa1.1-hp-hpux9.04
- From: Rodney Brown <rdb@localhost>
- Date: Tue, 25 May 1999 08:21:18 +1000 (EST)
- Reply-To: RDBrown@mira.net, RodneyBrown@pmsc.com
Native configuration is hppa1.1-hp-hpux9.04
=== libio tests ===
Running target unix
=== libio Summary ===
# of expected passes 40
=== libstdc++ tests ===
Running target unix
=== libstdc++ Summary ===
# of expected passes 30
=== gcc tests ===
Running target unix
FAIL: gcc.c-torture/execute/980716-1.c execution, -O0
FAIL: gcc.c-torture/execute/strct-stdarg-1.c execution, -O0
FAIL: gcc.c-torture/execute/strct-stdarg-1.c execution, -O1
FAIL: gcc.c-torture/execute/strct-stdarg-1.c execution, -O2
FAIL: gcc.c-torture/execute/strct-stdarg-1.c execution, -O3 -fomit-frame-pointer
FAIL: gcc.c-torture/execute/strct-stdarg-1.c execution, -O3 -fomit-frame-pointer -funroll-loops
FAIL: gcc.c-torture/execute/strct-stdarg-1.c execution, -O3 -fomit-frame-pointer -funroll-all-loops -finline-functions
FAIL: gcc.c-torture/execute/strct-stdarg-1.c execution, -O3 -g
FAIL: gcc.c-torture/execute/strct-stdarg-1.c execution, -Os
FAIL: gcc.c-torture/execute/ieee/fp-cmp-1.c execution, -O0
FAIL: gcc.c-torture/execute/ieee/mzero2.c execution, -O1
FAIL: gcc.c-torture/execute/ieee/mzero2.c execution, -O2
FAIL: gcc.c-torture/execute/ieee/mzero2.c execution, -O3 -fomit-frame-pointer
FAIL: gcc.c-torture/execute/ieee/mzero2.c execution, -O3 -g
FAIL: gcc.c-torture/execute/ieee/mzero2.c execution, -Os
FAIL: gcc.dg/990119-1.c execution test
FAIL: gcc.dg/cast-qual-1.c discarding `const' warning (test for bogus messages, line 11)
FAIL: gcc.dg/cast-qual-1.c discarding `const' warning (test for warnings, line 17)
FAIL: gcc.dg/compare1.c (test for excess errors)
FAIL: gcc.dg/noreturn-1.c detect falling off end of noreturn (test for warnings, line 9)
FAIL: gcc.dg/noreturn-1.c this function should not get any warnings (test for bogus messages, line 22)
FAIL: gcc.dg/return-type-1.c warning for falling off end of non-void function (test for warnings, line 9)
=== gcc Summary ===
# of expected passes 8088
# of unexpected failures 22
# of expected failures 31
# of unsupported tests 24
/user4/vsb/rdb/egcs-19990517.obj/gcc/xgcc version egcs-2.93.22 19990517 (gcc2 ss-980929 experimental)
=== g++ tests ===
Running target unix
XPASS: g++.mike/eh33.C (test for excess errors)
XPASS: g++.mike/eh33.C Execution test
XPASS: g++.mike/eh50.C (test for excess errors)
XPASS: g++.mike/eh50.C Execution test
XPASS: g++.pt/instantiate6.C (test for excess errors)
FAIL: g++.pt/static6.C (test for excess errors)
=== g++ Summary ===
# of expected passes 5155
# of unexpected failures 1
# of unexpected successes 5
# of expected failures 82
# of untested testcases 11
/user4/vsb/rdb/egcs-19990517.obj/gcc/testsuite/../xgcc version egcs-2.93.22 19990517 (gcc2 ss-980929 experimental)
=== g77 tests ===
Running target unix
=== g77 Summary ===
# of expected passes 604
=== objc tests ===
Running target unix
=== objc Summary ===
# of expected passes 38
/user4/vsb/rdb/egcs-19990517.obj/gcc/xgcc version egcs-2.93.22 19990517 (gcc2 ss-980929 experimental)
Compiler version: egcs-2.93.22 19990517 (gcc2 ss-980929 experimental)
Platform: hppa1.1-hp-hpux9.04
configure flags: --with-gcc-version-trigger=/user4/vsb/rdb/egcs-19990517/gcc/version.c --host=hppa1.1-hp-hpux9.04 --with-gnu-as --norecursion
Counting all warnings,
there are 415 warnings in stage3 of this bootstrap.
Number of warnings per file:
37 ../../egcs-19990517/gcc/combine.c
34 ../../egcs-19990517/gcc/cse.c
29 ../../egcs-19990517/gcc/expmed.c
23 ../../egcs-19990517/gcc/optabs.c
22 ../../egcs-19990517/gcc/expr.c
19 ../../egcs-19990517/gcc/reload1.c
19 ../../egcs-19990517/gcc/config/pa/pa.c
19 ../../egcs-19990517/gcc/calls.c
14 ../../egcs-19990517/gcc/integrate.c
14 ../../egcs-19990517/gcc/c-common.c
13 ../../egcs-19990517/gcc/recog.c
12 ../../../egcs-19990517/gcc/java/lex.c
11 ./parse.y
11 ../../../egcs-19990517/gcc/f/com.c
10 ../../egcs-19990517/gcc/unroll.c
9 ../../egcs-19990517/gcc/reload.c
8 ../../egcs-19990517/gcc/varasm.c
7 ../../egcs-19990517/gcc/loop.c
7 ../../egcs-19990517/gcc/function.c
6 cxxmain.c
6 ../../egcs-19990517/gcc/objc/objc-act.c
6 ../../egcs-19990517/gcc/emit-rtl.c
6 ../../../egcs-19990517/gcc/java/typeck.c
5 ../../egcs-19990517/gcc/java/jvspec.c
5 ../../egcs-19990517/gcc/final.c
4 cexp.y
4 ../../egcs-19990517/gcc/tlink.c
4 ../../egcs-19990517/gcc/stmt.c
4 ../../egcs-19990517/gcc/regmove.c
4 ../../../egcs-19990517/gcc/java/expr.c
3 ../../egcs-19990517/gcc/genopinit.c
3 ../../egcs-19990517/gcc/collect2.c
3 ../../egcs-19990517/gcc/cccp.c
3 ../../../egcs-19990517/gcc/java/verify.c
2 insn-recog.c
2 ../../egcs-19990517/gcc/toplev.c
2 ../../egcs-19990517/gcc/local-alloc.c
2 ../../egcs-19990517/gcc/fold-const.c
2 ../../egcs-19990517/gcc/fix-header.c
2 ../../egcs-19990517/gcc/explow.c
2 ../../egcs-19990517/gcc/dbxout.c
2 ../../../egcs-19990517/gcc/java/xref.c
2 ../../../egcs-19990517/gcc/java/class.c
1 splay-tree.c
1 insn-attrtab.c
1 ../../egcs-19990517/gcc/tree.c
1 ../../egcs-19990517/gcc/stupid.c
1 ../../egcs-19990517/gcc/scan-decls.c
1 ../../egcs-19990517/gcc/rtl.c
1 ../../egcs-19990517/gcc/regclass.c
1 ../../egcs-19990517/gcc/hash.c
1 ../../egcs-19990517/gcc/gcov-io.h
1 ../../egcs-19990517/gcc/f/g77spec.c
1 ../../egcs-19990517/gcc/cppspec.c
1 ../../../egcs-19990517/gcc/java/decl.c
1 ../../../egcs-19990517/gcc/cp/decl.c
Number of warning types:
258 comparison between signed and unsigned
70 `???' might be used uninitialized in this function
40 unused parameter `???'
12 variable `???' might be clobbered by `longjmp' or `vfork'
10 unused variable `???'
10 implicit declaration of function `???'
5 value computed is not used
3 left-hand operand of comma expression has no effect
2 initialization from incompatible pointer type
2 assignment discards qualifiers from pointer target type
1 missing initializer
1 `???' defined but not used
1 (near initialization for `???')