This is the mail archive of the
egcs-testresults@egcs.cygnus.com
mailing list for the EGCS project.
Results for gcc-2.96 19990523 (experimental) testsuite on i686-pc-linux-gnulibc1
- To: egcs-testresults@egcs.cygnus.com
- Subject: Results for gcc-2.96 19990523 (experimental) testsuite on i686-pc-linux-gnulibc1
- From: Theodore Papadopoulo <Theodore.Papadopoulo@sophia.inria.fr>
- Date: Mon, 24 May 1999 10:02:42 +0200
Native configuration is i686-pc-linux-gnulibc1
=== libio tests ===
Running target unix
=== libio Summary ===
# of expected passes 40
=== libstdc++ tests ===
Running target unix
=== libstdc++ Summary ===
# of expected passes 30
=== gcc tests ===
Running target unix
FAIL: gcc.c-torture/compile/990519-1.c, -O1
FAIL: gcc.c-torture/compile/990519-1.c, -O2
FAIL: gcc.c-torture/compile/990519-1.c, -O3 -fomit-frame-pointer
FAIL: gcc.c-torture/compile/990519-1.c, -O3 -g
FAIL: gcc.c-torture/compile/990519-1.c, -Os
FAIL: gcc.c-torture/execute/ieee/980619-1.c execution, -O1
FAIL: gcc.c-torture/execute/ieee/980619-1.c execution, -O2
FAIL: gcc.c-torture/execute/ieee/980619-1.c execution, -O3 -fomit-frame-pointer
FAIL: gcc.c-torture/execute/ieee/980619-1.c execution, -O3 -fomit-frame-pointer -funroll-loops
FAIL: gcc.c-torture/execute/ieee/980619-1.c execution, -O3 -fomit-frame-pointer -funroll-all-loops -finline-functions
FAIL: gcc.c-torture/execute/ieee/980619-1.c execution, -O3 -g
FAIL: gcc.c-torture/execute/ieee/980619-1.c execution, -Os
FAIL: gcc.dg/990119-1.c execution test
FAIL: gcc.dg/cast-qual-1.c discarding `const' warning (test for bogus messages, line 11)
FAIL: gcc.dg/cast-qual-1.c discarding `const' warning (test for warnings, line 17)
FAIL: gcc.dg/compare1.c (test for excess errors)
FAIL: gcc.dg/noreturn-1.c detect falling off end of noreturn (test for warnings, line 9)
FAIL: gcc.dg/noreturn-1.c this function should not get any warnings (test for bogus messages, line 22)
FAIL: gcc.dg/return-type-1.c warning for falling off end of non-void function (test for warnings, line 9)
FAIL: gcc.dg/special/weak-1.c execution test
=== gcc Summary ===
# of expected passes 8131
# of unexpected failures 20
# of expected failures 31
# of unsupported tests 13
/auto/atlantis/u/atlantis/1/egcs/egcs-linux/gcc/xgcc version gcc-2.96 19990523 (experimental)
=== g++ tests ===
Running target unix
FAIL: g++.dg/special/conpr-1.C execution test
FAIL: g++.dg/special/conpr-2.C execution test
FAIL: g++.dg/special/conpr-3.C execution test
FAIL: g++.dg/special/conpr-3.C execution test
FAIL: g++.ext/anon1.C (test for excess errors)
FAIL: g++.ext/com1.C (test for excess errors)
FAIL: g++.ext/initp1.C Execution test
FAIL: g++.robertl/eb131.C candidate (test for errors, line 13)
=== g++ Summary ===
# of expected passes 5192
# of unexpected failures 8
# of expected failures 81
# of untested testcases 7
/auto/atlantis/u/atlantis/1/egcs/egcs-linux/gcc/testsuite/../xgcc version gcc-2.96 19990523 (experimental)
=== g77 tests ===
Running target unix
=== g77 Summary ===
# of expected passes 604
=== objc tests ===
Running target unix
=== objc Summary ===
# of expected passes 38
/auto/atlantis/u/atlantis/1/egcs/egcs-linux/gcc/xgcc version gcc-2.96 19990523 (experimental)
Compiler version: gcc-2.96 19990523 (experimental)
Platform: i686-pc-linux-gnulibc1
configure flags: --with-gcc-version-trigger=/u/atlantis/1/egcs/egcs/gcc/version.c --host=i686-pc-linux-gnulibc1 --srcdir=../egcs --prefix=/u/corse/2/robotvis/gnu/bin/egcs --with-fast-fixincludes --with-as=/u/corse/2/robotvis/gnu/bin/binutils/bin/as --norecursion
Counting all warnings,
there are 183 warnings in stage3 of this bootstrap.
Number of warnings per file:
12 ../../../egcs/gcc/java/lex.c
10 ../../egcs/gcc/toplev.c
10 ../../egcs/gcc/integrate.c
9 ../../egcs/gcc/reload1.c
9 ../../egcs/gcc/cse.c
8 ../../egcs/gcc/final.c
7 ../../egcs/gcc/reload.c
7 ../../egcs/gcc/combine.c
6 cxxmain.c
6 ./parse.y
6 ../../egcs/gcc/varasm.c
6 ../../egcs/gcc/unroll.c
6 ../../egcs/gcc/reg-stack.c
6 ../../egcs/gcc/objc/objc-act.c
6 ../../egcs/gcc/loop.c
6 ../../egcs/gcc/dwarf2out.c
4 cexp.y
4 ../../egcs/gcc/tlink.c
4 ../../egcs/gcc/regclass.c
3 insn-emit.c
3 ../../egcs/gcc/sched.c
3 ../../egcs/gcc/regmove.c
3 ../../egcs/gcc/genopinit.c
3 ../../egcs/gcc/cccp.c
2 insn-recog.c
2 insn-output.c
2 ../../egcs/gcc/protoize.c
2 ../../egcs/gcc/local-alloc.c
2 ../../egcs/gcc/fold-const.c
2 ../../egcs/gcc/expr.c
2 ../../egcs/gcc/dbxout.c
2 ../../egcs/gcc/collect2.c
2 ../../../egcs/gcc/java/verify.c
1 splay-tree.c
1 ../../egcs/gcc/tree.c
1 ../../egcs/gcc/stupid.c
1 ../../egcs/gcc/stmt.c
1 ../../egcs/gcc/rtl.c
1 ../../egcs/gcc/recog.c
1 ../../egcs/gcc/print-rtl.c
1 ../../egcs/gcc/hash.c
1 ../../egcs/gcc/gcov-io.h
1 ../../egcs/gcc/f/g77spec.c
1 ../../egcs/gcc/crtstuff.c
1 ../../egcs/gcc/cppspec.c
1 ../../egcs/gcc/config/i386/i386.c
1 ../../../egcs/gcc/java/class.c
1 ../../../egcs/gcc/f/com.c
1 ../../../egcs/gcc/cp/method.c
1 ../../../egcs/gcc/cp/decl.c
1 ../../../egcs/gcc/cp/class.c
Number of warning types:
62 `???' might be used uninitialized in this function
40 unused parameter `???'
33 comparison between signed and unsigned
14 variable `???' might be clobbered by `longjmp' or `vfork'
14 implicit declaration of function `???'
9 initialization from incompatible pointer type
3 unused variable `???'
3 `???' defined but not used
2 zero-length format string
2 assignment discards qualifiers from pointer target type
1 passing arg ??? of `???' from incompatible pointer type