This is the mail archive of the
egcs-testresults@egcs.cygnus.com
mailing list for the EGCS project.
Results for gcc-2.96 19990521 (experimental) testsuite on sparc-sun-sunos4.1.4
- To: egcs-testresults@egcs.cygnus.com
- Subject: Results for gcc-2.96 19990521 (experimental) testsuite on sparc-sun-sunos4.1.4
- From: "Kaveh R. Ghazi" <ghazi@caip.rutgers.edu>
- Date: Sun, 23 May 1999 21:30:11 -0400 (EDT)
Native configuration is sparc-sun-sunos4.1.4
=== objc tests ===
Running target unix/-fPIC
=== objc Summary for unix/-fPIC ===
# of expected passes 38
Running target unix/-fpic
=== objc Summary for unix/-fpic ===
# of expected passes 38
Running target unix
=== objc Summary for unix ===
# of expected passes 38
=== objc Summary ===
# of expected passes 114
/a/caip/a47/u47/ghazi/gcc-testing/sunos-test/build/gcc/xgcc version gcc-2.96 19990521 (experimental)
=== gcc tests ===
Running target unix/-fPIC
FAIL: gcc.c-torture/compile/990519-1.c, -O1
FAIL: gcc.c-torture/compile/990519-1.c, -O2
FAIL: gcc.c-torture/compile/990519-1.c, -O3 -fomit-frame-pointer
FAIL: gcc.c-torture/compile/990519-1.c, -O3 -g
FAIL: gcc.c-torture/compile/990519-1.c, -Os
FAIL: gcc.c-torture/compile/calls.c, -O0
FAIL: gcc.c-torture/compile/calls.c, -O1
FAIL: gcc.c-torture/compile/calls.c, -O2
FAIL: gcc.c-torture/compile/calls.c, -O3 -fomit-frame-pointer
FAIL: gcc.c-torture/compile/calls.c, -O3 -g
FAIL: gcc.c-torture/compile/calls.c, -Os
FAIL: gcc.c-torture/execute/920715-1.c execution, -O1
FAIL: gcc.c-torture/execute/920715-1.c execution, -O2
FAIL: gcc.c-torture/execute/920715-1.c execution, -O3 -fomit-frame-pointer
FAIL: gcc.c-torture/execute/920715-1.c execution, -O3 -fomit-frame-pointer -funroll-loops
FAIL: gcc.c-torture/execute/920715-1.c execution, -O3 -fomit-frame-pointer -funroll-all-loops -finline-functions
FAIL: gcc.c-torture/execute/920715-1.c execution, -O3 -g
FAIL: gcc.c-torture/execute/921208-2.c execution, -O1
FAIL: gcc.c-torture/execute/921208-2.c execution, -O2
FAIL: gcc.c-torture/execute/930603-1.c execution, -O3 -fomit-frame-pointer
FAIL: gcc.c-torture/execute/930603-1.c execution, -O3 -g
FAIL: gcc.c-torture/execute/930614-1.c execution, -O2
FAIL: gcc.c-torture/execute/930614-1.c execution, -Os
FAIL: gcc.c-torture/execute/930628-1.c execution, -O1
FAIL: gcc.c-torture/execute/990513-1.c execution, -O2
FAIL: gcc.c-torture/execute/990513-1.c execution, -O3 -fomit-frame-pointer
FAIL: gcc.c-torture/execute/990513-1.c execution, -O3 -fomit-frame-pointer -funroll-loops
FAIL: gcc.c-torture/execute/990513-1.c execution, -O3 -fomit-frame-pointer -funroll-all-loops -finline-functions
FAIL: gcc.c-torture/execute/990513-1.c execution, -O3 -g
FAIL: gcc.c-torture/execute/990513-1.c execution, -Os
FAIL: gcc.c-torture/execute/conversion.c execution, -O2
FAIL: gcc.c-torture/execute/conversion.c execution, -O3 -fomit-frame-pointer
FAIL: gcc.c-torture/execute/conversion.c execution, -O3 -g
FAIL: gcc.c-torture/execute/conversion.c execution, -Os
FAIL: gcc.c-torture/execute/gofast.c execution, -O2
FAIL: gcc.c-torture/execute/gofast.c execution, -Os
FAIL: gcc.c-torture/execute/memcpy-bi.c compilation, -O3 -fomit-frame-pointer
FAIL: gcc.c-torture/execute/memcpy-bi.c compilation, -O3 -fomit-frame-pointer -funroll-loops
FAIL: gcc.c-torture/execute/memcpy-bi.c compilation, -O3 -fomit-frame-pointer -funroll-all-loops -finline-functions
FAIL: gcc.c-torture/execute/memcpy-bi.c compilation, -O3 -g
FAIL: gcc.c-torture/execute/ieee/mzero2.c execution, -O1
FAIL: gcc.c-torture/execute/ieee/mzero2.c execution, -O2
FAIL: gcc.c-torture/execute/ieee/mzero2.c execution, -Os
FAIL: gcc.dg/990119-1.c execution test
FAIL: gcc.dg/cast-qual-1.c discarding `const' warning (test for bogus messages, line 11)
FAIL: gcc.dg/cast-qual-1.c discarding `const' warning (test for warnings, line 17)
FAIL: gcc.dg/compare1.c (test for excess errors)
FAIL: gcc.dg/noreturn-1.c detect falling off end of noreturn (test for warnings, line 9)
FAIL: gcc.dg/noreturn-1.c this function should not get any warnings (test for bogus messages, line 22)
FAIL: gcc.dg/return-type-1.c warning for falling off end of non-void function (test for warnings, line 9)
FAIL: gcc.misc-tests/gcov-1.c (test for excess errors)
FAIL: gcc.misc-tests/gcov-1.c execution test
FAIL: gcov-1.c:1:is 4:should be 11
FAIL: gcov-1.c:1:is 5:should be 10
FAIL: gcov-1.c:1:is 7:should be 1
FAIL: gcc.misc-tests/gcov-2.c (test for excess errors) (PRMS 8294)
FAIL: gcc.misc-tests/gcov-2.c execution test (PRMS 8294)
=== gcc Summary for unix/-fPIC ===
# of expected passes 8057
# of unexpected failures 57
# of expected failures 31
# of unresolved testcases 4
# of unsupported tests 24
Running target unix/-fpic
FAIL: gcc.c-torture/compile/990519-1.c, -O1
FAIL: gcc.c-torture/compile/990519-1.c, -O2
FAIL: gcc.c-torture/compile/990519-1.c, -O3 -fomit-frame-pointer
FAIL: gcc.c-torture/compile/990519-1.c, -O3 -g
FAIL: gcc.c-torture/compile/990519-1.c, -Os
FAIL: gcc.c-torture/compile/calls.c, -O0
FAIL: gcc.c-torture/compile/calls.c, -O1
FAIL: gcc.c-torture/compile/calls.c, -O2
FAIL: gcc.c-torture/compile/calls.c, -O3 -fomit-frame-pointer
FAIL: gcc.c-torture/compile/calls.c, -O3 -g
FAIL: gcc.c-torture/compile/calls.c, -Os
FAIL: gcc.c-torture/execute/920715-1.c compilation, -O1
FAIL: gcc.c-torture/execute/920715-1.c compilation, -O2
FAIL: gcc.c-torture/execute/920715-1.c compilation, -O3 -fomit-frame-pointer
FAIL: gcc.c-torture/execute/920715-1.c compilation, -O3 -fomit-frame-pointer -funroll-loops
FAIL: gcc.c-torture/execute/920715-1.c compilation, -O3 -fomit-frame-pointer -funroll-all-loops -finline-functions
FAIL: gcc.c-torture/execute/920715-1.c compilation, -O3 -g
FAIL: gcc.c-torture/execute/921208-2.c compilation, -O1
FAIL: gcc.c-torture/execute/921208-2.c compilation, -O2
FAIL: gcc.c-torture/execute/930603-1.c compilation, -O3 -fomit-frame-pointer
FAIL: gcc.c-torture/execute/930603-1.c compilation, -O3 -g
FAIL: gcc.c-torture/execute/930614-1.c compilation, -O2
FAIL: gcc.c-torture/execute/930614-1.c compilation, -Os
FAIL: gcc.c-torture/execute/930628-1.c compilation, -O1
FAIL: gcc.c-torture/execute/941015-1.c compilation, -O1
FAIL: gcc.c-torture/execute/990513-1.c execution, -O2
FAIL: gcc.c-torture/execute/990513-1.c execution, -O3 -fomit-frame-pointer
FAIL: gcc.c-torture/execute/990513-1.c execution, -O3 -fomit-frame-pointer -funroll-loops
FAIL: gcc.c-torture/execute/990513-1.c execution, -O3 -fomit-frame-pointer -funroll-all-loops -finline-functions
FAIL: gcc.c-torture/execute/990513-1.c execution, -O3 -g
FAIL: gcc.c-torture/execute/990513-1.c execution, -Os
FAIL: gcc.c-torture/execute/conversion.c compilation, -O2
FAIL: gcc.c-torture/execute/conversion.c compilation, -O3 -fomit-frame-pointer
FAIL: gcc.c-torture/execute/conversion.c compilation, -O3 -g
FAIL: gcc.c-torture/execute/conversion.c compilation, -Os
FAIL: gcc.c-torture/execute/gofast.c compilation, -O2
FAIL: gcc.c-torture/execute/gofast.c compilation, -Os
FAIL: gcc.c-torture/execute/memcpy-bi.c compilation, -O3 -fomit-frame-pointer
FAIL: gcc.c-torture/execute/memcpy-bi.c compilation, -O3 -fomit-frame-pointer -funroll-loops
FAIL: gcc.c-torture/execute/memcpy-bi.c compilation, -O3 -fomit-frame-pointer -funroll-all-loops -finline-functions
FAIL: gcc.c-torture/execute/ieee/mzero2.c compilation, -O1
FAIL: gcc.c-torture/execute/ieee/mzero2.c compilation, -O2
FAIL: gcc.c-torture/execute/ieee/mzero2.c compilation, -Os
FAIL: gcc.dg/990119-1.c execution test
FAIL: gcc.dg/cast-qual-1.c discarding `const' warning (test for bogus messages, line 11)
FAIL: gcc.dg/cast-qual-1.c discarding `const' warning (test for warnings, line 17)
FAIL: gcc.dg/compare1.c (test for excess errors)
FAIL: gcc.dg/noreturn-1.c detect falling off end of noreturn (test for warnings, line 9)
FAIL: gcc.dg/noreturn-1.c this function should not get any warnings (test for bogus messages, line 22)
FAIL: gcc.dg/return-type-1.c warning for falling off end of non-void function (test for warnings, line 9)
FAIL: gcc.misc-tests/gcov-1.c (test for excess errors)
FAIL: gcov-1.c:1:is 4:should be 11
FAIL: gcov-1.c:1:is 5:should be 10
FAIL: gcov-1.c:1:is 7:should be 1
FAIL: gcc.misc-tests/gcov-2.c (test for excess errors) (PRMS 8294)
=== gcc Summary for unix/-fpic ===
# of expected passes 8035
# of unexpected failures 55
# of expected failures 31
# of unresolved testcases 26
# of unsupported tests 24
Running target unix
FAIL: gcc.c-torture/compile/990519-1.c, -O1
FAIL: gcc.c-torture/compile/990519-1.c, -O2
FAIL: gcc.c-torture/compile/990519-1.c, -O3 -fomit-frame-pointer
FAIL: gcc.c-torture/compile/990519-1.c, -O3 -g
FAIL: gcc.c-torture/compile/990519-1.c, -Os
FAIL: gcc.c-torture/execute/990513-1.c execution, -O2
FAIL: gcc.c-torture/execute/990513-1.c execution, -O3 -fomit-frame-pointer
FAIL: gcc.c-torture/execute/990513-1.c execution, -O3 -fomit-frame-pointer -funroll-loops
FAIL: gcc.c-torture/execute/990513-1.c execution, -O3 -fomit-frame-pointer -funroll-all-loops -finline-functions
FAIL: gcc.c-torture/execute/990513-1.c execution, -O3 -g
FAIL: gcc.c-torture/execute/990513-1.c execution, -Os
FAIL: gcc.dg/990119-1.c execution test
FAIL: gcc.dg/cast-qual-1.c discarding `const' warning (test for bogus messages, line 11)
FAIL: gcc.dg/cast-qual-1.c discarding `const' warning (test for warnings, line 17)
FAIL: gcc.dg/compare1.c (test for excess errors)
FAIL: gcc.dg/noreturn-1.c detect falling off end of noreturn (test for warnings, line 9)
FAIL: gcc.dg/noreturn-1.c this function should not get any warnings (test for bogus messages, line 22)
FAIL: gcc.dg/return-type-1.c warning for falling off end of non-void function (test for warnings, line 9)
=== gcc Summary for unix ===
# of expected passes 8098
# of unexpected failures 18
# of expected failures 31
# of unsupported tests 24
=== gcc Summary ===
# of expected passes 24190
# of unexpected failures 130
# of expected failures 93
# of unresolved testcases 30
# of unsupported tests 72
/a/caip/a47/u47/ghazi/gcc-testing/sunos-test/build/gcc/xgcc version gcc-2.96 19990521 (experimental)
=== g77 tests ===
Running target unix/-fPIC
FAIL: g77.f-torture/execute/dnrm2.f execution, -Os
=== g77 Summary for unix/-fPIC ===
# of expected passes 603
# of unexpected failures 1
Running target unix/-fpic
FAIL: g77.f-torture/execute/dnrm2.f compilation, -Os
=== g77 Summary for unix/-fpic ===
# of expected passes 602
# of unexpected failures 1
# of untested testcases 1
Running target unix
=== g77 Summary for unix ===
# of expected passes 604
=== g77 Summary ===
# of expected passes 1809
# of unexpected failures 2
# of untested testcases 1
=== g++ tests ===
Running target unix/-fPIC
FAIL: g++.brendan/asm-extn1.C caused compiler crash
FAIL: g++.brendan/crash20.C (test for excess errors)
FAIL: g++.ext/anon1.C (test for excess errors)
FAIL: g++.ext/attrib5.C (test for excess errors)
FAIL: g++.ext/com1.C (test for excess errors)
FAIL: g++.law/code-gen5.C (test for excess errors)
FAIL: g++.law/ctors6.C (test for excess errors)
FAIL: g++.law/operators4.C (test for excess errors)
FAIL: g++.law/profile1.C (test for excess errors)
XPASS: g++.pt/instantiate6.C (test for excess errors)
FAIL: g++.pt/static3.C (test for excess errors)
FAIL: g++.pt/static6.C (test for excess errors)
FAIL: g++.robertl/eb131.C candidate (test for errors, line 13)
FAIL: g++.robertl/eb3.C (test for excess errors)
FAIL: g++.robertl/eb83.C (test for excess errors)
FAIL: g++.robertl/eb83.C Execution test
=== g++ Summary for unix/-fPIC ===
# of expected passes 5171
# of unexpected failures 15
# of unexpected successes 1
# of expected failures 84
# of untested testcases 10
Running target unix/-fpic
FAIL: g++.brendan/asm-extn1.C caused compiler crash
FAIL: g++.brendan/crash20.C (test for excess errors)
FAIL: g++.ext/anon1.C (test for excess errors)
FAIL: g++.ext/attrib5.C (test for excess errors)
FAIL: g++.ext/com1.C (test for excess errors)
FAIL: g++.law/code-gen5.C (test for excess errors)
FAIL: g++.law/ctors6.C (test for excess errors)
FAIL: g++.law/operators4.C (test for excess errors)
FAIL: g++.law/profile1.C (test for excess errors)
XPASS: g++.pt/instantiate6.C (test for excess errors)
FAIL: g++.pt/static3.C (test for excess errors)
FAIL: g++.pt/static6.C (test for excess errors)
FAIL: g++.robertl/eb131.C candidate (test for errors, line 13)
FAIL: g++.robertl/eb3.C (test for excess errors)
FAIL: g++.robertl/eb83.C (test for excess errors)
=== g++ Summary for unix/-fpic ===
# of expected passes 5171
# of unexpected failures 14
# of unexpected successes 1
# of expected failures 85
# of untested testcases 10
Running target unix
FAIL: g++.brendan/asm-extn1.C caused compiler crash
FAIL: g++.brendan/crash20.C (test for excess errors)
FAIL: g++.ext/anon1.C (test for excess errors)
FAIL: g++.ext/attrib5.C (test for excess errors)
FAIL: g++.ext/com1.C (test for excess errors)
FAIL: g++.law/code-gen5.C (test for excess errors)
FAIL: g++.law/ctors6.C (test for excess errors)
FAIL: g++.law/operators4.C (test for excess errors)
XPASS: g++.pt/instantiate6.C (test for excess errors)
FAIL: g++.pt/static3.C (test for excess errors)
FAIL: g++.pt/static6.C (test for excess errors)
FAIL: g++.robertl/eb131.C candidate (test for errors, line 13)
FAIL: g++.robertl/eb3.C (test for excess errors)
=== g++ Summary for unix ===
# of expected passes 5174
# of unexpected failures 12
# of unexpected successes 1
# of expected failures 84
# of untested testcases 10
=== g++ Summary ===
# of expected passes 15516
# of unexpected failures 41
# of unexpected successes 3
# of expected failures 253
# of untested testcases 30
/a/caip/a47/u47/ghazi/gcc-testing/sunos-test/build/gcc/testsuite/../xgcc version gcc-2.96 19990521 (experimental)
=== libstdc++ tests ===
Running target unix/-fPIC
FAIL: tcomplex.cc execution
FAIL: tcomplex.cc -O execution
=== libstdc++ Summary for unix/-fPIC ===
# of expected passes 26
# of unexpected failures 2
# of expected failures 2
Running target unix/-fpic
FAIL: tcomplex.cc compilation
FAIL: tcomplex.cc -O compilation
=== libstdc++ Summary for unix/-fpic ===
# of expected passes 24
# of unexpected failures 2
# of expected failures 4
Running target unix
=== libstdc++ Summary for unix ===
# of expected passes 30
=== libstdc++ Summary ===
# of expected passes 80
# of unexpected failures 4
# of expected failures 6
=== libio tests ===
Running target unix/-fPIC
FAIL: tFile.cc execution
FAIL: tFile.cc execution -b0
FAIL: tFile.cc execution -b3
=== libio Summary for unix/-fPIC ===
# of expected passes 34
# of unexpected failures 3
# of expected failures 3
Running target unix/-fpic
FAIL: tFile.cc compilation
FAIL: tFile.cc compilation -b0
FAIL: tFile.cc compilation -b3
=== libio Summary for unix/-fpic ===
# of expected passes 31
# of unexpected failures 3
# of expected failures 6
Running target unix
=== libio Summary for unix ===
# of expected passes 40
=== libio Summary ===
# of expected passes 105
# of unexpected failures 6
# of expected failures 9
Compiler version: gcc-2.96 19990521 (experimental)
Platform: sparc-sun-sunos4.1.4
configure flags: --with-gcc-version-trigger=/a/caip/a47/u47/ghazi/gcc-testing/egcs-CVS19990521/gcc/version.c --host=sparc-sun-sunos4.1.4 --verbose --norecursion
BOOT_CFLAGS=-g -O2 -D__USE_FIXED_PROTOTYPES__