This is the mail archive of the
egcs-testresults@egcs.cygnus.com
mailing list for the EGCS project.
Results for gcc-2.95 19990518 (prerelease) testsuite on powerpc-redhat-linux-gnu
- To: egcs-testresults@egcs.cygnus.com
- Subject: Results for gcc-2.95 19990518 (prerelease) testsuite on powerpc-redhat-linux-gnu
- From: Franz Sirl <fsirl@kernel.crashing.org>
- Date: Wed, 19 May 1999 11:57:05 -0500
Environment:
glibc-2.1.1pre2
gas-990418
BOOT_CFLAGS=default
CFLAGS=-g -O2 -funroll-loops
CXXFLAGS=default
WARN_CFLAGS=default
Patches:
correct and enable ASM_OUTPUT_MI_THUNK (me)
DWARF EH support for PPC (Andrew McLeod)
varargs fixes (Richard Henderson and me)
Native configuration is powerpc-redhat-linux-gnu
=== libio tests ===
Running target unix
=== libio Summary for unix ===
# of expected passes 40
Running target unix/-fpic
=== libio Summary for unix/-fpic ===
# of expected passes 40
Running target unix/-fPIC
=== libio Summary for unix/-fPIC ===
# of expected passes 40
=== libio Summary ===
# of expected passes 120
=== libstdc++ tests ===
Running target unix
=== libstdc++ Summary for unix ===
# of expected passes 30
Running target unix/-fpic
=== libstdc++ Summary for unix/-fpic ===
# of expected passes 30
Running target unix/-fPIC
=== libstdc++ Summary for unix/-fPIC ===
# of expected passes 30
=== libstdc++ Summary ===
# of expected passes 90
=== gcc tests ===
Running target unix
FAIL: gcc.c-torture/compile/990519-1.c, -O1
FAIL: gcc.c-torture/compile/990519-1.c, -O2
FAIL: gcc.c-torture/compile/990519-1.c, -O3 -fomit-frame-pointer
FAIL: gcc.c-torture/compile/990519-1.c, -O3 -g
FAIL: gcc.c-torture/compile/990519-1.c, -Os
FAIL: gcc.c-torture/execute/complex-5.c execution, -O3 -fomit-frame-pointer
FAIL: gcc.c-torture/execute/complex-5.c execution, -O3 -g
FAIL: gcc.dg/980523-1.c execution test
FAIL: gcc.dg/990119-1.c execution test
FAIL: gcc.dg/cast-qual-1.c discarding `const' warning (test for bogus messages, line 11)
FAIL: gcc.dg/cast-qual-1.c discarding `const' warning (test for warnings, line 17)
FAIL: gcc.dg/compare1.c (test for excess errors)
FAIL: gcc.dg/noreturn-1.c detect falling off end of noreturn (test for warnings, line 9)
FAIL: gcc.dg/noreturn-1.c this function should not get any warnings (test for bogus messages, line 22)
FAIL: gcc.dg/return-type-1.c warning for falling off end of non-void function (test for warnings, line 9)
=== gcc Summary for unix ===
# of expected passes 8115
# of unexpected failures 15
# of expected failures 31
# of unsupported tests 21
Running target unix/-fpic
FAIL: gcc.c-torture/compile/990519-1.c, -O1
FAIL: gcc.c-torture/compile/990519-1.c, -O2
FAIL: gcc.c-torture/compile/990519-1.c, -O3 -fomit-frame-pointer
FAIL: gcc.c-torture/compile/990519-1.c, -O3 -g
FAIL: gcc.c-torture/compile/990519-1.c, -Os
FAIL: gcc.c-torture/execute/complex-5.c execution, -O3 -fomit-frame-pointer
FAIL: gcc.c-torture/execute/complex-5.c execution, -O3 -g
FAIL: gcc.dg/980523-1.c execution test
FAIL: gcc.dg/990119-1.c execution test
FAIL: gcc.dg/cast-qual-1.c discarding `const' warning (test for bogus messages, line 11)
FAIL: gcc.dg/cast-qual-1.c discarding `const' warning (test for warnings, line 17)
FAIL: gcc.dg/compare1.c (test for excess errors)
FAIL: gcc.dg/noreturn-1.c detect falling off end of noreturn (test for warnings, line 9)
FAIL: gcc.dg/noreturn-1.c this function should not get any warnings (test for bogus messages, line 22)
FAIL: gcc.dg/return-type-1.c warning for falling off end of non-void function (test for warnings, line 9)
FAIL: gcc.misc-tests/gcov-1.c (test for excess errors)
FAIL: gcc.misc-tests/gcov-2.c (test for excess errors) (PRMS 8294)
=== gcc Summary for unix/-fpic ===
# of expected passes 8110
# of unexpected failures 17
# of expected failures 31
# of unresolved testcases 1
# of unsupported tests 21
Running target unix/-fPIC
FAIL: gcc.c-torture/compile/990519-1.c, -O1
FAIL: gcc.c-torture/compile/990519-1.c, -O2
FAIL: gcc.c-torture/compile/990519-1.c, -O3 -fomit-frame-pointer
FAIL: gcc.c-torture/compile/990519-1.c, -O3 -g
FAIL: gcc.c-torture/compile/990519-1.c, -Os
FAIL: gcc.c-torture/execute/complex-5.c execution, -O3 -fomit-frame-pointer
FAIL: gcc.c-torture/execute/complex-5.c execution, -O3 -g
FAIL: gcc.dg/990119-1.c execution test
FAIL: gcc.dg/cast-qual-1.c discarding `const' warning (test for bogus messages, line 11)
FAIL: gcc.dg/cast-qual-1.c discarding `const' warning (test for warnings, line 17)
FAIL: gcc.dg/compare1.c (test for excess errors)
FAIL: gcc.dg/noreturn-1.c detect falling off end of noreturn (test for warnings, line 9)
FAIL: gcc.dg/noreturn-1.c this function should not get any warnings (test for bogus messages, line 22)
FAIL: gcc.dg/return-type-1.c warning for falling off end of non-void function (test for warnings, line 9)
=== gcc Summary for unix/-fPIC ===
# of expected passes 8116
# of unexpected failures 14
# of expected failures 31
# of unsupported tests 21
=== gcc Summary ===
# of expected passes 24341
# of unexpected failures 46
# of expected failures 93
# of unresolved testcases 1
# of unsupported tests 63
/home/fsirl/obj/cvsm/gcc/xgcc version gcc-2.95 19990518 (prerelease)
=== g++ tests ===
Running target unix
FAIL: g++.benjamin/13478.C // ERROR - (test for errors, line 30)
FAIL: g++.ns/using12.C (test for excess errors)
FAIL: g++.ns/using13.C (test for excess errors)
FAIL: g++.ns/using7.C (test for excess errors)
FAIL: g++.other/overload7.C (test for excess errors)
FAIL: g++.other/overload9.C (test for excess errors)
FAIL: g++.pt/crash36.C instantiated here (test for errors, line 32)
FAIL: g++.pt/crash38.C No Y in A (test for errors, line 6)
=== g++ Summary for unix ===
# of expected passes 5160
# of unexpected failures 8
# of expected failures 84
# of untested testcases 11
Running target unix/-fpic
FAIL: g++.benjamin/13478.C // ERROR - (test for errors, line 30)
FAIL: g++.ns/using12.C (test for excess errors)
FAIL: g++.ns/using13.C (test for excess errors)
FAIL: g++.ns/using7.C (test for excess errors)
FAIL: g++.other/overload7.C (test for excess errors)
FAIL: g++.other/overload9.C (test for excess errors)
FAIL: g++.pt/crash36.C instantiated here (test for errors, line 32)
FAIL: g++.pt/crash38.C No Y in A (test for errors, line 6)
FAIL: g++.robertl/eb83.C (test for excess errors)
=== g++ Summary for unix/-fpic ===
# of expected passes 5158
# of unexpected failures 9
# of expected failures 85
# of untested testcases 11
Running target unix/-fPIC
FAIL: g++.benjamin/13478.C // ERROR - (test for errors, line 30)
FAIL: g++.ns/using12.C (test for excess errors)
FAIL: g++.ns/using13.C (test for excess errors)
FAIL: g++.ns/using7.C (test for excess errors)
FAIL: g++.other/overload7.C (test for excess errors)
FAIL: g++.other/overload9.C (test for excess errors)
FAIL: g++.pt/crash36.C instantiated here (test for errors, line 32)
FAIL: g++.pt/crash38.C No Y in A (test for errors, line 6)
=== g++ Summary for unix/-fPIC ===
# of expected passes 5160
# of unexpected failures 8
# of expected failures 84
# of untested testcases 11
=== g++ Summary ===
# of expected passes 15478
# of unexpected failures 25
# of expected failures 253
# of untested testcases 33
/home/fsirl/obj/cvsm/gcc/testsuite/../xgcc version gcc-2.95 19990518 (prerelease)
=== g77 tests ===
Running target unix
=== g77 Summary for unix ===
# of expected passes 604
Running target unix/-fpic
=== g77 Summary for unix/-fpic ===
# of expected passes 604
Running target unix/-fPIC
=== g77 Summary for unix/-fPIC ===
# of expected passes 604
=== g77 Summary ===
# of expected passes 1812
=== objc tests ===
Running target unix
=== objc Summary for unix ===
# of expected passes 38
Running target unix/-fpic
=== objc Summary for unix/-fpic ===
# of expected passes 38
Running target unix/-fPIC
=== objc Summary for unix/-fPIC ===
# of expected passes 38
=== objc Summary ===
# of expected passes 114
/home/fsirl/obj/cvsm/gcc/xgcc version gcc-2.95 19990518 (prerelease)
Compiler version: gcc-2.95 19990518 (prerelease)
Platform: powerpc-redhat-linux-gnu
configure flags: --with-gcc-version-trigger=/home/fsirl/egcsm/gcc/version.c --host=ppc-redhat-linux --prefix=/home/fsirl/gnubin2 --enable-shared --disable-subdir-texinfo --enable-checking --norecursion