This is the mail archive of the
egcs-testresults@egcs.cygnus.com
mailing list for the EGCS project.
Results for egcs-2.93.22 19990517 (gcc2 ss-980929 experimental) testsuite on alphaev56-dec-osf4.0d
- To: egcs-testresults@egcs.cygnus.com
- Subject: Results for egcs-2.93.22 19990517 (gcc2 ss-980929 experimental) testsuite on alphaev56-dec-osf4.0d
- From: Matthias Mueller <matthias@ica1.uni-stuttgart.de>
- Date: Tue, 18 May 1999 16:24:34 +0200 (MET DST)
Native configuration is alphaev56-dec-osf4.0d
=== libio tests ===
Running target unix
=== libio Summary ===
# of expected passes 40
=== libstdc++ tests ===
Running target unix
=== libstdc++ Summary ===
# of expected passes 30
=== gcc tests ===
Running target unix
FAIL: gcc.c-torture/execute/990513-1.c execution, -O2
FAIL: gcc.c-torture/execute/990513-1.c execution, -O3 -fomit-frame-pointer
FAIL: gcc.c-torture/execute/990513-1.c execution, -O3 -fomit-frame-pointer -funroll-loops
FAIL: gcc.c-torture/execute/990513-1.c execution, -O3 -fomit-frame-pointer -funroll-all-loops -finline-functions
FAIL: gcc.c-torture/execute/990513-1.c execution, -O3 -g
FAIL: gcc.c-torture/execute/990513-1.c execution, -Os
FAIL: gcc.c-torture/execute/complex-5.c execution, -O0
FAIL: gcc.c-torture/execute/complex-5.c execution, -O1
FAIL: gcc.c-torture/execute/complex-5.c execution, -O2
FAIL: gcc.c-torture/execute/complex-5.c execution, -O3 -fomit-frame-pointer
FAIL: gcc.c-torture/execute/complex-5.c execution, -O3 -g
FAIL: gcc.c-torture/execute/complex-5.c execution, -Os
FAIL: gcc.c-torture/execute/ieee/mzero2.c execution, -O0
FAIL: gcc.c-torture/execute/ieee/mzero2.c execution, -O1
FAIL: gcc.c-torture/execute/ieee/mzero2.c execution, -O2
FAIL: gcc.c-torture/execute/ieee/mzero2.c execution, -O3 -fomit-frame-pointer
FAIL: gcc.c-torture/execute/ieee/mzero2.c execution, -O3 -g
FAIL: gcc.c-torture/execute/ieee/mzero2.c execution, -Os
XPASS: gcc.c-torture/execute/memcheck/blkarg.c execution, -O0
XPASS: gcc.c-torture/execute/memcheck/blkarg.c execution, -O1
XPASS: gcc.c-torture/execute/memcheck/blkarg.c execution, -O2
XPASS: gcc.c-torture/execute/memcheck/blkarg.c execution, -Os
FAIL: gcc.dg/990119-1.c execution test
FAIL: gcc.dg/cast-qual-1.c discarding `const' warning (test for bogus messages, line 11)
FAIL: gcc.dg/cast-qual-1.c discarding `const' warning (test for warnings, line 17)
FAIL: gcc.dg/compare1.c (test for excess errors)
FAIL: gcc.dg/noreturn-1.c detect falling off end of noreturn (test for warnings, line 9)
FAIL: gcc.dg/noreturn-1.c this function should not get any warnings (test for bogus messages, line 22)
FAIL: gcc.dg/return-type-1.c warning for falling off end of non-void function (test for warnings, line 9)
=== gcc Summary ===
# of expected passes 8085
# of unexpected failures 25
# of unexpected successes 4
# of expected failures 27
# of unsupported tests 24
/mnt/video/matthias/src/egcs/DEC/gcc/xgcc version egcs-2.93.22 19990517 (gcc2 ss-980929 experimental)
=== g++ tests ===
Running target unix
FAIL: g++.brendan/eh1.C Execution test
FAIL: g++.eh/cleanup1.C Execution test
FAIL: g++.eh/flow1.C Execution test
FAIL: g++.eh/new1.C Execution test
FAIL: g++.eh/new2.C Execution test
FAIL: g++.eh/pdel1.C Execution test
FAIL: g++.eh/pdel2.C Execution test
FAIL: g++.eh/ptr1.C Execution test
FAIL: g++.eh/rethrow1.C Execution test
FAIL: g++.eh/rethrow2.C Execution test
FAIL: g++.eh/rethrow3.C Execution test
FAIL: g++.eh/rethrow4.C Execution test
FAIL: g++.eh/rethrow5.C Execution test
FAIL: g++.eh/spec1.C Execution test
FAIL: g++.eh/spec2.C Execution test
FAIL: g++.eh/spec3.C Execution test
FAIL: g++.eh/tmpl1.C Execution test
FAIL: g++.eh/unwind1.C Execution test
FAIL: g++.jason/thunk2.C (test for excess errors)
FAIL: g++.martin/new1.C Execution test
FAIL: g++.mike/dyncast1.C Execution test
FAIL: g++.mike/dyncast2.C Execution test
FAIL: g++.mike/eh10.C Execution test
FAIL: g++.mike/eh12.C Execution test
FAIL: g++.mike/eh14.C Execution test
FAIL: g++.mike/eh16.C Execution test
FAIL: g++.mike/eh17.C Execution test
FAIL: g++.mike/eh18.C Execution test
FAIL: g++.mike/eh2.C Execution test
FAIL: g++.mike/eh21.C Execution test
FAIL: g++.mike/eh24.C Execution test
FAIL: g++.mike/eh25.C Execution test
FAIL: g++.mike/eh26.C Execution test
FAIL: g++.mike/eh27.C Execution test
FAIL: g++.mike/eh28.C Execution test
FAIL: g++.mike/eh29.C Execution test
FAIL: g++.mike/eh3.C Execution test
FAIL: g++.mike/eh31.C Execution test
FAIL: g++.mike/eh33.C Execution test
FAIL: g++.mike/eh34.C Execution test
FAIL: g++.mike/eh35.C Execution test
FAIL: g++.mike/eh36.C Execution test
FAIL: g++.mike/eh37.C Execution test
FAIL: g++.mike/eh38.C Execution test
FAIL: g++.mike/eh39.C Execution test
FAIL: g++.mike/eh40.C Execution test
FAIL: g++.mike/eh41.C Execution test
FAIL: g++.mike/eh42.C Execution test
FAIL: g++.mike/eh44.C Execution test
FAIL: g++.mike/eh47.C Execution test
FAIL: g++.mike/eh48.C Execution test
FAIL: g++.mike/eh49.C Execution test
FAIL: g++.mike/eh5.C Execution test
FAIL: g++.mike/eh50.C Execution test
FAIL: g++.mike/eh51.C Execution test
FAIL: g++.mike/eh6.C Execution test
FAIL: g++.mike/eh8.C Execution test
FAIL: g++.mike/p7912.C Execution test
FAIL: g++.mike/p9706.C Execution test
FAIL: g++.other/array1.C Execution test
FAIL: g++.other/init7.C Execution test
FAIL: g++.other/null1.C (test for excess errors)
FAIL: g++.other/singleton.C Execution test
XPASS: g++.pt/instantiate6.C (test for excess errors)
FAIL: g++.pt/static3.C (test for excess errors)
FAIL: g++.pt/static6.C (test for excess errors)
FAIL: g++.robertl/eb31.C Execution test
FAIL: g++.robertl/eb50.C Execution test
FAIL: g++.robertl/eb66.C Execution test
FAIL: g++.robertl/eb88.C Execution test
=== g++ Summary ===
# of expected passes 5092
# of unexpected failures 69
# of unexpected successes 1
# of expected failures 81
# of untested testcases 11
/mnt/video/matthias/src/egcs/DEC/gcc/testsuite/../xgcc version egcs-2.93.22 19990517 (gcc2 ss-980929 experimental)
=== g77 tests ===
Running target unix
=== g77 Summary ===
# of expected passes 604
=== objc tests ===
Running target unix
FAIL: objc/execute/bf-10.m execution, -O
FAIL: objc/execute/bf-16.m execution, -O
FAIL: objc/execute/bf-17.m execution, -O
=== objc Summary ===
# of expected passes 35
# of unexpected failures 3
/mnt/video/matthias/src/egcs/DEC/gcc/xgcc version egcs-2.93.22 19990517 (gcc2 ss-980929 experimental)
Compiler version: egcs-2.93.22 19990517 (gcc2 ss-980929 experimental)
Platform: alphaev56-dec-osf4.0d
configure flags: --with-gcc-version-trigger=/mnt/video/matthias/src/egcs/egcs-19990517/gcc/version.c --host=alphaev56-dec-osf4.0d --prefix=/local/egcs-snapshot --norecursion
Counting all warnings,
there are 191 warnings in stage3 of this bootstrap.
Number of warnings per file:
16 insn-emit.c
12 ../../../egcs-19990517/gcc/java/lex.c
11 ./parse.y
11 ../../egcs-19990517/gcc/reload1.c
10 ../../egcs-19990517/gcc/integrate.c
9 ../../egcs-19990517/gcc/cse.c
8 ../../egcs-19990517/gcc/reload.c
7 ../../egcs-19990517/gcc/combine.c
6 cxxmain.c
6 ../../egcs-19990517/gcc/varasm.c
6 ../../egcs-19990517/gcc/unroll.c
6 ../../egcs-19990517/gcc/objc/objc-act.c
6 ../../egcs-19990517/gcc/loop.c
5 ../../egcs-19990517/gcc/java/jvspec.c
5 ../../egcs-19990517/gcc/calls.c
4 cexp.y
4 ../../egcs-19990517/gcc/tlink.c
4 ../../egcs-19990517/gcc/sdbout.c
4 ../../egcs-19990517/gcc/regmove.c
4 ../../egcs-19990517/gcc/final.c
4 ../../../egcs-19990517/gcc/java/expr.c
3 ../../egcs-19990517/gcc/genopinit.c
3 ../../egcs-19990517/gcc/cccp.c
3 ../../../egcs-19990517/gcc/java/verify.c
2 ../../egcs-19990517/gcc/mips-tfile.c
2 ../../egcs-19990517/gcc/local-alloc.c
2 ../../egcs-19990517/gcc/fold-const.c
2 ../../egcs-19990517/gcc/fix-header.c
2 ../../egcs-19990517/gcc/dbxout.c
2 ../../egcs-19990517/gcc/config/alpha/alpha.c
2 ../../../egcs-19990517/gcc/java/xref.c
2 ../../../egcs-19990517/gcc/java/class.c
1 splay-tree.c
1 insn-recog.c
1 ../../egcs-19990517/gcc/tree.c
1 ../../egcs-19990517/gcc/stupid.c
1 ../../egcs-19990517/gcc/stmt.c
1 ../../egcs-19990517/gcc/scan-decls.c
1 ../../egcs-19990517/gcc/rtl.c
1 ../../egcs-19990517/gcc/regclass.c
1 ../../egcs-19990517/gcc/mips-tdump.c
1 ../../egcs-19990517/gcc/hash.c
1 ../../egcs-19990517/gcc/gcov-io.h
1 ../../egcs-19990517/gcc/f/g77spec.c
1 ../../egcs-19990517/gcc/expr.c
1 ../../egcs-19990517/gcc/cppspec.c
1 ../../egcs-19990517/gcc/collect2.c
1 ../../../egcs-19990517/gcc/java/decl.c
1 ../../../egcs-19990517/gcc/f/com.c
1 ../../../egcs-19990517/gcc/cp/decl.c
Number of warning types:
73 `???' might be used uninitialized in this function
40 unused parameter `???'
33 comparison between signed and unsigned
24 unused variable `???'
12 variable `???' might be clobbered by `longjmp' or `vfork'
2 missing initializer
2 assignment discards qualifiers from pointer target type
2 (near initialization for `???')
1 static declaration for `???' follows non-static
1 implicit declaration of function `???'
1 `???' defined but not used