This is the mail archive of the
egcs-testresults@egcs.cygnus.com
mailing list for the EGCS project.
Results for egcs-2.93.21 19990516 (gcc2 ss-980929 experimental) testsuite on alphaev5-dec-osf4.0b
- To: egcs-testresults@egcs.cygnus.com
- Subject: Results for egcs-2.93.21 19990516 (gcc2 ss-980929 experimental) testsuite on alphaev5-dec-osf4.0b
- From: "Kaveh R. Ghazi" <ghazi@caip.rutgers.edu>
- Date: Sun, 16 May 1999 21:47:16 -0400 (EDT)
Native configuration is alphaev5-dec-osf4.0b
=== libio tests ===
Running target unix/-fPIC
=== libio Summary for unix/-fPIC ===
# of expected passes 40
Running target unix/-fpic
=== libio Summary for unix/-fpic ===
# of expected passes 40
Running target unix
=== libio Summary for unix ===
# of expected passes 40
=== libio Summary ===
# of expected passes 120
=== libstdc++ tests ===
Running target unix/-fPIC
=== libstdc++ Summary for unix/-fPIC ===
# of expected passes 30
Running target unix/-fpic
=== libstdc++ Summary for unix/-fpic ===
# of expected passes 30
Running target unix
=== libstdc++ Summary for unix ===
# of expected passes 30
=== libstdc++ Summary ===
# of expected passes 90
=== gcc tests ===
Running target unix/-fPIC
FAIL: gcc.c-torture/execute/990513-1.c execution, -O2
FAIL: gcc.c-torture/execute/990513-1.c execution, -O3 -fomit-frame-pointer
FAIL: gcc.c-torture/execute/990513-1.c execution, -O3 -fomit-frame-pointer -funroll-loops
FAIL: gcc.c-torture/execute/990513-1.c execution, -O3 -fomit-frame-pointer -funroll-all-loops -finline-functions
FAIL: gcc.c-torture/execute/990513-1.c execution, -O3 -g
FAIL: gcc.c-torture/execute/990513-1.c execution, -Os
FAIL: gcc.c-torture/execute/complex-5.c execution, -O0
FAIL: gcc.c-torture/execute/complex-5.c execution, -O1
FAIL: gcc.c-torture/execute/complex-5.c execution, -O2
FAIL: gcc.c-torture/execute/complex-5.c execution, -O3 -fomit-frame-pointer
FAIL: gcc.c-torture/execute/complex-5.c execution, -O3 -g
FAIL: gcc.c-torture/execute/complex-5.c execution, -Os
FAIL: gcc.c-torture/execute/ieee/mzero2.c execution, -O0
FAIL: gcc.c-torture/execute/ieee/mzero2.c execution, -O1
FAIL: gcc.c-torture/execute/ieee/mzero2.c execution, -O2
FAIL: gcc.c-torture/execute/ieee/mzero2.c execution, -O3 -fomit-frame-pointer
FAIL: gcc.c-torture/execute/ieee/mzero2.c execution, -O3 -g
FAIL: gcc.c-torture/execute/ieee/mzero2.c execution, -Os
XPASS: gcc.c-torture/execute/memcheck/blkarg.c execution, -O0
XPASS: gcc.c-torture/execute/memcheck/blkarg.c execution, -O1
XPASS: gcc.c-torture/execute/memcheck/blkarg.c execution, -O2
XPASS: gcc.c-torture/execute/memcheck/blkarg.c execution, -Os
FAIL: gcc.dg/990119-1.c execution test
FAIL: gcc.dg/cast-qual-1.c discarding `const' warning (test for bogus messages, line 11)
FAIL: gcc.dg/cast-qual-1.c discarding `const' warning (test for warnings, line 17)
FAIL: gcc.dg/compare1.c (test for excess errors)
FAIL: gcc.dg/noreturn-1.c detect falling off end of noreturn (test for warnings, line 9)
FAIL: gcc.dg/noreturn-1.c this function should not get any warnings (test for bogus messages, line 22)
FAIL: gcc.dg/return-type-1.c warning for falling off end of non-void function (test for warnings, line 9)
=== gcc Summary for unix/-fPIC ===
# of expected passes 8077
# of unexpected failures 25
# of unexpected successes 4
# of expected failures 27
# of unsupported tests 24
Running target unix/-fpic
FAIL: gcc.c-torture/execute/990513-1.c execution, -O2
FAIL: gcc.c-torture/execute/990513-1.c execution, -O3 -fomit-frame-pointer
FAIL: gcc.c-torture/execute/990513-1.c execution, -O3 -fomit-frame-pointer -funroll-loops
FAIL: gcc.c-torture/execute/990513-1.c execution, -O3 -fomit-frame-pointer -funroll-all-loops -finline-functions
FAIL: gcc.c-torture/execute/990513-1.c execution, -O3 -g
FAIL: gcc.c-torture/execute/990513-1.c execution, -Os
FAIL: gcc.c-torture/execute/complex-5.c execution, -O0
FAIL: gcc.c-torture/execute/complex-5.c execution, -O1
FAIL: gcc.c-torture/execute/complex-5.c execution, -O2
FAIL: gcc.c-torture/execute/complex-5.c execution, -O3 -fomit-frame-pointer
FAIL: gcc.c-torture/execute/complex-5.c execution, -O3 -g
FAIL: gcc.c-torture/execute/complex-5.c execution, -Os
FAIL: gcc.c-torture/execute/ieee/mzero2.c execution, -O0
FAIL: gcc.c-torture/execute/ieee/mzero2.c execution, -O1
FAIL: gcc.c-torture/execute/ieee/mzero2.c execution, -O2
FAIL: gcc.c-torture/execute/ieee/mzero2.c execution, -O3 -fomit-frame-pointer
FAIL: gcc.c-torture/execute/ieee/mzero2.c execution, -O3 -g
FAIL: gcc.c-torture/execute/ieee/mzero2.c execution, -Os
XPASS: gcc.c-torture/execute/memcheck/blkarg.c execution, -O0
XPASS: gcc.c-torture/execute/memcheck/blkarg.c execution, -O1
XPASS: gcc.c-torture/execute/memcheck/blkarg.c execution, -O2
XPASS: gcc.c-torture/execute/memcheck/blkarg.c execution, -Os
FAIL: gcc.dg/990119-1.c execution test
FAIL: gcc.dg/cast-qual-1.c discarding `const' warning (test for bogus messages, line 11)
FAIL: gcc.dg/cast-qual-1.c discarding `const' warning (test for warnings, line 17)
FAIL: gcc.dg/compare1.c (test for excess errors)
FAIL: gcc.dg/noreturn-1.c detect falling off end of noreturn (test for warnings, line 9)
FAIL: gcc.dg/noreturn-1.c this function should not get any warnings (test for bogus messages, line 22)
FAIL: gcc.dg/return-type-1.c warning for falling off end of non-void function (test for warnings, line 9)
=== gcc Summary for unix/-fpic ===
# of expected passes 8077
# of unexpected failures 25
# of unexpected successes 4
# of expected failures 27
# of unsupported tests 24
Running target unix
FAIL: gcc.c-torture/execute/990513-1.c execution, -O2
FAIL: gcc.c-torture/execute/990513-1.c execution, -O3 -fomit-frame-pointer
FAIL: gcc.c-torture/execute/990513-1.c execution, -O3 -fomit-frame-pointer -funroll-loops
FAIL: gcc.c-torture/execute/990513-1.c execution, -O3 -fomit-frame-pointer -funroll-all-loops -finline-functions
FAIL: gcc.c-torture/execute/990513-1.c execution, -O3 -g
FAIL: gcc.c-torture/execute/990513-1.c execution, -Os
FAIL: gcc.c-torture/execute/complex-5.c execution, -O0
FAIL: gcc.c-torture/execute/complex-5.c execution, -O1
FAIL: gcc.c-torture/execute/complex-5.c execution, -O2
FAIL: gcc.c-torture/execute/complex-5.c execution, -O3 -fomit-frame-pointer
FAIL: gcc.c-torture/execute/complex-5.c execution, -O3 -g
FAIL: gcc.c-torture/execute/complex-5.c execution, -Os
FAIL: gcc.c-torture/execute/ieee/mzero2.c execution, -O0
FAIL: gcc.c-torture/execute/ieee/mzero2.c execution, -O1
FAIL: gcc.c-torture/execute/ieee/mzero2.c execution, -O2
FAIL: gcc.c-torture/execute/ieee/mzero2.c execution, -O3 -fomit-frame-pointer
FAIL: gcc.c-torture/execute/ieee/mzero2.c execution, -O3 -g
FAIL: gcc.c-torture/execute/ieee/mzero2.c execution, -Os
XPASS: gcc.c-torture/execute/memcheck/blkarg.c execution, -O0
XPASS: gcc.c-torture/execute/memcheck/blkarg.c execution, -O1
XPASS: gcc.c-torture/execute/memcheck/blkarg.c execution, -O2
XPASS: gcc.c-torture/execute/memcheck/blkarg.c execution, -Os
FAIL: gcc.dg/990119-1.c execution test
FAIL: gcc.dg/cast-qual-1.c discarding `const' warning (test for bogus messages, line 11)
FAIL: gcc.dg/cast-qual-1.c discarding `const' warning (test for warnings, line 17)
FAIL: gcc.dg/compare1.c (test for excess errors)
FAIL: gcc.dg/noreturn-1.c detect falling off end of noreturn (test for warnings, line 9)
FAIL: gcc.dg/noreturn-1.c this function should not get any warnings (test for bogus messages, line 22)
FAIL: gcc.dg/return-type-1.c warning for falling off end of non-void function (test for warnings, line 9)
=== gcc Summary for unix ===
# of expected passes 8077
# of unexpected failures 25
# of unexpected successes 4
# of expected failures 27
# of unsupported tests 24
=== gcc Summary ===
# of expected passes 24231
# of unexpected failures 75
# of unexpected successes 12
# of expected failures 81
# of unsupported tests 72
/usr/var/tmp/gcc-testing/build/gcc/xgcc version egcs-2.93.21 19990516 (gcc2 ss-980929 experimental)
=== g++ tests ===
Running target unix/-fPIC
FAIL: g++.brendan/eh1.C Execution test
FAIL: g++.eh/cleanup1.C Execution test
FAIL: g++.eh/flow1.C Execution test
FAIL: g++.eh/new1.C Execution test
FAIL: g++.eh/new2.C Execution test
FAIL: g++.eh/pdel1.C Execution test
FAIL: g++.eh/pdel2.C Execution test
FAIL: g++.eh/ptr1.C Execution test
FAIL: g++.eh/rethrow1.C Execution test
FAIL: g++.eh/rethrow2.C Execution test
FAIL: g++.eh/rethrow3.C Execution test
FAIL: g++.eh/rethrow4.C Execution test
FAIL: g++.eh/rethrow5.C Execution test
FAIL: g++.eh/spec1.C Execution test
FAIL: g++.eh/spec2.C Execution test
FAIL: g++.eh/spec3.C Execution test
FAIL: g++.eh/tmpl1.C Execution test
FAIL: g++.eh/unwind1.C Execution test
FAIL: g++.jason/thunk1.C (test for excess errors)
FAIL: g++.jason/thunk2.C (test for excess errors)
FAIL: g++.jason/thunk3.C (test for excess errors)
FAIL: g++.law/vtable2.C (test for excess errors)
FAIL: g++.martin/new1.C Execution test
FAIL: g++.mike/dyncast1.C Execution test
FAIL: g++.mike/dyncast2.C Execution test
FAIL: g++.mike/eh10.C Execution test
FAIL: g++.mike/eh12.C Execution test
FAIL: g++.mike/eh14.C Execution test
FAIL: g++.mike/eh16.C Execution test
FAIL: g++.mike/eh17.C Execution test
FAIL: g++.mike/eh18.C Execution test
FAIL: g++.mike/eh2.C Execution test
FAIL: g++.mike/eh21.C Execution test
FAIL: g++.mike/eh24.C Execution test
FAIL: g++.mike/eh25.C Execution test
FAIL: g++.mike/eh26.C Execution test
FAIL: g++.mike/eh27.C Execution test
FAIL: g++.mike/eh28.C Execution test
FAIL: g++.mike/eh29.C Execution test
FAIL: g++.mike/eh3.C Execution test
FAIL: g++.mike/eh31.C Execution test
FAIL: g++.mike/eh33.C Execution test
FAIL: g++.mike/eh34.C Execution test
FAIL: g++.mike/eh35.C Execution test
FAIL: g++.mike/eh36.C Execution test
FAIL: g++.mike/eh37.C Execution test
FAIL: g++.mike/eh38.C Execution test
FAIL: g++.mike/eh39.C Execution test
FAIL: g++.mike/eh40.C Execution test
FAIL: g++.mike/eh41.C Execution test
FAIL: g++.mike/eh42.C Execution test
FAIL: g++.mike/eh44.C Execution test
FAIL: g++.mike/eh47.C Execution test
FAIL: g++.mike/eh48.C Execution test
FAIL: g++.mike/eh49.C Execution test
FAIL: g++.mike/eh5.C Execution test
FAIL: g++.mike/eh50.C Execution test
FAIL: g++.mike/eh51.C Execution test
FAIL: g++.mike/eh6.C Execution test
FAIL: g++.mike/eh8.C Execution test
FAIL: g++.mike/p7912.C Execution test
FAIL: g++.mike/p9706.C Execution test
FAIL: g++.mike/thunk1.C (test for excess errors)
FAIL: g++.other/array1.C Execution test
FAIL: g++.other/init7.C Execution test
FAIL: g++.other/null1.C (test for excess errors)
FAIL: g++.other/singleton.C Execution test
XPASS: g++.pt/instantiate6.C (test for excess errors)
FAIL: g++.pt/static3.C (test for excess errors)
FAIL: g++.pt/static6.C (test for excess errors)
FAIL: g++.robertl/eb31.C Execution test
FAIL: g++.robertl/eb50.C Execution test
FAIL: g++.robertl/eb66.C Execution test
FAIL: g++.robertl/eb88.C Execution test
=== g++ Summary for unix/-fPIC ===
# of expected passes 5087
# of unexpected failures 73
# of unexpected successes 1
# of expected failures 81
# of untested testcases 11
Running target unix/-fpic
FAIL: g++.brendan/eh1.C Execution test
FAIL: g++.eh/cleanup1.C Execution test
FAIL: g++.eh/flow1.C Execution test
FAIL: g++.eh/new1.C Execution test
FAIL: g++.eh/new2.C Execution test
FAIL: g++.eh/pdel1.C Execution test
FAIL: g++.eh/pdel2.C Execution test
FAIL: g++.eh/ptr1.C Execution test
FAIL: g++.eh/rethrow1.C Execution test
FAIL: g++.eh/rethrow2.C Execution test
FAIL: g++.eh/rethrow3.C Execution test
FAIL: g++.eh/rethrow4.C Execution test
FAIL: g++.eh/rethrow5.C Execution test
FAIL: g++.eh/spec1.C Execution test
FAIL: g++.eh/spec2.C Execution test
FAIL: g++.eh/spec3.C Execution test
FAIL: g++.eh/tmpl1.C Execution test
FAIL: g++.eh/unwind1.C Execution test
FAIL: g++.jason/thunk1.C (test for excess errors)
FAIL: g++.jason/thunk2.C (test for excess errors)
FAIL: g++.jason/thunk3.C (test for excess errors)
FAIL: g++.law/vtable2.C (test for excess errors)
FAIL: g++.martin/new1.C Execution test
FAIL: g++.mike/dyncast1.C Execution test
FAIL: g++.mike/dyncast2.C Execution test
FAIL: g++.mike/eh10.C Execution test
FAIL: g++.mike/eh12.C Execution test
FAIL: g++.mike/eh14.C Execution test
FAIL: g++.mike/eh16.C Execution test
FAIL: g++.mike/eh17.C Execution test
FAIL: g++.mike/eh18.C Execution test
FAIL: g++.mike/eh2.C Execution test
FAIL: g++.mike/eh21.C Execution test
FAIL: g++.mike/eh24.C Execution test
FAIL: g++.mike/eh25.C Execution test
FAIL: g++.mike/eh26.C Execution test
FAIL: g++.mike/eh27.C Execution test
FAIL: g++.mike/eh28.C Execution test
FAIL: g++.mike/eh29.C Execution test
FAIL: g++.mike/eh3.C Execution test
FAIL: g++.mike/eh31.C Execution test
FAIL: g++.mike/eh33.C Execution test
FAIL: g++.mike/eh34.C Execution test
FAIL: g++.mike/eh35.C Execution test
FAIL: g++.mike/eh36.C Execution test
FAIL: g++.mike/eh37.C Execution test
FAIL: g++.mike/eh38.C Execution test
FAIL: g++.mike/eh39.C Execution test
FAIL: g++.mike/eh40.C Execution test
FAIL: g++.mike/eh41.C Execution test
FAIL: g++.mike/eh42.C Execution test
FAIL: g++.mike/eh44.C Execution test
FAIL: g++.mike/eh47.C Execution test
FAIL: g++.mike/eh48.C Execution test
FAIL: g++.mike/eh49.C Execution test
FAIL: g++.mike/eh5.C Execution test
FAIL: g++.mike/eh50.C Execution test
FAIL: g++.mike/eh51.C Execution test
FAIL: g++.mike/eh6.C Execution test
FAIL: g++.mike/eh8.C Execution test
FAIL: g++.mike/p7912.C Execution test
FAIL: g++.mike/p9706.C Execution test
FAIL: g++.mike/thunk1.C (test for excess errors)
FAIL: g++.other/array1.C Execution test
FAIL: g++.other/init7.C Execution test
FAIL: g++.other/null1.C (test for excess errors)
FAIL: g++.other/singleton.C Execution test
XPASS: g++.pt/instantiate6.C (test for excess errors)
FAIL: g++.pt/static3.C (test for excess errors)
FAIL: g++.pt/static6.C (test for excess errors)
FAIL: g++.robertl/eb31.C Execution test
FAIL: g++.robertl/eb50.C Execution test
FAIL: g++.robertl/eb66.C Execution test
FAIL: g++.robertl/eb88.C Execution test
=== g++ Summary for unix/-fpic ===
# of expected passes 5087
# of unexpected failures 73
# of unexpected successes 1
# of expected failures 81
# of untested testcases 11
Running target unix
FAIL: g++.brendan/eh1.C Execution test
FAIL: g++.eh/cleanup1.C Execution test
FAIL: g++.eh/flow1.C Execution test
FAIL: g++.eh/new1.C Execution test
FAIL: g++.eh/new2.C Execution test
FAIL: g++.eh/pdel1.C Execution test
FAIL: g++.eh/pdel2.C Execution test
FAIL: g++.eh/ptr1.C Execution test
FAIL: g++.eh/rethrow1.C Execution test
FAIL: g++.eh/rethrow2.C Execution test
FAIL: g++.eh/rethrow3.C Execution test
FAIL: g++.eh/rethrow4.C Execution test
FAIL: g++.eh/rethrow5.C Execution test
FAIL: g++.eh/spec1.C Execution test
FAIL: g++.eh/spec2.C Execution test
FAIL: g++.eh/spec3.C Execution test
FAIL: g++.eh/tmpl1.C Execution test
FAIL: g++.eh/unwind1.C Execution test
FAIL: g++.jason/thunk2.C (test for excess errors)
FAIL: g++.martin/new1.C Execution test
FAIL: g++.mike/dyncast1.C Execution test
FAIL: g++.mike/dyncast2.C Execution test
FAIL: g++.mike/eh10.C Execution test
FAIL: g++.mike/eh12.C Execution test
FAIL: g++.mike/eh14.C Execution test
FAIL: g++.mike/eh16.C Execution test
FAIL: g++.mike/eh17.C Execution test
FAIL: g++.mike/eh18.C Execution test
FAIL: g++.mike/eh2.C Execution test
FAIL: g++.mike/eh21.C Execution test
FAIL: g++.mike/eh24.C Execution test
FAIL: g++.mike/eh25.C Execution test
FAIL: g++.mike/eh26.C Execution test
FAIL: g++.mike/eh27.C Execution test
FAIL: g++.mike/eh28.C Execution test
FAIL: g++.mike/eh29.C Execution test
FAIL: g++.mike/eh3.C Execution test
FAIL: g++.mike/eh31.C Execution test
FAIL: g++.mike/eh33.C Execution test
FAIL: g++.mike/eh34.C Execution test
FAIL: g++.mike/eh35.C Execution test
FAIL: g++.mike/eh36.C Execution test
FAIL: g++.mike/eh37.C Execution test
FAIL: g++.mike/eh38.C Execution test
FAIL: g++.mike/eh39.C Execution test
FAIL: g++.mike/eh40.C Execution test
FAIL: g++.mike/eh41.C Execution test
FAIL: g++.mike/eh42.C Execution test
FAIL: g++.mike/eh44.C Execution test
FAIL: g++.mike/eh47.C Execution test
FAIL: g++.mike/eh48.C Execution test
FAIL: g++.mike/eh49.C Execution test
FAIL: g++.mike/eh5.C Execution test
FAIL: g++.mike/eh50.C Execution test
FAIL: g++.mike/eh51.C Execution test
FAIL: g++.mike/eh6.C Execution test
FAIL: g++.mike/eh8.C Execution test
FAIL: g++.mike/p7912.C Execution test
FAIL: g++.mike/p9706.C Execution test
FAIL: g++.other/array1.C Execution test
FAIL: g++.other/init7.C Execution test
FAIL: g++.other/null1.C (test for excess errors)
FAIL: g++.other/singleton.C Execution test
XPASS: g++.pt/instantiate6.C (test for excess errors)
FAIL: g++.pt/static3.C (test for excess errors)
FAIL: g++.pt/static6.C (test for excess errors)
FAIL: g++.robertl/eb31.C Execution test
FAIL: g++.robertl/eb50.C Execution test
FAIL: g++.robertl/eb66.C Execution test
FAIL: g++.robertl/eb88.C Execution test
=== g++ Summary for unix ===
# of expected passes 5091
# of unexpected failures 69
# of unexpected successes 1
# of expected failures 81
# of untested testcases 11
=== g++ Summary ===
# of expected passes 15265
# of unexpected failures 215
# of unexpected successes 3
# of expected failures 243
# of untested testcases 33
/usr/var/tmp/gcc-testing/build/gcc/testsuite/../xgcc version egcs-2.93.21 19990516 (gcc2 ss-980929 experimental)
=== g77 tests ===
Running target unix/-fPIC
=== g77 Summary for unix/-fPIC ===
# of expected passes 604
Running target unix/-fpic
=== g77 Summary for unix/-fpic ===
# of expected passes 604
Running target unix
=== g77 Summary for unix ===
# of expected passes 604
=== g77 Summary ===
# of expected passes 1812
=== objc tests ===
Running target unix/-fPIC
FAIL: objc/execute/bf-10.m execution, -O
FAIL: objc/execute/bf-16.m execution, -O
FAIL: objc/execute/bf-17.m execution, -O
=== objc Summary for unix/-fPIC ===
# of expected passes 35
# of unexpected failures 3
Running target unix/-fpic
FAIL: objc/execute/bf-10.m execution, -O
FAIL: objc/execute/bf-16.m execution, -O
FAIL: objc/execute/bf-17.m execution, -O
=== objc Summary for unix/-fpic ===
# of expected passes 35
# of unexpected failures 3
Running target unix
FAIL: objc/execute/bf-10.m execution, -O
FAIL: objc/execute/bf-16.m execution, -O
FAIL: objc/execute/bf-17.m execution, -O
=== objc Summary for unix ===
# of expected passes 35
# of unexpected failures 3
=== objc Summary ===
# of expected passes 105
# of unexpected failures 9
/usr/var/tmp/gcc-testing/build/gcc/xgcc version egcs-2.93.21 19990516 (gcc2 ss-980929 experimental)
Compiler version: egcs-2.93.21 19990516 (gcc2 ss-980929 experimental)
Platform: alphaev5-dec-osf4.0b
configure flags: --with-gcc-version-trigger=/usr/var/tmp/gcc-testing/egcs-CVS19990516/gcc/version.c --host=alphaev5-dec-osf4.0b --verbose --norecursion