This is the mail archive of the
egcs-testresults@egcs.cygnus.com
mailing list for the EGCS project.
Results for egcs-2.93.21 19990513 (gcc2 ss-980929 experimental) testsuite on i686-pc-linux-gnulibc1
- To: egcs-testresults@egcs.cygnus.com
- Subject: Results for egcs-2.93.21 19990513 (gcc2 ss-980929 experimental) testsuite on i686-pc-linux-gnulibc1
- From: Peter Schmid <schmid@snake.iap.physik.tu-darmstadt.de>
- Date: Thu, 13 May 1999 17:21:13 +0200
Native configuration is i686-pc-linux-gnulibc1
=== gcc tests ===
Running target unix
FAIL: gcc.c-torture/execute/ieee/980619-1.c execution, -O1
FAIL: gcc.c-torture/execute/ieee/980619-1.c execution, -O2
FAIL: gcc.c-torture/execute/ieee/980619-1.c execution, -O3 -fomit-frame-pointer
FAIL: gcc.c-torture/execute/ieee/980619-1.c execution, -O3 -fomit-frame-pointer -funroll-loops
FAIL: gcc.c-torture/execute/ieee/980619-1.c execution, -O3 -fomit-frame-pointer -funroll-all-loops -finline-functions
FAIL: gcc.c-torture/execute/ieee/980619-1.c execution, -O3 -g
FAIL: gcc.c-torture/execute/ieee/980619-1.c execution, -Os
FAIL: gcc.dg/990119-1.c execution test
FAIL: gcc.dg/cast-qual-1.c discarding `const' warning (test for bogus messages, line 11)
FAIL: gcc.dg/cast-qual-1.c discarding `const' warning (test for warnings, line 17)
FAIL: gcc.dg/compare1.c (test for excess errors)
FAIL: gcc.dg/return-type-1.c warning for falling off end of non-void function (test for warnings, line 9)
=== gcc Summary ===
# of expected passes 8109
# of unexpected failures 12
# of expected failures 31
# of unsupported tests 13
/home/schmid/trans/egcs/gcc/xgcc version egcs-2.93.21 19990513 (gcc2 ss-980929 experimental)
=== g++ tests ===
Running target unix
=== g++ Summary ===
# of expected passes 5159
# of expected failures 81
# of untested testcases 7
/home/schmid/trans/egcs/gcc/testsuite/../xgcc version egcs-2.93.21 19990513 (gcc2 ss-980929 experimental)
=== g77 tests ===
Running target unix
=== g77 Summary ===
# of expected passes 604
=== objc tests ===
Running target unix
=== objc Summary ===
# of expected passes 38
/home/schmid/trans/egcs/gcc/xgcc version egcs-2.93.21 19990513 (gcc2 ss-980929 experimental)
=== libio tests ===
Running target unix
=== libio Summary ===
# of expected passes 40
=== libstdc++ tests ===
Running target unix
=== libstdc++ Summary ===
# of expected passes 30
Compiler version: egcs-2.93.21 19990513 (gcc2 ss-980929 experimental)
Platform: i686-pc-linux-gnulibc1
configure flags: --with-gcc-version-trigger=/home/schmid/trans/egcs/gcc/version.c --host=i686-pc-linux-gnulibc1 --enable-shared --norecursion