This is the mail archive of the
egcs-testresults@egcs.cygnus.com
mailing list for the EGCS project.
Results for egcs-2.93.21 19990502 (gcc2 ss-980929 experimental) testsuite on i686-redhat6.0-linux-gnu
- To: egcs-testresults@egcs.cygnus.com
- Subject: Results for egcs-2.93.21 19990502 (gcc2 ss-980929 experimental) testsuite on i686-redhat6.0-linux-gnu
- From: Christian Jönsson FOA 72 <chj@lin.foa.se>
- Date: Sun, 09 May 1999 13:45:15 +0200
Native configuration is i686-redhat6.0-linux-gnu
=== libio tests ===
Running target unix/-fPIC
=== libio Summary for unix/-fPIC ===
# of expected passes 40
Running target unix/-fpic
=== libio Summary for unix/-fpic ===
# of expected passes 40
Running target unix
=== libio Summary for unix ===
# of expected passes 40
=== libio Summary ===
# of expected passes 120
=== libstdc++ tests ===
Running target unix/-fPIC
=== libstdc++ Summary for unix/-fPIC ===
# of expected passes 30
Running target unix/-fpic
=== libstdc++ Summary for unix/-fpic ===
# of expected passes 30
Running target unix
=== libstdc++ Summary for unix ===
# of expected passes 30
=== libstdc++ Summary ===
# of expected passes 90
=== gcc tests ===
Running target unix/-fPIC
FAIL: gcc.c-torture/execute/990127-2.c execution, -O3 -fomit-frame-pointer
FAIL: gcc.c-torture/execute/990127-2.c execution, -O3 -g
FAIL: gcc.c-torture/execute/conversion.c execution, -O3 -fomit-frame-pointer
FAIL: gcc.c-torture/execute/conversion.c execution, -O3 -g
FAIL: gcc.dg/990119-1.c execution test
=== gcc Summary for unix/-fPIC ===
# of expected passes 8089
# of unexpected failures 5
# of expected failures 38
# of unsupported tests 13
Running target unix/-fpic
FAIL: gcc.c-torture/execute/990127-2.c execution, -O3 -fomit-frame-pointer
FAIL: gcc.c-torture/execute/990127-2.c execution, -O3 -g
FAIL: gcc.c-torture/execute/conversion.c execution, -O3 -fomit-frame-pointer
FAIL: gcc.c-torture/execute/conversion.c execution, -O3 -g
FAIL: gcc.dg/990119-1.c execution test
=== gcc Summary for unix/-fpic ===
# of expected passes 8089
# of unexpected failures 5
# of expected failures 38
# of unsupported tests 13
Running target unix
FAIL: gcc.dg/990119-1.c execution test
FAIL: gcc.dg/special/weak-1.c execution test
=== gcc Summary for unix ===
# of expected passes 8092
# of unexpected failures 2
# of expected failures 38
# of unsupported tests 13
=== gcc Summary ===
# of expected passes 24270
# of unexpected failures 12
# of expected failures 114
# of unsupported tests 39
/usr/local/src/objdir-egcs-19990502/gcc/xgcc version egcs-2.93.21 19990502 (gcc2 ss-980929 experimental)
=== g++ tests ===
Running target unix/-fPIC
FAIL: g++.dg/special/conpr-1.C execution test
FAIL: g++.dg/special/conpr-2.C execution test
FAIL: g++.dg/special/conpr-3.C execution test
FAIL: g++.dg/special/conpr-3.C execution test
=== g++ Summary for unix/-fPIC ===
# of expected passes 5147
# of unexpected failures 4
# of expected failures 82
# of untested testcases 7
Running target unix/-fpic
FAIL: g++.dg/special/conpr-1.C execution test
FAIL: g++.dg/special/conpr-2.C execution test
FAIL: g++.dg/special/conpr-3.C execution test
FAIL: g++.dg/special/conpr-3.C execution test
=== g++ Summary for unix/-fpic ===
# of expected passes 5147
# of unexpected failures 4
# of expected failures 82
# of untested testcases 7
Running target unix
FAIL: g++.dg/special/conpr-1.C execution test
FAIL: g++.dg/special/conpr-2.C execution test
FAIL: g++.dg/special/conpr-3.C execution test
FAIL: g++.dg/special/conpr-3.C execution test
=== g++ Summary for unix ===
# of expected passes 5147
# of unexpected failures 4
# of expected failures 82
# of untested testcases 7
=== g++ Summary ===
# of expected passes 15441
# of unexpected failures 12
# of expected failures 246
# of untested testcases 21
/usr/local/src/objdir-egcs-19990502/gcc/testsuite/../xgcc version egcs-2.93.21 19990502 (gcc2 ss-980929 experimental)
=== objc tests ===
Running target unix/-fPIC
FAIL: objc/execute/bf-1.m compilation, -O
FAIL: objc/execute/bf-10.m compilation, -O
FAIL: objc/execute/bf-11.m compilation, -O
FAIL: objc/execute/bf-12.m compilation, -O
FAIL: objc/execute/bf-13.m compilation, -O
FAIL: objc/execute/bf-14.m compilation, -O
FAIL: objc/execute/bf-15.m compilation, -O
FAIL: objc/execute/bf-16.m compilation, -O
FAIL: objc/execute/bf-17.m compilation, -O
FAIL: objc/execute/bf-18.m compilation, -O
FAIL: objc/execute/bf-19.m compilation, -O
FAIL: objc/execute/bf-2.m compilation, -O
FAIL: objc/execute/bf-3.m compilation, -O
FAIL: objc/execute/bf-4.m compilation, -O
FAIL: objc/execute/bf-5.m compilation, -O
FAIL: objc/execute/bf-6.m compilation, -O
FAIL: objc/execute/bf-7.m compilation, -O
FAIL: objc/execute/bf-8.m compilation, -O
FAIL: objc/execute/bf-9.m compilation, -O
=== objc Summary for unix/-fPIC ===
# of unexpected failures 19
# of untested testcases 19
Running target unix/-fpic
FAIL: objc/execute/bf-1.m compilation, -O
FAIL: objc/execute/bf-10.m compilation, -O
FAIL: objc/execute/bf-11.m compilation, -O
FAIL: objc/execute/bf-12.m compilation, -O
FAIL: objc/execute/bf-13.m compilation, -O
FAIL: objc/execute/bf-14.m compilation, -O
FAIL: objc/execute/bf-15.m compilation, -O
FAIL: objc/execute/bf-16.m compilation, -O
FAIL: objc/execute/bf-17.m compilation, -O
FAIL: objc/execute/bf-18.m compilation, -O
FAIL: objc/execute/bf-19.m compilation, -O
FAIL: objc/execute/bf-2.m compilation, -O
FAIL: objc/execute/bf-3.m compilation, -O
FAIL: objc/execute/bf-4.m compilation, -O
FAIL: objc/execute/bf-5.m compilation, -O
FAIL: objc/execute/bf-6.m compilation, -O
FAIL: objc/execute/bf-7.m compilation, -O
FAIL: objc/execute/bf-8.m compilation, -O
FAIL: objc/execute/bf-9.m compilation, -O
=== objc Summary for unix/-fpic ===
# of unexpected failures 19
# of untested testcases 19
Running target unix
FAIL: objc/execute/bf-1.m compilation, -O
FAIL: objc/execute/bf-10.m compilation, -O
FAIL: objc/execute/bf-11.m compilation, -O
FAIL: objc/execute/bf-12.m compilation, -O
FAIL: objc/execute/bf-13.m compilation, -O
FAIL: objc/execute/bf-14.m compilation, -O
FAIL: objc/execute/bf-15.m compilation, -O
FAIL: objc/execute/bf-16.m compilation, -O
FAIL: objc/execute/bf-17.m compilation, -O
FAIL: objc/execute/bf-18.m compilation, -O
FAIL: objc/execute/bf-19.m compilation, -O
FAIL: objc/execute/bf-2.m compilation, -O
FAIL: objc/execute/bf-3.m compilation, -O
FAIL: objc/execute/bf-4.m compilation, -O
FAIL: objc/execute/bf-5.m compilation, -O
FAIL: objc/execute/bf-6.m compilation, -O
FAIL: objc/execute/bf-7.m compilation, -O
FAIL: objc/execute/bf-8.m compilation, -O
FAIL: objc/execute/bf-9.m compilation, -O
=== objc Summary for unix ===
# of unexpected failures 19
# of untested testcases 19
=== objc Summary ===
# of unexpected failures 57
# of untested testcases 57
/usr/local/src/objdir-egcs-19990502/gcc/xgcc version egcs-2.93.21 19990502 (gcc2 ss-980929 experimental)
=== g77 tests ===
Running target unix/-fPIC
FAIL: g77.f-torture/compile/19990502-0.f, -O2
FAIL: g77.f-torture/compile/19990502-0.f, -O2 -fomit-frame-pointer -finline-functions
FAIL: g77.f-torture/compile/19990502-0.f, -O2 -fomit-frame-pointer -finline-functions -funroll-loops
FAIL: g77.f-torture/compile/19990502-0.f, -O2 -fomit-frame-pointer -finline-functions -funroll-all-loops
=== g77 Summary for unix/-fPIC ===
# of expected passes 593
# of unexpected failures 4
Running target unix/-fpic
FAIL: g77.f-torture/compile/19990502-0.f, -O2
FAIL: g77.f-torture/compile/19990502-0.f, -O2 -fomit-frame-pointer -finline-functions
FAIL: g77.f-torture/compile/19990502-0.f, -O2 -fomit-frame-pointer -finline-functions -funroll-loops
FAIL: g77.f-torture/compile/19990502-0.f, -O2 -fomit-frame-pointer -finline-functions -funroll-all-loops
=== g77 Summary for unix/-fpic ===
# of expected passes 593
# of unexpected failures 4
Running target unix
FAIL: g77.f-torture/compile/19990502-0.f, -O2
=== g77 Summary for unix ===
# of expected passes 596
# of unexpected failures 1
=== g77 Summary ===
# of expected passes 1782
# of unexpected failures 9
=== tests ===
Running target unix/-fPIC
=== Summary ===
Compiler version: egcs-2.93.21 19990502 (gcc2 ss-980929 experimental)
Platform: i686-redhat6.0-linux-gnu
configure flags: --with-gcc-version-trigger=/usr/local/src/egcs-19990502/gcc/version.c --host=i686-redhat6.0-linux-gnu --enable-threads --norecursion
Counting all warnings,
there are 208 warnings in stage3 of this bootstrap.
Number of warnings per file:
12 ../../../egcs-19990502/gcc/java/lex.c
10 ../../egcs-19990502/gcc/toplev.c
10 ../../egcs-19990502/gcc/integrate.c
9 ./parse.y
9 ../../egcs-19990502/gcc/reload1.c
9 ../../egcs-19990502/gcc/cse.c
8 ../../egcs-19990502/gcc/final.c
7 ../../egcs-19990502/gcc/reload.c
7 ../../egcs-19990502/gcc/combine.c
6 ../../egcs-19990502/gcc/varasm.c
6 ../../egcs-19990502/gcc/unroll.c
6 ../../egcs-19990502/gcc/objc/objc-act.c
6 ../../egcs-19990502/gcc/loop.c
6 ../../egcs-19990502/gcc/dwarf2out.c
6 ../../../egcs-19990502/gcc/java/jcf-reader.c
5 ../../../egcs-19990502/gcc/java/expr.c
4 cxxmain.c
4 cexp.y
4 ../../egcs-19990502/gcc/tlink.c
4 ../../egcs-19990502/gcc/regclass.c
4 ../../egcs-19990502/gcc/reg-stack.c
4 ../../../egcs-19990502/gcc/java/lex.h
4 ../../../egcs-19990502/gcc/java/../hwint.h
3 insn-emit.c
3 ../../egcs-19990502/gcc/sched.c
3 ../../egcs-19990502/gcc/regmove.c
3 ../../egcs-19990502/gcc/genopinit.c
3 ../../egcs-19990502/gcc/cccp.c
3 ../../../egcs-19990502/gcc/java/verify.c
2 insn-recog.c
2 insn-output.c
2 ../../egcs-19990502/gcc/protoize.c
2 ../../egcs-19990502/gcc/local-alloc.c
2 ../../egcs-19990502/gcc/fold-const.c
2 ../../egcs-19990502/gcc/expr.c
2 ../../egcs-19990502/gcc/dbxout.c
2 ../../egcs-19990502/gcc/config/i386/i386.c
2 ../../egcs-19990502/gcc/collect2.c
2 ../../../egcs-19990502/gcc/java/xref.c
2 ../../../egcs-19990502/gcc/java/gjavah.c
2 ../../../egcs-19990502/gcc/java/class.c
1 splay-tree.c
1 ../../egcs-19990502/gcc/tree.c
1 ../../egcs-19990502/gcc/stupid.c
1 ../../egcs-19990502/gcc/stmt.c
1 ../../egcs-19990502/gcc/rtl.c
1 ../../egcs-19990502/gcc/recog.c
1 ../../egcs-19990502/gcc/print-rtl.c
1 ../../egcs-19990502/gcc/hash.c
1 ../../egcs-19990502/gcc/gcov-io.h
1 ../../egcs-19990502/gcc/f/g77spec.c
1 ../../egcs-19990502/gcc/crtstuff.c
1 ../../../egcs-19990502/gcc/java/jcf-io.c
1 ../../../egcs-19990502/gcc/java/javaop.def
1 ../../../egcs-19990502/gcc/java/decl.c
1 ../../../egcs-19990502/gcc/f/com.c
1 ../../../egcs-19990502/gcc/cp/decl.c
Number of warning types:
65 \`???' might be used uninitialized in this function
45 unused parameter \`???'
41 comparison between signed and unsigned
14 variable \`???' might be clobbered by \`longjmp' or \`vfork'
14 implicit declaration of function \`???'
9 initialization from incompatible pointer type
4 unused variable \`???'
4 this is the location of the previous definition
4 \`???' redefined
2 zero-length format string
2 \`???' defined but not used
1 passing arg ??? of \`???' from incompatible pointer type
1 missing initializer
1 comparison between pointer and integer
1 (near initialization for \`???')