This is the mail archive of the
egcs-testresults@egcs.cygnus.com
mailing list for the EGCS project.
Results for egcs-2.93.21 19990505 (gcc2 ss-980929 experimental) testsuite on powerpc-ibm-aix4.1.4.0
- To: egcs-testresults@egcs.cygnus.com
- Subject: Results for egcs-2.93.21 19990505 (gcc2 ss-980929 experimental) testsuite on powerpc-ibm-aix4.1.4.0
- From: "Kaveh R. Ghazi" <ghazi@caip.rutgers.edu>
- Date: Fri, 7 May 1999 09:25:27 -0400 (EDT)
Native configuration is powerpc-ibm-aix4.1.4.0
=== objc tests ===
Running target unix
FAIL: objc/execute/bf-1.m compilation, -O
FAIL: objc/execute/bf-10.m compilation, -O
FAIL: objc/execute/bf-11.m compilation, -O
FAIL: objc/execute/bf-12.m compilation, -O
FAIL: objc/execute/bf-13.m compilation, -O
FAIL: objc/execute/bf-14.m compilation, -O
FAIL: objc/execute/bf-15.m compilation, -O
FAIL: objc/execute/bf-16.m compilation, -O
FAIL: objc/execute/bf-17.m compilation, -O
FAIL: objc/execute/bf-18.m compilation, -O
FAIL: objc/execute/bf-19.m compilation, -O
FAIL: objc/execute/bf-2.m compilation, -O
FAIL: objc/execute/bf-3.m compilation, -O
FAIL: objc/execute/bf-4.m compilation, -O
FAIL: objc/execute/bf-5.m compilation, -O
FAIL: objc/execute/bf-6.m compilation, -O
FAIL: objc/execute/bf-7.m compilation, -O
FAIL: objc/execute/bf-8.m compilation, -O
FAIL: objc/execute/bf-9.m compilation, -O
=== objc Summary ===
# of unexpected failures 19
# of untested testcases 19
/a/caip/a47/u47/ghazi/gcc-testing/aix-test/build/gcc/xgcc version egcs-2.93.21 19990505 (gcc2 ss-980929 experimental)
=== gcc tests ===
Running target unix
FAIL: gcc.c-torture/execute/921208-2.c compilation, -O1
FAIL: gcc.c-torture/execute/921208-2.c compilation, -O2
FAIL: gcc.c-torture/execute/921208-2.c compilation, -Os
FAIL: gcc.c-torture/execute/931004-12.c execution, -O0
FAIL: gcc.c-torture/execute/931004-12.c execution, -O1
FAIL: gcc.c-torture/execute/931004-12.c execution, -O2
FAIL: gcc.c-torture/execute/931004-12.c execution, -O3 -fomit-frame-pointer
FAIL: gcc.c-torture/execute/931004-12.c execution, -O3 -fomit-frame-pointer -funroll-loops
FAIL: gcc.c-torture/execute/931004-12.c execution, -O3 -fomit-frame-pointer -funroll-all-loops -finline-functions
FAIL: gcc.c-torture/execute/931004-12.c execution, -O3 -g
FAIL: gcc.c-torture/execute/931004-12.c execution, -Os
FAIL: gcc.c-torture/execute/complex-5.c execution, -O3 -fomit-frame-pointer
FAIL: gcc.c-torture/execute/complex-5.c execution, -O3 -g
XPASS: gcc.c-torture/execute/memcheck/blkarg.c execution, -O0
XPASS: gcc.c-torture/execute/memcheck/blkarg.c execution, -O1
XPASS: gcc.c-torture/execute/memcheck/blkarg.c execution, -O2
XPASS: gcc.c-torture/execute/memcheck/blkarg.c execution, -O3 -fomit-frame-pointer
XPASS: gcc.c-torture/execute/memcheck/blkarg.c execution, -O3 -g
XPASS: gcc.c-torture/execute/memcheck/blkarg.c execution, -Os
FAIL: gcc.c-torture/noncompile/990416-1.c
FAIL: gcc.dg/980827-1.c (test for excess errors)
FAIL: gcc.dg/990119-1.c execution test
FAIL: gcc.dg/cast-qual-1.c discarding `const' warning (test for bogus messages, line 11)
FAIL: gcc.dg/cast-qual-1.c discarding `const' warning (test for warnings, line 17)
FAIL: gcc.dg/compare1.c (test for excess errors)
FAIL: gcc.dg/return-type-1.c warning for falling off end of non-void function (test for warnings, line 9)
=== gcc Summary ===
# of expected passes 8051
# of unexpected failures 20
# of unexpected successes 6
# of expected failures 25
# of unresolved testcases 3
# of unsupported tests 24
/a/caip/a47/u47/ghazi/gcc-testing/aix-test/build/gcc/xgcc version egcs-2.93.21 19990505 (gcc2 ss-980929 experimental)
=== g77 tests ===
Running target unix
=== g77 Summary ===
# of expected passes 604
=== g++ tests ===
Running target unix
FAIL: g++.brendan/crash18.C (test for excess errors)
FAIL: g++.brendan/crash48.C several errors (test for errors, line 11)
FAIL: g++.brendan/crash48.C (test for excess errors)
FAIL: g++.brendan/crash7.C (test for excess errors)
FAIL: g++.brendan/operators4.C bad type conversion (test for errors, line 91)
FAIL: g++.brendan/operators4.C (test for excess errors)
FAIL: g++.brendan/prepost2.C .* (test for errors, line 9)
FAIL: g++.brendan/prepost2.C (test for excess errors)
FAIL: g++.bugs/900428_02.C (test for errors, line 25)
FAIL: g++.bugs/900428_02.C (test for errors, line 26)
FAIL: g++.jason/access18.C private dtor (test for errors, line 16)
FAIL: g++.jason/access18.C (test for excess errors)
FAIL: g++.jason/overload21.C (test for excess errors)
FAIL: g++.jason/thunk2.C (test for excess errors)
FAIL: g++.jason/thunk3.C (test for excess errors)
FAIL: g++.law/access4.C can't access default ctor (test for errors, line 26)
FAIL: g++.law/access4.C (test for excess errors)
FAIL: g++.law/init1.C (test for excess errors)
FAIL: g++.mike/eh30.C (test for excess errors)
FAIL: g++.mike/p4750.C (test for excess errors)
FAIL: g++.other/delete4.C (test for excess errors)
FAIL: g++.other/delete5.C (test for excess errors)
FAIL: g++.other/dtor4.C destructors may not be const (test for errors, line 30)
FAIL: g++.other/dtor4.C (test for excess errors)
FAIL: g++.other/ptrmem2.C (test for excess errors)
XPASS: g++.pt/decl2.C ICE - (test for errors, line 8)
FAIL: g++.pt/instantiate4.C (test for excess errors)
FAIL: g++.pt/static3.C (test for excess errors)
FAIL: g++.pt/static6.C (test for excess errors)
FAIL: g++.pt/typename8.C (test for excess errors)
FAIL: g++.robertl/eb106.C (test for excess errors)
=== g++ Summary ===
# of expected passes 5127
# of unexpected failures 30
# of unexpected successes 1
# of expected failures 81
# of untested testcases 11
/a/caip/a47/u47/ghazi/gcc-testing/aix-test/build/gcc/testsuite/../xgcc version egcs-2.93.21 19990505 (gcc2 ss-980929 experimental)
=== libstdc++ tests ===
Running target unix
=== libstdc++ Summary ===
# of expected passes 30
=== libio tests ===
Running target unix
=== libio Summary ===
# of expected passes 40
Compiler version: egcs-2.93.21 19990505 (gcc2 ss-980929 experimental)
Platform: powerpc-ibm-aix4.1.4.0
configure flags: --with-gcc-version-trigger=/caip/u47/ghazi/gcc-testing/egcs-CVS19990505/gcc/version.c --host=powerpc-ibm-aix4.1.4.0 --verbose --norecursion
BOOT_CFLAGS=-g -O2 -mminimal-toc