This is the mail archive of the egcs-testresults@egcs.cygnus.com mailing list for the EGCS project. See the EGCS home page for more information.
Index Nav: | [Date Index] [Subject Index] [Author Index] [Thread Index] | |
---|---|---|
Message Nav: | [Date Prev] [Date Next] | [Thread Prev] [Thread Next] |
Native configuration is i686-pc-linux-gnu === libio tests === Running target unix === libio Summary === # of expected passes 40 === libstdc++ tests === Running target unix === libstdc++ Summary === # of expected passes 30 === binutils tests === Running target unix === binutils Summary === # of expected passes 23 # of expected failures 1 === ld tests === Running target unix === ld Summary === # of expected passes 18 === gas tests === Running target unix === gas Summary === # of expected passes 58 === gcc tests === Running target unix FAIL: gcc.dg/990119-1.c execution test FAIL: gcc.dg/cast-qual-1.c discarding `const' warning (test for bogus messages, line 11) FAIL: gcc.dg/cast-qual-1.c discarding `const' warning (test for warnings, line 17) FAIL: gcc.dg/compare1.c (test for excess errors) FAIL: gcc.dg/return-type-1.c warning for falling off end of non-void function (test for warnings, line 9) FAIL: gcc.dg/special/weak-1.c execution test === gcc Summary === # of expected passes 8097 # of unexpected failures 6 # of expected failures 38 # of unsupported tests 13 /usr/local/build/linux-2.2/egcs-19990505/gcc/xgcc version egcs-2.93.21 19990505 (gcc2 ss-980929 experimental) === g++ tests === Running target unix FAIL: g++.dg/special/conpr-1.C execution test FAIL: g++.dg/special/conpr-2.C execution test FAIL: g++.dg/special/conpr-3.C execution test FAIL: g++.dg/special/conpr-3.C execution test FAIL: g++.eh/cleanup1.C Execution test FAIL: g++.eh/flow1.C Execution test FAIL: g++.eh/new1.C Execution test FAIL: g++.eh/new2.C Execution test FAIL: g++.eh/pdel1.C Execution test FAIL: g++.eh/pdel2.C Execution test FAIL: g++.eh/ptr1.C Execution test FAIL: g++.eh/rethrow1.C Execution test FAIL: g++.eh/rethrow2.C Execution test FAIL: g++.eh/rethrow4.C Execution test FAIL: g++.eh/rethrow5.C Execution test FAIL: g++.eh/spec1.C Execution test FAIL: g++.eh/spec2.C Execution test FAIL: g++.eh/spec3.C Execution test FAIL: g++.eh/spec4.C Execution test FAIL: g++.eh/unwind1.C Execution test FAIL: g++.mike/dyncast1.C Execution test FAIL: g++.mike/dyncast2.C Execution test FAIL: g++.mike/eh10.C Execution test FAIL: g++.mike/eh12.C Execution test FAIL: g++.mike/eh14.C Execution test FAIL: g++.mike/eh16.C Execution test FAIL: g++.mike/eh17.C Execution test FAIL: g++.mike/eh18.C Execution test FAIL: g++.mike/eh2.C Execution test FAIL: g++.mike/eh21.C Execution test FAIL: g++.mike/eh23.C Execution test FAIL: g++.mike/eh24.C Execution test FAIL: g++.mike/eh25.C Execution test FAIL: g++.mike/eh26.C Execution test FAIL: g++.mike/eh27.C Execution test FAIL: g++.mike/eh28.C Execution test FAIL: g++.mike/eh29.C Execution test FAIL: g++.mike/eh3.C Execution test FAIL: g++.mike/eh31.C Execution test FAIL: g++.mike/eh33.C Execution test FAIL: g++.mike/eh34.C Execution test FAIL: g++.mike/eh35.C Execution test FAIL: g++.mike/eh36.C Execution test FAIL: g++.mike/eh37.C Execution test FAIL: g++.mike/eh38.C Execution test FAIL: g++.mike/eh39.C Execution test FAIL: g++.mike/eh40.C Execution test FAIL: g++.mike/eh41.C Execution test FAIL: g++.mike/eh42.C Execution test FAIL: g++.mike/eh44.C Execution test FAIL: g++.mike/eh47.C Execution test FAIL: g++.mike/eh48.C Execution test FAIL: g++.mike/eh49.C Execution test FAIL: g++.mike/eh5.C Execution test FAIL: g++.mike/eh50.C Execution test FAIL: g++.mike/eh51.C Execution test FAIL: g++.mike/eh55.C Execution test FAIL: g++.mike/eh6.C Execution test FAIL: g++.mike/eh8.C Execution test FAIL: g++.mike/p7912.C Execution test FAIL: g++.mike/p9706.C Execution test FAIL: g++.other/array1.C Execution test FAIL: g++.other/init7.C Execution test FAIL: g++.other/singleton.C Execution test FAIL: g++.robertl/eb31.C Execution test FAIL: g++.robertl/eb50.C Execution test FAIL: g++.robertl/eb66.C Execution test FAIL: g++.robertl/eb88.C Execution test === g++ Summary === # of expected passes 5093 # of unexpected failures 68 # of expected failures 82 # of untested testcases 7 /usr/local/build/linux-2.2/egcs-19990505/gcc/testsuite/../xgcc version egcs-2.93.21 19990505 (gcc2 ss-980929 experimental) === g77 tests === Running target unix FAIL: g77.f-torture/compile/19990502-0.f, -O2 === g77 Summary === # of expected passes 603 # of unexpected failures 1 === objc tests === Running target unix FAIL: objc/execute/bf-1.m execution, -O FAIL: objc/execute/bf-10.m execution, -O FAIL: objc/execute/bf-11.m execution, -O FAIL: objc/execute/bf-12.m execution, -O FAIL: objc/execute/bf-13.m execution, -O FAIL: objc/execute/bf-14.m execution, -O FAIL: objc/execute/bf-15.m execution, -O FAIL: objc/execute/bf-16.m execution, -O FAIL: objc/execute/bf-17.m execution, -O FAIL: objc/execute/bf-18.m execution, -O FAIL: objc/execute/bf-19.m execution, -O FAIL: objc/execute/bf-2.m execution, -O FAIL: objc/execute/bf-3.m execution, -O FAIL: objc/execute/bf-4.m execution, -O FAIL: objc/execute/bf-5.m execution, -O FAIL: objc/execute/bf-6.m execution, -O FAIL: objc/execute/bf-7.m execution, -O FAIL: objc/execute/bf-8.m execution, -O FAIL: objc/execute/bf-9.m execution, -O === objc Summary === # of expected passes 19 # of unexpected failures 19 /usr/local/build/linux-2.2/egcs-19990505/gcc/xgcc version egcs-2.93.21 19990505 (gcc2 ss-980929 experimental) Compiler version: egcs-2.93.21 19990505 (gcc2 ss-980929 experimental) Platform: i686-pc-linux-gnu configure flags: --with-gcc-version-trigger=/home/acs/cvsroot/egcs/gcc/version.c --host=i686-pc-linux-gnu --prefix=/usr/local/egcs-19990505 --with-gnu-as --without-local-prefix --norecursion