This is the mail archive of the egcs-testresults@egcs.cygnus.com mailing list for the EGCS project. See the EGCS home page for more information.
Index Nav: | [Date Index] [Subject Index] [Author Index] [Thread Index] | |
---|---|---|
Message Nav: | [Date Prev] [Date Next] | [Thread Prev] [Thread Next] |
Native configuration is sparc-sun-solaris2.6 === libio tests === Running target unix === libio Summary === # of expected passes 40 === libstdc++ tests === Running target unix === libstdc++ Summary === # of expected passes 30 === gcc tests === Running target unix FAIL: gcc.c-torture/compile/981001-2.c, -O0 FAIL: gcc.c-torture/compile/981001-2.c, -O1 FAIL: gcc.c-torture/compile/981001-2.c, -O2 FAIL: gcc.c-torture/compile/981001-2.c, -O3 -fomit-frame-pointer FAIL: gcc.c-torture/compile/981001-2.c, -O3 -g FAIL: gcc.c-torture/compile/981001-2.c, -Os FAIL: gcc.dg/990119-1.c execution test FAIL: gcc.dg/cast-qual-1.c discarding \`const' warning (test for bogus messages, line 11) FAIL: gcc.dg/cast-qual-1.c discarding \`const' warning (test for warnings, line 17) FAIL: gcc.dg/return-type-1.c warning for falling off end of non-void function (test for warnings, line 9) === gcc Summary === # of expected passes 8064 # of unexpected failures 10 # of expected failures 31 # of unsupported tests 24 /attic/source/sandbox/build/gcc/xgcc version egcs-2.93.21 19990502 (gcc2 ss-980929 experimental) === g++ tests === Running target unix FAIL: g++.dg/special/conpr-1.C execution test FAIL: g++.dg/special/conpr-2.C execution test FAIL: g++.dg/special/conpr-3.C execution test FAIL: g++.dg/special/conpr-3.C execution test FAIL: g++.brendan/asm-extn1.C caused compiler crash FAIL: g++.law/code-gen5.C (test for excess errors) XPASS: g++.pt/instantiate6.C (test for excess errors) === g++ Summary === # of expected passes 5140 # of unexpected failures 6 # of unexpected successes 1 # of expected failures 81 # of untested testcases 10 /attic/source/sandbox/build/gcc/testsuite/../xgcc version egcs-2.93.21 19990502 (gcc2 ss-980929 experimental) === g77 tests === Running target unix FAIL: g77.f-torture/execute/u77-test.f execution, -O0 FAIL: g77.f-torture/execute/u77-test.f execution, -O1 FAIL: g77.f-torture/execute/u77-test.f execution, -O2 FAIL: g77.f-torture/execute/u77-test.f execution, -O2 -fomit-frame-pointer -finline-functions FAIL: g77.f-torture/execute/u77-test.f execution, -O2 -fomit-frame-pointer -finline-functions -funroll-loops FAIL: g77.f-torture/execute/u77-test.f execution, -O2 -fomit-frame-pointer -finline-functions -funroll-all-loops FAIL: g77.f-torture/execute/u77-test.f execution, -Os === g77 Summary === # of expected passes 597 # of unexpected failures 7 === objc tests === Running target unix FAIL: objc/execute/bf-1.m compilation, -O FAIL: objc/execute/bf-10.m compilation, -O FAIL: objc/execute/bf-11.m compilation, -O FAIL: objc/execute/bf-12.m compilation, -O FAIL: objc/execute/bf-13.m compilation, -O FAIL: objc/execute/bf-14.m compilation, -O FAIL: objc/execute/bf-15.m compilation, -O FAIL: objc/execute/bf-16.m compilation, -O FAIL: objc/execute/bf-17.m compilation, -O FAIL: objc/execute/bf-18.m compilation, -O FAIL: objc/execute/bf-19.m compilation, -O FAIL: objc/execute/bf-2.m compilation, -O FAIL: objc/execute/bf-3.m compilation, -O FAIL: objc/execute/bf-4.m compilation, -O FAIL: objc/execute/bf-5.m compilation, -O FAIL: objc/execute/bf-6.m compilation, -O FAIL: objc/execute/bf-7.m compilation, -O FAIL: objc/execute/bf-8.m compilation, -O FAIL: objc/execute/bf-9.m compilation, -O === objc Summary === # of unexpected failures 19 # of untested testcases 19 /attic/source/sandbox/build/gcc/xgcc version egcs-2.93.21 19990502 (gcc2 ss-980929 experimental) Compiler version: egcs-2.93.21 19990502 (gcc2 ss-980929 experimental) Platform: sparc-sun-solaris2.6 configure flags: --with-gcc-version-trigger=/attic/source/sandbox/egcs/gcc/version.c --host=sparc-sun-solaris2.6 --prefix=/attic/source/sandbox/ --verbose --norecursion