This is the mail archive of the egcs-testresults@egcs.cygnus.com mailing list for the EGCS project. See the EGCS home page for more information.
Index Nav: | [Date Index] [Subject Index] [Author Index] [Thread Index] | |
---|---|---|
Message Nav: | [Date Prev] [Date Next] | [Thread Prev] [Thread Next] |
Native configuration is powerpc-ibm-aix4.1.5.0 === libio tests === Running target unix === libio Summary === # of expected passes 40 === libstdc++ tests === Running target unix === libstdc++ Summary === # of expected passes 30 === gcc tests === Running target unix FAIL: gcc.c-torture/execute/920501-2.c compilation, -O3 -g FAIL: gcc.c-torture/execute/921208-2.c compilation, -O1 FAIL: gcc.c-torture/execute/921208-2.c compilation, -O2 FAIL: gcc.c-torture/execute/921208-2.c compilation, -Os FAIL: gcc.c-torture/execute/931004-12.c execution, -O0 FAIL: gcc.c-torture/execute/931004-12.c execution, -O1 FAIL: gcc.c-torture/execute/931004-12.c execution, -O2 FAIL: gcc.c-torture/execute/931004-12.c execution, -O3 -fomit-frame-pointer FAIL: gcc.c-torture/execute/931004-12.c execution, -O3 -fomit-frame-pointer -funroll-loops FAIL: gcc.c-torture/execute/931004-12.c execution, -O3 -fomit-frame-pointer -funroll-all-loops -finline-functions FAIL: gcc.c-torture/execute/931004-12.c execution, -O3 -g FAIL: gcc.c-torture/execute/931004-12.c execution, -Os FAIL: gcc.c-torture/execute/960302-1.c compilation, -O0 FAIL: gcc.c-torture/execute/990127-2.c compilation, -O3 -fomit-frame-pointer FAIL: gcc.c-torture/execute/complex-5.c execution, -O3 -fomit-frame-pointer FAIL: gcc.c-torture/execute/complex-5.c execution, -O3 -g FAIL: gcc.c-torture/execute/int-compare.c compilation, -O0 FAIL: gcc.c-torture/execute/strct-pack-3.c compilation, -O1 XPASS: gcc.c-torture/execute/memcheck/blkarg.c execution, -O0 XPASS: gcc.c-torture/execute/memcheck/blkarg.c execution, -O1 XPASS: gcc.c-torture/execute/memcheck/blkarg.c execution, -O2 XPASS: gcc.c-torture/execute/memcheck/blkarg.c execution, -O3 -fomit-frame-pointer XPASS: gcc.c-torture/execute/memcheck/blkarg.c execution, -O3 -g XPASS: gcc.c-torture/execute/memcheck/blkarg.c execution, -Os FAIL: gcc.c-torture/unsorted/dimul.c, -Os FAIL: gcc.c-torture/unsorted/mu.c, -O2 FAIL: gcc.dg/980827-1.c (test for excess errors) FAIL: gcc.dg/990119-1.c execution test === gcc Summary === # of expected passes 8035 # of unexpected failures 22 # of unexpected successes 6 # of expected failures 25 # of unresolved testcases 8 # of unsupported tests 24 /tmp_mnt/data/video/matthias/src/AIX/gcc/xgcc version egcs-2.93.20 19990427 (gcc2 ss-980929 experimental) === g++ tests === Running target unix FAIL: g++.benjamin/15351-2.C (test for excess errors) === g++ Summary === # of expected passes 1609 # of unexpected failures 1 # of expected failures 26 # of untested testcases 4 /tmp_mnt/data/video/matthias/src/AIX/gcc/testsuite/../xgcc version egcs-2.93.20 19990427 (gcc2 ss-980929 experimental) === g77 tests === Running target unix === g77 Summary === # of expected passes 590 === objc tests === Running target unix FAIL: objc/execute/bf-1.m compilation, -O FAIL: objc/execute/bf-10.m compilation, -O FAIL: objc/execute/bf-11.m compilation, -O FAIL: objc/execute/bf-12.m compilation, -O FAIL: objc/execute/bf-13.m compilation, -O FAIL: objc/execute/bf-14.m compilation, -O FAIL: objc/execute/bf-15.m compilation, -O FAIL: objc/execute/bf-16.m compilation, -O FAIL: objc/execute/bf-17.m compilation, -O FAIL: objc/execute/bf-18.m compilation, -O FAIL: objc/execute/bf-19.m compilation, -O FAIL: objc/execute/bf-2.m compilation, -O FAIL: objc/execute/bf-3.m compilation, -O FAIL: objc/execute/bf-4.m compilation, -O FAIL: objc/execute/bf-5.m compilation, -O FAIL: objc/execute/bf-6.m compilation, -O FAIL: objc/execute/bf-7.m compilation, -O FAIL: objc/execute/bf-8.m compilation, -O FAIL: objc/execute/bf-9.m compilation, -O === objc Summary === # of unexpected failures 19 # of untested testcases 19 /tmp_mnt/data/video/matthias/src/AIX/gcc/xgcc version egcs-2.93.20 19990427 (gcc2 ss-980929 experimental) Compiler version: egcs-2.93.20 19990427 (gcc2 ss-980929 experimental) Platform: powerpc-ibm-aix4.1.5.0 configure flags: --with-gcc-version-trigger=/data/video/matthias/src/egcs-19990428/gcc/version.c --host=powerpc-ibm-aix4.1.5.0 --prefix=/local/egcs-snapshot --norecursion Counting all warnings, there are 282 warnings in stage3 of this bootstrap. Number of warnings per file: 86 ../../egcs-19990428/gcc/toplev.c 12 ../../../egcs-19990428/gcc/java/lex.c 11 ../../egcs-19990428/gcc/reload1.c 11 ../../egcs-19990428/gcc/loop.c 10 ../../egcs-19990428/gcc/integrate.c 10 ../../egcs-19990428/gcc/cse.c 9 ./parse.y 8 ../../egcs-19990428/gcc/reload.c 7 ../../egcs-19990428/gcc/combine.c 7 ../../egcs-19990428/gcc/calls.c 6 ../../egcs-19990428/gcc/varasm.c 6 ../../egcs-19990428/gcc/unroll.c 6 ../../egcs-19990428/gcc/objc/objc-act.c 6 ../../../egcs-19990428/gcc/java/jcf-reader.c 5 ../../egcs-19990428/gcc/regmove.c 5 ../../../egcs-19990428/gcc/java/expr.c 4 cxxmain.c 4 cexp.y 4 ../../egcs-19990428/gcc/tlink.c 4 ../../egcs-19990428/gcc/final.c 4 ../../egcs-19990428/gcc/collect2.c 4 ../../../egcs-19990428/gcc/java/lex.h 4 ../../../egcs-19990428/gcc/java/../hwint.h 3 ../../egcs-19990428/gcc/genopinit.c 3 ../../egcs-19990428/gcc/expr.c 3 ../../egcs-19990428/gcc/cccp.c 3 ../../../egcs-19990428/gcc/java/verify.c 2 ../../egcs-19990428/gcc/local-alloc.c 2 ../../egcs-19990428/gcc/fold-const.c 2 ../../egcs-19990428/gcc/fix-header.c 2 ../../egcs-19990428/gcc/dbxout.c 2 ../../egcs-19990428/gcc/alias.c 2 ../../../egcs-19990428/gcc/java/xref.c 2 ../../../egcs-19990428/gcc/java/gjavah.c 2 ../../../egcs-19990428/gcc/java/class.c 1 splay-tree.c 1 ../../egcs-19990428/gcc/tree.c 1 ../../egcs-19990428/gcc/stupid.c 1 ../../egcs-19990428/gcc/stmt.c 1 ../../egcs-19990428/gcc/scan-decls.c 1 ../../egcs-19990428/gcc/rtl.c 1 ../../egcs-19990428/gcc/regclass.c 1 ../../egcs-19990428/gcc/jump.c 1 ../../egcs-19990428/gcc/hash.c 1 ../../egcs-19990428/gcc/gcov-io.h 1 ../../egcs-19990428/gcc/f/g77spec.c 1 ../../egcs-19990428/gcc/explow.c 1 ../../egcs-19990428/gcc/emit-rtl.c 1 ../../egcs-19990428/gcc/config/rs6000/rs6000.c 1 ../../../egcs-19990428/gcc/java/jcf-io.c 1 ../../../egcs-19990428/gcc/java/javaop.def 1 ../../../egcs-19990428/gcc/java/decl.c 1 ../../../egcs-19990428/gcc/f/com.c 1 ../../../egcs-19990428/gcc/cp/expr.c 1 ../../../egcs-19990428/gcc/cp/decl.c 1 ../../../egcs-19990428/gcc/ch/expr.c Number of warning types: 73 `???' might be used uninitialized in this function 51 comparison between signed and unsigned 44 missing initializer 44 (near initialization for `???') 40 unused parameter `???' 12 variable `???' might be clobbered by `longjmp' or `vfork' 7 unused variable `???' 4 this is the location of the previous definition 4 `???' redefined 2 implicit declaration of function `???' 1 `???' defined but not used