This is the mail archive of the egcs-testresults@egcs.cygnus.com mailing list for the EGCS project. See the EGCS home page for more information.
Index Nav: | [Date Index] [Subject Index] [Author Index] [Thread Index] | |
---|---|---|
Message Nav: | [Date Prev] [Date Next] | [Thread Prev] [Thread Next] |
Native configuration is sparc-sun-solaris2.6 === libio tests === Running target unix === libio Summary === # of expected passes 40 === libstdc++ tests === Running target unix === libstdc++ Summary === # of expected passes 30 === gcc tests === Running target unix FAIL: gcc.dg/990119-1.c execution test === gcc Summary === # of expected passes 8073 # of unexpected failures 1 # of expected failures 31 # of unsupported tests 25 /1/egcs/egcs-solaris/gcc/xgcc version egcs-2.93.20 19990502 (gcc2 ss-980929 experimental) === g++ tests === Running target unix FAIL: g++.dg/special/conpr-1.C execution test FAIL: g++.dg/special/conpr-2.C execution test FAIL: g++.dg/special/conpr-3.C execution test FAIL: g++.dg/special/conpr-3.C execution test FAIL: g++.brendan/asm-extn1.C caused compiler crash XPASS: g++.pt/instantiate6.C (test for excess errors) === g++ Summary === # of expected passes 5142 # of unexpected failures 5 # of unexpected successes 1 # of expected failures 80 # of untested testcases 10 /1/egcs/egcs-solaris/gcc/testsuite/../xgcc version egcs-2.93.20 19990502 (gcc2 ss-980929 experimental) === g77 tests === Running target unix FAIL: g77.f-torture/execute/u77-test.f execution, -O0 FAIL: g77.f-torture/execute/u77-test.f execution, -O1 FAIL: g77.f-torture/execute/u77-test.f execution, -O2 FAIL: g77.f-torture/execute/u77-test.f execution, -O2 -fomit-frame-pointer -finline-functions FAIL: g77.f-torture/execute/u77-test.f execution, -O2 -fomit-frame-pointer -finline-functions -funroll-loops FAIL: g77.f-torture/execute/u77-test.f execution, -O2 -fomit-frame-pointer -finline-functions -funroll-all-loops FAIL: g77.f-torture/execute/u77-test.f execution, -Os === g77 Summary === # of expected passes 590 # of unexpected failures 7 === objc tests === Running target unix FAIL: objc/execute/bf-1.m compilation, -O FAIL: objc/execute/bf-10.m compilation, -O FAIL: objc/execute/bf-11.m compilation, -O FAIL: objc/execute/bf-12.m compilation, -O FAIL: objc/execute/bf-13.m compilation, -O FAIL: objc/execute/bf-14.m compilation, -O FAIL: objc/execute/bf-15.m compilation, -O FAIL: objc/execute/bf-16.m compilation, -O FAIL: objc/execute/bf-17.m compilation, -O FAIL: objc/execute/bf-18.m compilation, -O FAIL: objc/execute/bf-19.m compilation, -O FAIL: objc/execute/bf-2.m compilation, -O FAIL: objc/execute/bf-3.m compilation, -O FAIL: objc/execute/bf-4.m compilation, -O FAIL: objc/execute/bf-5.m compilation, -O FAIL: objc/execute/bf-6.m compilation, -O FAIL: objc/execute/bf-7.m compilation, -O FAIL: objc/execute/bf-8.m compilation, -O FAIL: objc/execute/bf-9.m compilation, -O === objc Summary === # of unexpected failures 19 # of untested testcases 19 /1/egcs/egcs-solaris/gcc/xgcc version egcs-2.93.20 19990502 (gcc2 ss-980929 experimental) Compiler version: egcs-2.93.20 19990502 (gcc2 ss-980929 experimental) Platform: sparc-sun-solaris2.6 configure flags: --with-gcc-version-trigger=/1/egcs/egcs/gcc/version.c --host=sparc-sun-solaris2.6 --srcdir=../egcs --prefix=/u/corse/2/robotvis/gnu/bin/egcs --with-fast-fixincludes --with-as=/u/corse/2/robotvis/gnu/bin/binutils/bin/as --norecursion Counting all warnings, there are 205 warnings in stage3 of this bootstrap. Number of warnings per file: 12 ../../../egcs/gcc/java/lex.c 10 ../../egcs/gcc/integrate.c 10 ../../egcs/gcc/cse.c 9 ./parse.y 8 ../../egcs/gcc/reload1.c 8 ../../egcs/gcc/calls.c 7 ../../egcs/gcc/final.c 7 ../../egcs/gcc/combine.c 6 ../../egcs/gcc/unroll.c 6 ../../egcs/gcc/reload.c 6 ../../egcs/gcc/objc/objc-act.c 6 ../../egcs/gcc/loop.c 6 ../../egcs/gcc/dwarf2out.c 6 ../../../egcs/gcc/java/jcf-reader.c 5 ../../egcs/gcc/varasm.c 5 ../../../egcs/gcc/java/expr.c 4 cxxmain.c 4 cexp.y 4 ../../egcs/gcc/tlink.c 4 ../../egcs/gcc/regmove.c 4 ../../egcs/gcc/expr.c 4 ../../../egcs/gcc/java/lex.h 4 ../../../egcs/gcc/java/../hwint.h 4 ../../../egcs/gcc/ch/actions.c 3 ../../egcs/gcc/genopinit.c 3 ../../egcs/gcc/cccp.c 3 ../../../egcs/gcc/java/verify.c 2 insn-attrtab.c 2 ../../egcs/gcc/local-alloc.c 2 ../../egcs/gcc/fold-const.c 2 ../../egcs/gcc/fix-header.c 2 ../../egcs/gcc/dbxout.c 2 ../../egcs/gcc/cpphash.c 2 ../../egcs/gcc/collect2.c 2 ../../egcs/gcc/alias.c 2 ../../../egcs/gcc/java/xref.c 2 ../../../egcs/gcc/java/gjavah.c 2 ../../../egcs/gcc/java/class.c 1 splay-tree.c 1 insn-emit.c 1 ../../egcs/gcc/tree.c 1 ../../egcs/gcc/stupid.c 1 ../../egcs/gcc/stmt.c 1 ../../egcs/gcc/scan-decls.c 1 ../../egcs/gcc/rtl.c 1 ../../egcs/gcc/regclass.c 1 ../../egcs/gcc/jump.c 1 ../../egcs/gcc/hash.c 1 ../../egcs/gcc/genattrtab.c 1 ../../egcs/gcc/gcov-io.h 1 ../../egcs/gcc/function.c 1 ../../egcs/gcc/flow.c 1 ../../egcs/gcc/f/g77spec.c 1 ../../egcs/gcc/explow.c 1 ../../egcs/gcc/emit-rtl.c 1 ../../../egcs/gcc/java/jcf-io.c 1 ../../../egcs/gcc/java/javaop.def 1 ../../../egcs/gcc/java/decl.c 1 ../../../egcs/gcc/f/com.c 1 ../../../egcs/gcc/cp/sig.c 1 ../../../egcs/gcc/cp/expr.c 1 ../../../egcs/gcc/cp/decl.c 1 ../../../egcs/gcc/ch/expr.c Number of warning types: 80 `???' might be used uninitialized in this function 48 comparison between signed and unsigned 45 unused parameter `???' 12 variable `???' might be clobbered by `longjmp' or `vfork' 4 this is the location of the previous definition 4 `???' redefined 3 unused variable `???' 3 implicit declaration of function `???' 3 empty body in an else-statement 1 missing initializer 1 `???' defined but not used 1 (near initialization for `???')