This is the mail archive of the egcs-testresults@egcs.cygnus.com mailing list for the EGCS project. See the EGCS home page for more information.
Index Nav: | [Date Index] [Subject Index] [Author Index] [Thread Index] | |
---|---|---|
Message Nav: | [Date Prev] [Date Next] | [Thread Prev] [Thread Next] |
Native configuration is mips-sgi-irix5.2 === g++ tests === Running target unix FAIL: g++.brendan/eh1.C Execution test FAIL: g++.eh/cleanup1.C Execution test FAIL: g++.eh/flow1.C Execution test FAIL: g++.eh/new1.C Execution test FAIL: g++.eh/new2.C Execution test FAIL: g++.eh/pdel1.C Execution test FAIL: g++.eh/pdel2.C Execution test FAIL: g++.eh/ptr1.C Execution test FAIL: g++.eh/rethrow1.C Execution test FAIL: g++.eh/rethrow2.C Execution test FAIL: g++.eh/rethrow3.C Execution test FAIL: g++.eh/rethrow4.C Execution test FAIL: g++.eh/rethrow5.C Execution test FAIL: g++.eh/spec1.C Execution test FAIL: g++.eh/spec2.C Execution test FAIL: g++.eh/spec3.C Execution test FAIL: g++.eh/spec4.C Execution test FAIL: g++.eh/tmpl1.C Execution test FAIL: g++.eh/unwind1.C Execution test FAIL: g++.martin/new1.C Execution test FAIL: g++.mike/dyncast1.C Execution test FAIL: g++.mike/dyncast2.C Execution test FAIL: g++.mike/eh10.C Execution test FAIL: g++.mike/eh12.C Execution test FAIL: g++.mike/eh14.C Execution test FAIL: g++.mike/eh16.C Execution test FAIL: g++.mike/eh17.C Execution test FAIL: g++.mike/eh18.C Execution test FAIL: g++.mike/eh2.C Execution test FAIL: g++.mike/eh21.C Execution test FAIL: g++.mike/eh23.C Execution test FAIL: g++.mike/eh24.C Execution test FAIL: g++.mike/eh25.C Execution test FAIL: g++.mike/eh26.C Execution test FAIL: g++.mike/eh27.C Execution test FAIL: g++.mike/eh28.C Execution test FAIL: g++.mike/eh29.C Execution test FAIL: g++.mike/eh3.C Execution test FAIL: g++.mike/eh31.C Execution test FAIL: g++.mike/eh33.C Execution test FAIL: g++.mike/eh34.C Execution test FAIL: g++.mike/eh35.C Execution test FAIL: g++.mike/eh36.C Execution test FAIL: g++.mike/eh37.C Execution test FAIL: g++.mike/eh38.C Execution test FAIL: g++.mike/eh39.C Execution test FAIL: g++.mike/eh40.C Execution test FAIL: g++.mike/eh41.C Execution test FAIL: g++.mike/eh42.C Execution test FAIL: g++.mike/eh44.C Execution test FAIL: g++.mike/eh47.C Execution test FAIL: g++.mike/eh48.C Execution test FAIL: g++.mike/eh49.C Execution test FAIL: g++.mike/eh5.C Execution test FAIL: g++.mike/eh50.C Execution test FAIL: g++.mike/eh51.C Execution test FAIL: g++.mike/eh55.C Execution test FAIL: g++.mike/eh6.C Execution test FAIL: g++.mike/eh8.C Execution test FAIL: g++.mike/p7912.C Execution test FAIL: g++.mike/p9706.C Execution test FAIL: g++.other/array1.C Execution test FAIL: g++.other/init7.C Execution test FAIL: g++.other/singleton.C Execution test XPASS: g++.pt/instantiate6.C (test for excess errors) FAIL: g++.pt/static3.C (test for excess errors) FAIL: g++.pt/static6.C (test for excess errors) FAIL: g++.robertl/eb31.C Execution test FAIL: g++.robertl/eb50.C Execution test FAIL: g++.robertl/eb66.C Execution test FAIL: g++.robertl/eb88.C Execution test === g++ Summary === # of expected passes 5054 # of unexpected failures 70 # of unexpected successes 1 # of expected failures 84 # of untested testcases 11 /tmp/egcs/gcc/testsuite/../xgcc version egcs-2.93.20 19990427 (gcc2 ss-980929 experimental) === g77 tests === Running target unix FAIL: g77.f-torture/execute/19990313-0.f compilation, -O2 -fomit-frame-pointer -finline-functions FAIL: g77.f-torture/execute/19990313-2.f compilation, -Os === g77 Summary === # of expected passes 586 # of unexpected failures 2 # of untested testcases 2 === gcc tests === Running target unix FAIL: gcc.c-torture/execute/930930-1.c compilation, -Os FAIL: gcc.c-torture/execute/ieee/920810-1.c compilation, -O1 XPASS: gcc.c-torture/execute/memcheck/blkarg.c execution, -O0 XPASS: gcc.c-torture/execute/memcheck/blkarg.c execution, -O1 XPASS: gcc.c-torture/execute/memcheck/blkarg.c execution, -O2 XPASS: gcc.c-torture/execute/memcheck/blkarg.c execution, -Os FAIL: gcc.dg/990119-1.c execution test FAIL: gcc.dg/special/weak-1.c (test for excess errors) FAIL: gcc.dg/special/weak-1.c execution test FAIL: gcc.dg/special/weak-2.c (test for excess errors) FAIL: gcc.dg/special/weak-2.c execution test FAIL: gcc.dg/special/alias-1.c (test for excess errors) FAIL: gcc.dg/special/wkali-1.c (test for excess errors) FAIL: wkali-2a.o === gcc Summary === # of expected passes 8059 # of unexpected failures 10 # of unexpected successes 4 # of expected failures 27 # of unresolved testcases 2 # of unsupported tests 25 /tmp/egcs/gcc/xgcc version egcs-2.93.20 19990427 (gcc2 ss-980929 experimental) === libg++ tests === Running target unix === libg++ Summary === # of expected passes 72 === libio tests === Running target unix FAIL: tiformat.c compilation === libio Summary === # of expected passes 38 # of unexpected failures 1 # of expected failures 1 === libstdc++ tests === Running target unix === libstdc++ Summary === # of expected passes 30 === objc tests === Running target unix === objc Summary === # of expected passes 38 /tmp/egcs/gcc/xgcc version egcs-2.93.20 19990427 (gcc2 ss-980929 experimental) Compiler version: egcs-2.93.20 19990427 (gcc2 ss-980929 experimental) Platform: mips-sgi-irix5.2 BOOT_CFLAGS: -g -O9 -W -Wall Counting all warnings, there are 186 warnings in stage3 of this bootstrap. Number of warnings per file: 12 /home/phd/oliva/src/egcs/gcc/java/lex.c 10 /home/phd/oliva/src/egcs/gcc/integrate.c 9 /home/phd/oliva/src/egcs/gcc/varasm.c 9 /home/phd/oliva/src/egcs/gcc/cse.c 9 ./parse.y 7 /home/phd/oliva/src/egcs/gcc/reload1.c 7 /home/phd/oliva/src/egcs/gcc/combine.c 7 /home/phd/oliva/src/egcs/gcc/calls.c 6 /home/phd/oliva/src/egcs/gcc/unroll.c 6 /home/phd/oliva/src/egcs/gcc/reload.c 6 /home/phd/oliva/src/egcs/gcc/objc/objc-act.c 6 /home/phd/oliva/src/egcs/gcc/loop.c 6 /home/phd/oliva/src/egcs/gcc/java/jcf-reader.c 6 /home/phd/oliva/src/egcs/gcc/java/expr.c 5 /home/phd/oliva/src/egcs/gcc/sdbout.c 4 cxxmain.c 4 cexp.y 4 /home/phd/oliva/src/egcs/gcc/tlink.c 4 /home/phd/oliva/src/egcs/gcc/java/lex.h 4 /home/phd/oliva/src/egcs/gcc/java/../hwint.h 4 /home/phd/oliva/src/egcs/gcc/final.c 3 /home/phd/oliva/src/egcs/gcc/regmove.c 3 /home/phd/oliva/src/egcs/gcc/java/verify.c 3 /home/phd/oliva/src/egcs/gcc/genopinit.c 3 /home/phd/oliva/src/egcs/gcc/cccp.c 2 insn-attrtab.c 2 /home/phd/oliva/src/egcs/gcc/sched.c 2 /home/phd/oliva/src/egcs/gcc/local-alloc.c 2 /home/phd/oliva/src/egcs/gcc/java/xref.c 2 /home/phd/oliva/src/egcs/gcc/java/gjavah.c 2 /home/phd/oliva/src/egcs/gcc/java/class.c 2 /home/phd/oliva/src/egcs/gcc/fold-const.c 2 /home/phd/oliva/src/egcs/gcc/fix-header.c 2 /home/phd/oliva/src/egcs/gcc/expr.c 2 /home/phd/oliva/src/egcs/gcc/dbxout.c 2 /home/phd/oliva/src/egcs/gcc/config/mips/mips.c 1 splay-tree.c 1 /home/phd/oliva/src/egcs/gcc/tree.c 1 /home/phd/oliva/src/egcs/gcc/stupid.c 1 /home/phd/oliva/src/egcs/gcc/stmt.c 1 /home/phd/oliva/src/egcs/gcc/scan-decls.c 1 /home/phd/oliva/src/egcs/gcc/rtl.c 1 /home/phd/oliva/src/egcs/gcc/regclass.c 1 /home/phd/oliva/src/egcs/gcc/java/jcf-write.c 1 /home/phd/oliva/src/egcs/gcc/java/jcf-io.c 1 /home/phd/oliva/src/egcs/gcc/java/jcf-dump.c 1 /home/phd/oliva/src/egcs/gcc/java/javaop.def 1 /home/phd/oliva/src/egcs/gcc/java/decl.c 1 /home/phd/oliva/src/egcs/gcc/hash.c 1 /home/phd/oliva/src/egcs/gcc/f/g77spec.c 1 /home/phd/oliva/src/egcs/gcc/f/com.c 1 /home/phd/oliva/src/egcs/gcc/cp/decl.c 1 /home/phd/oliva/src/egcs/gcc/collect2.c Number of warning types: 71 `???' might be used uninitialized in this function 45 unused parameter `???' 39 comparison between signed and unsigned 13 variable `???' might be clobbered by `longjmp' or `vfork' 4 unused variable `???' 4 this is the location of the previous definition 4 `???' redefined 3 control reaches end of non-void function 1 missing initializer 1 implicit declaration of function `???' 1 (near initialization for `???')