This is the mail archive of the egcs-testresults@egcs.cygnus.com mailing list for the EGCS project. See the EGCS home page for more information.
Index Nav: | [Date Index] [Subject Index] [Author Index] [Thread Index] | |
---|---|---|
Message Nav: | [Date Prev] [Date Next] | [Thread Prev] [Thread Next] |
Native configuration is mips-sgi-irix6.3 === g++ tests === Running target unix === g77 tests === Running target unix === gcc tests === Running target unix FAIL: gcc.c-torture/execute/950322-1.c compilation, -O0 FAIL: gcc.c-torture/execute/950322-1.c compilation, -O1 FAIL: gcc.c-torture/execute/950322-1.c compilation, -O2 FAIL: gcc.c-torture/execute/950322-1.c compilation, -O3 -fomit-frame-pointer FAIL: gcc.c-torture/execute/950322-1.c compilation, -O3 -g FAIL: gcc.c-torture/execute/950322-1.c compilation, -Os FAIL: gcc.c-torture/execute/complex-5.c execution, -O0 FAIL: gcc.c-torture/execute/complex-5.c execution, -O1 FAIL: gcc.c-torture/execute/complex-5.c execution, -O2 FAIL: gcc.c-torture/execute/complex-5.c execution, -O3 -fomit-frame-pointer FAIL: gcc.c-torture/execute/complex-5.c execution, -O3 -g FAIL: gcc.c-torture/execute/complex-5.c execution, -Os FAIL: gcc.c-torture/execute/loop-3.c compilation, -O0 FAIL: gcc.c-torture/execute/loop-3.c compilation, -O1 FAIL: gcc.c-torture/execute/loop-3.c compilation, -O2 FAIL: gcc.c-torture/execute/loop-3.c compilation, -O3 -fomit-frame-pointer FAIL: gcc.c-torture/execute/loop-3.c compilation, -O3 -fomit-frame-pointer -funroll-loops FAIL: gcc.c-torture/execute/loop-3.c compilation, -O3 -fomit-frame-pointer -funroll-all-loops -finline-functions FAIL: gcc.c-torture/execute/loop-3.c compilation, -O3 -g FAIL: gcc.c-torture/execute/loop-3.c compilation, -Os FAIL: gcc.c-torture/execute/memcpy-bi.c execution, -O2 XPASS: gcc.c-torture/execute/memcheck/blkarg.c execution, -O0 XPASS: gcc.c-torture/execute/memcheck/blkarg.c execution, -O1 XPASS: gcc.c-torture/execute/memcheck/blkarg.c execution, -O2 XPASS: gcc.c-torture/execute/memcheck/blkarg.c execution, -Os FAIL: gcc.dg/990119-1.c execution test FAIL: gcc.dg/special/alias-1.c (test for excess errors) FAIL: wkali-2b.o === gcc Summary === # of expected passes 8033 # of unexpected failures 24 # of unexpected successes 4 # of expected failures 27 # of unresolved testcases 14 # of unsupported tests 25 /tmp/egcs/gcc/xgcc version egcs-2.93.20 19990427 (gcc2 ss-980929 experimental) === libg++ tests === Running target unix === libg++ Summary === # of expected passes 72 === libio tests === Running target unix === libio Summary === # of expected passes 40 === libstdc++ tests === Running target unix === libstdc++ Summary === # of expected passes 30 Compiler version: egcs-2.93.20 19990427 (gcc2 ss-980929 experimental) Platform: mips-sgi-irix6.3 BOOT_CFLAGS: -g -O9 -W -Wall Counting all warnings, there are 183 warnings in stage3 of this bootstrap. Number of warnings per file: 12 /home/msc/oliva/src/egcs/gcc/java/lex.c 10 /home/msc/oliva/src/egcs/gcc/integrate.c 9 /home/msc/oliva/src/egcs/gcc/cse.c 9 ./parse.y 8 /home/msc/oliva/src/egcs/gcc/reload1.c 7 /home/msc/oliva/src/egcs/gcc/varasm.c 7 /home/msc/oliva/src/egcs/gcc/combine.c 7 /home/msc/oliva/src/egcs/gcc/calls.c 6 /home/msc/oliva/src/egcs/gcc/unroll.c 6 /home/msc/oliva/src/egcs/gcc/reload.c 6 /home/msc/oliva/src/egcs/gcc/objc/objc-act.c 6 /home/msc/oliva/src/egcs/gcc/loop.c 6 /home/msc/oliva/src/egcs/gcc/java/jcf-reader.c 6 /home/msc/oliva/src/egcs/gcc/java/expr.c 6 /home/msc/oliva/src/egcs/gcc/dwarf2out.c 5 /home/msc/oliva/src/egcs/gcc/final.c 4 cxxmain.c 4 cexp.y 4 /home/msc/oliva/src/egcs/gcc/tlink.c 4 /home/msc/oliva/src/egcs/gcc/regmove.c 4 /home/msc/oliva/src/egcs/gcc/java/lex.h 4 /home/msc/oliva/src/egcs/gcc/java/../hwint.h 3 /home/msc/oliva/src/egcs/gcc/java/verify.c 3 /home/msc/oliva/src/egcs/gcc/genopinit.c 2 insn-attrtab.c 2 /home/msc/oliva/src/egcs/gcc/sched.c 2 /home/msc/oliva/src/egcs/gcc/local-alloc.c 2 /home/msc/oliva/src/egcs/gcc/java/xref.c 2 /home/msc/oliva/src/egcs/gcc/java/gjavah.c 2 /home/msc/oliva/src/egcs/gcc/java/class.c 2 /home/msc/oliva/src/egcs/gcc/fold-const.c 2 /home/msc/oliva/src/egcs/gcc/fix-header.c 2 /home/msc/oliva/src/egcs/gcc/expr.c 2 /home/msc/oliva/src/egcs/gcc/config/mips/mips.c 1 splay-tree.c 1 /home/msc/oliva/src/egcs/gcc/tree.c 1 /home/msc/oliva/src/egcs/gcc/stupid.c 1 /home/msc/oliva/src/egcs/gcc/stmt.c 1 /home/msc/oliva/src/egcs/gcc/scan-decls.c 1 /home/msc/oliva/src/egcs/gcc/rtl.c 1 /home/msc/oliva/src/egcs/gcc/regclass.c 1 /home/msc/oliva/src/egcs/gcc/java/jcf-write.c 1 /home/msc/oliva/src/egcs/gcc/java/jcf-io.c 1 /home/msc/oliva/src/egcs/gcc/java/jcf-dump.c 1 /home/msc/oliva/src/egcs/gcc/java/javaop.def 1 /home/msc/oliva/src/egcs/gcc/java/decl.c 1 /home/msc/oliva/src/egcs/gcc/hash.c 1 /home/msc/oliva/src/egcs/gcc/f/g77spec.c 1 /home/msc/oliva/src/egcs/gcc/f/com.c 1 /home/msc/oliva/src/egcs/gcc/cp/decl.c 1 /home/msc/oliva/src/egcs/gcc/collect2.c Number of warning types: 72 `???' might be used uninitialized in this function 44 unused parameter `???' 38 comparison between signed and unsigned 13 variable `???' might be clobbered by `longjmp' or `vfork' 4 this is the location of the previous definition 4 `???' redefined 3 unused variable `???' 3 control reaches end of non-void function 1 missing initializer 1 (near initialization for `???')