This is the mail archive of the egcs-testresults@egcs.cygnus.com mailing list for the EGCS project. See the EGCS home page for more information.
Index Nav: | [Date Index] [Subject Index] [Author Index] [Thread Index] | |
---|---|---|
Message Nav: | [Date Prev] [Date Next] | [Thread Prev] [Thread Next] |
Native configuration is i686-pc-udk === libio tests === Running target unix/-fPIC === libio Summary for unix/-fPIC === # of expected passes 40 Running target unix === libio Summary for unix === # of expected passes 40 === libio Summary === # of expected passes 80 === libstdc++ tests === Running target unix/-fPIC FAIL: tcomplex.cc compilation FAIL: tcomplex.cc -O compilation FAIL: tstring.cc compilation === libstdc++ Summary for unix/-fPIC === # of expected passes 21 # of unexpected failures 3 # of expected failures 6 Running target unix FAIL: tcomplex.cc compilation FAIL: tcomplex.cc -O compilation FAIL: tstring.cc compilation === libstdc++ Summary for unix === # of expected passes 21 # of unexpected failures 3 # of expected failures 6 === libstdc++ Summary === # of expected passes 42 # of unexpected failures 6 # of expected failures 12 === gcc tests === Running target unix/-fPIC FAIL: gcc.c-torture/compile/981001-2.c, -O0 FAIL: gcc.c-torture/compile/981001-2.c, -O1 FAIL: gcc.c-torture/compile/981001-2.c, -O2 FAIL: gcc.c-torture/compile/981001-2.c, -O3 -fomit-frame-pointer FAIL: gcc.c-torture/compile/981001-2.c, -O3 -g FAIL: gcc.c-torture/compile/981001-2.c, -Os FAIL: gcc.c-torture/execute/921123-2.c execution, -O0 FAIL: gcc.c-torture/execute/921202-2.c execution, -O3 -fomit-frame-pointer FAIL: gcc.c-torture/execute/930930-2.c execution, -O1 FAIL: gcc.c-torture/execute/930930-2.c execution, -O2 FAIL: gcc.c-torture/execute/930930-2.c execution, -Os FAIL: gcc.c-torture/execute/950915-1.c execution, -O3 -g FAIL: gcc.c-torture/execute/980505-2.c execution, -O3 -g FAIL: gcc.c-torture/execute/990127-2.c execution, -O3 -fomit-frame-pointer FAIL: gcc.c-torture/execute/990127-2.c execution, -O3 -g FAIL: gcc.c-torture/execute/990326-1.c execution, -O1 FAIL: gcc.c-torture/execute/complex-1.c execution, -O0 FAIL: gcc.c-torture/execute/complex-1.c execution, -O1 FAIL: gcc.c-torture/execute/complex-1.c execution, -O2 FAIL: gcc.c-torture/execute/complex-1.c execution, -Os FAIL: gcc.c-torture/execute/complex-2.c execution, -O0 FAIL: gcc.c-torture/execute/complex-2.c execution, -O1 FAIL: gcc.c-torture/execute/complex-2.c execution, -O2 FAIL: gcc.c-torture/execute/complex-2.c execution, -Os FAIL: gcc.c-torture/execute/conversion.c execution, -O3 -fomit-frame-pointer FAIL: gcc.c-torture/execute/conversion.c execution, -O3 -g FAIL: gcc.c-torture/execute/nestfunc-1.c execution, -O1 FAIL: gcc.c-torture/execute/nestfunc-1.c execution, -O2 FAIL: gcc.c-torture/execute/nestfunc-1.c execution, -Os FAIL: gcc.c-torture/special/eeprof-1.c compilation, -O0 FAIL: gcc.c-torture/special/eeprof-1.c compilation, -O1 FAIL: gcc.c-torture/special/eeprof-1.c compilation, -O2 FAIL: gcc.c-torture/special/eeprof-1.c compilation, -O3 -fomit-frame-pointer FAIL: gcc.c-torture/special/eeprof-1.c compilation, -O3 -g FAIL: gcc.c-torture/special/eeprof-1.c compilation, -Os FAIL: gcc.dg/990119-1.c execution test === gcc Summary for unix/-fPIC === # of expected passes 8044 # of unexpected failures 36 # of expected failures 38 # of unresolved testcases 6 # of unsupported tests 12 Running target unix FAIL: gcc.c-torture/compile/981001-2.c, -O0 FAIL: gcc.c-torture/compile/981001-2.c, -O1 FAIL: gcc.c-torture/compile/981001-2.c, -O2 FAIL: gcc.c-torture/compile/981001-2.c, -O3 -fomit-frame-pointer FAIL: gcc.c-torture/compile/981001-2.c, -O3 -g FAIL: gcc.c-torture/compile/981001-2.c, -Os FAIL: gcc.c-torture/special/eeprof-1.c compilation, -O0 FAIL: gcc.c-torture/special/eeprof-1.c compilation, -O1 FAIL: gcc.c-torture/special/eeprof-1.c compilation, -O2 FAIL: gcc.c-torture/special/eeprof-1.c compilation, -O3 -fomit-frame-pointer FAIL: gcc.c-torture/special/eeprof-1.c compilation, -O3 -g FAIL: gcc.c-torture/special/eeprof-1.c compilation, -Os FAIL: gcc.dg/990119-1.c execution test === gcc Summary for unix === # of expected passes 8067 # of unexpected failures 13 # of expected failures 38 # of unresolved testcases 6 # of unsupported tests 12 === gcc Summary === # of expected passes 16111 # of unexpected failures 49 # of expected failures 76 # of unresolved testcases 12 # of unsupported tests 24 /play/tmp/7/gcc/xgcc version egcs-2.93.20 19990429 (gcc2 ss-980929 experimental) === g++ tests === Running target unix/-fPIC FAIL: g++.dg/special/conpr-1.C execution test FAIL: g++.dg/special/conpr-2.C execution test FAIL: g++.dg/special/conpr-3.C execution test FAIL: g++.dg/special/conpr-3.C execution test FAIL: g++.eh/unwind1.C Execution test FAIL: g++.law/profile1.C (test for excess errors) FAIL: g++.mike/dyncast7.C (test for excess errors) FAIL: g++.mike/p11144.C Execution test FAIL: g++.mike/temp.C Execution test XPASS: g++.pt/decl2.C ICE - (test for errors, line 8) FAIL: g++.pt/friend37.C undeclared (test for errors, line 7) XPASS: g++.pt/instantiate6.C (test for excess errors) FAIL: g++.pt/typename8.C (test for excess errors) FAIL: g++.robertl/eb41.C (test for excess errors) FAIL: g++.robertl/eh990323-1.C (test for excess errors) FAIL: g++.robertl/eh990323-2.C Execution test FAIL: g++.robertl/eh990323-3.C Execution test FAIL: g++.robertl/eh990323-4.C Execution test FAIL: g++.robertl/ice990323-1.C caused compiler crash FAIL: g++.robertl/ice990323-2.C caused compiler crash FAIL: g++.robertl/ice990323-3.C (test for excess errors) FAIL: g++.robertl/ice990323-4.C (test for excess errors) FAIL: g++.robertl/ice990323-5.C (test for excess errors) === g++ Summary for unix/-fPIC === # of expected passes 5128 # of unexpected failures 21 # of unexpected successes 2 # of expected failures 84 # of untested testcases 8 Running target unix FAIL: g++.dg/special/conpr-1.C execution test FAIL: g++.dg/special/conpr-2.C execution test FAIL: g++.dg/special/conpr-3.C execution test FAIL: g++.dg/special/conpr-3.C execution test FAIL: g++.eh/unwind1.C Execution test FAIL: g++.law/profile1.C (test for excess errors) FAIL: g++.mike/dyncast7.C (test for excess errors) XPASS: g++.pt/decl2.C ICE - (test for errors, line 8) FAIL: g++.pt/friend37.C undeclared (test for errors, line 7) XPASS: g++.pt/instantiate6.C (test for excess errors) FAIL: g++.pt/typename8.C (test for excess errors) FAIL: g++.robertl/eb41.C (test for excess errors) FAIL: g++.robertl/eh990323-1.C (test for excess errors) FAIL: g++.robertl/eh990323-2.C Execution test FAIL: g++.robertl/eh990323-3.C Execution test FAIL: g++.robertl/eh990323-4.C Execution test FAIL: g++.robertl/ice990323-1.C caused compiler crash FAIL: g++.robertl/ice990323-2.C caused compiler crash FAIL: g++.robertl/ice990323-3.C (test for excess errors) FAIL: g++.robertl/ice990323-4.C (test for excess errors) FAIL: g++.robertl/ice990323-5.C (test for excess errors) === g++ Summary for unix === # of expected passes 5130 # of unexpected failures 19 # of unexpected successes 2 # of expected failures 84 # of untested testcases 8 === g++ Summary === # of expected passes 10258 # of unexpected failures 40 # of unexpected successes 4 # of expected failures 168 # of untested testcases 16 /play/tmp/7/gcc/testsuite/../xgcc version egcs-2.93.20 19990429 (gcc2 ss-980929 experimental) === g77 tests === Running target unix/-fPIC === g77 Summary for unix/-fPIC === # of expected passes 590 Running target unix === g77 Summary for unix === # of expected passes 590 === g77 Summary === # of expected passes 1180 === objc tests === Running target unix/-fPIC === objc Summary for unix/-fPIC === # of expected passes 38 Running target unix === objc Summary for unix === # of expected passes 38 === objc Summary === # of expected passes 76 /play/tmp/7/gcc/xgcc version egcs-2.93.20 19990429 (gcc2 ss-980929 experimental) Compiler version: egcs-2.93.20 19990429 (gcc2 ss-980929 experimental) Platform: i686-pc-udk configure flags: --with-gcc-version-trigger=/play/egcs/gcc/version.c --host=i686-pc-udk --target=i686-pc-udk --norecursion