This is the mail archive of the egcs-testresults@egcs.cygnus.com mailing list for the EGCS project. See the EGCS home page for more information.
Index Nav: | [Date Index] [Subject Index] [Author Index] [Thread Index] | |
---|---|---|
Message Nav: | [Date Prev] [Date Next] | [Thread Prev] [Thread Next] |
Compiler version: egcs-2.93.19 19990425 (gcc2 ss-980929 experimental) Platform: i586-redhat-linux-gnu Sources: - egcs from CVS last updated at 1999/04/26 08:50:27 +0200 - libg++-2.8.1.3 Patches: None. Environment: - autoconf-2.13 - automake-1.4 - binutils-2.9.1 + Ian Lance Taylor's patch to gas/ehopt.c + my patch to make GNU ld work on i386-pc-solaris2.7 - dejagnu-19981026 + look_for_dir_with_trigger patch - gperf-2.7 + gperf-2.7-19981006.pat - RedHat Linux 5.2 + recommended updates as of today - Kernel 2.2.6 (compiled by "gcc version egcs-2.93.18 19990417 (gcc2 ss-980929 experimental)") - glibc-2.0.7-29 - glibc-devel-2.0.7-29 Remarks: Using binutils-2.9.1 instead of gas-snapshot makes these tests now PASS: FAIL: gcc.c-torture/execute/980709-1.c compilation, -O1 FAIL: gcc.c-torture/execute/980709-1.c compilation, -O2 FAIL: gcc.c-torture/execute/980709-1.c compilation, -O3 -fomit-frame-pointer FAIL: gcc.c-torture/execute/980709-1.c compilation, -O3 -g FAIL: gcc.c-torture/execute/980709-1.c compilation, -Os configure flags: --with-gcc-version-trigger=/home/gnu/work/GNU/egcs-19990425/gcc/version.c --host=i586-redhat-linux-gnu --srcdir=../egcs-19990425 --prefix=/tools/gnu --with-gnu-as --with-gnu-ld --enable-shared --enable-version-specific-runtime-libs --with-local-prefix=/tools/gnu --enable-nls --verbose --norecursion BOOT_CC: gcc version egcs-2.93.18 19990417 (gcc2 ss-980929 experimental) BOOT_CFLAGS: -O2 -g -W -Wall CFLAGS: -O2 -g CXXFLAGS: -O2 -g Native configuration is i586-redhat-linux-gnu === libio tests === Running target unix === libio Summary === # of expected passes 40 === libstdc++ tests === Running target unix === libstdc++ Summary === # of expected passes 30 === libg++ tests === Running target unix FAIL: tBag.cc execution FAIL: tBitSet.cc execution FAIL: tBitString.cc execution FAIL: tRational.cc execution FAIL: tDeque.cc execution FAIL: tFile.cc execution FAIL: tFix.cc execution FAIL: tFix16.cc execution FAIL: tFix24.cc execution FAIL: tGetOpt.cc execution FAIL: tInteger.cc execution FAIL: tLList.cc execution FAIL: tList.cc execution FAIL: tMap.cc execution FAIL: tObstack.cc execution FAIL: tPQ.cc execution FAIL: tPlex.cc execution FAIL: tQueue.cc execution FAIL: tRandom.cc execution FAIL: tSet.cc execution FAIL: tStack.cc execution FAIL: tString.cc execution FAIL: tVec.cc execution FAIL: tiLList.cc execution === libg++ Summary === # of expected passes 24 # of unexpected failures 24 # of expected failures 24 === gcc tests === Running target unix FAIL: gcc.dg/990119-1.c execution test FAIL: gcc.dg/special/weak-1.c execution test === gcc Summary === # of expected passes 8091 # of unexpected failures 2 # of expected failures 38 # of unsupported tests 13 /opt/home/gnu/work/GNU/egcs-19990425-i586-redhat-linux-gnu/gcc/xgcc version egcs-2.93.19 19990425 (gcc2 ss-980929 experimental) === g++ tests === Running target unix FAIL: g++.dg/special/conpr-1.C execution test FAIL: g++.dg/special/conpr-2.C execution test FAIL: g++.dg/special/conpr-3.C execution test FAIL: g++.dg/special/conpr-3.C execution test FAIL: g++.eh/unwind1.C Execution test === g++ Summary === # of expected passes 5126 # of unexpected failures 5 # of expected failures 81 # of untested testcases 7 /opt/home/gnu/work/GNU/egcs-19990425-i586-redhat-linux-gnu/gcc/testsuite/../xgcc version egcs-2.93.19 19990425 (gcc2 ss-980929 experimental) === g77 tests === Running target unix === g77 Summary === # of expected passes 590 === objc tests === Running target unix === objc Summary === # of expected passes 38 /opt/home/gnu/work/GNU/egcs-19990425-i586-redhat-linux-gnu/gcc/xgcc version egcs-2.93.19 19990425 (gcc2 ss-980929 experimental) Counting all warnings, there are 224 warnings in stage3 of this bootstrap. Number of warnings per file: 12 ../../../egcs-19990425/gcc/java/lex.c 10 ../../egcs-19990425/gcc/toplev.c 10 ../../egcs-19990425/gcc/integrate.c 9 ./parse.y 9 ../../egcs-19990425/gcc/reload1.c 9 ../../egcs-19990425/gcc/cse.c 8 ../../egcs-19990425/gcc/final.c 7 ../../egcs-19990425/gcc/reload.c 7 ../../egcs-19990425/gcc/combine.c 6 ../../egcs-19990425/gcc/varasm.c 6 ../../egcs-19990425/gcc/unroll.c 6 ../../egcs-19990425/gcc/objc/objc-act.c 6 ../../egcs-19990425/gcc/loop.c 6 ../../egcs-19990425/gcc/fold-const.c 6 ../../egcs-19990425/gcc/dwarf2out.c 6 ../../../egcs-19990425/gcc/java/jcf-reader.c 5 ../../../egcs-19990425/gcc/java/expr.c 4 cxxmain.c 4 cexp.y 4 ../../egcs-19990425/gcc/tlink.c 4 ../../egcs-19990425/gcc/regclass.c 4 ../../egcs-19990425/gcc/reg-stack.c 4 ../../egcs-19990425/gcc/optabs.c 4 ../../../egcs-19990425/gcc/java/lex.h 4 ../../../egcs-19990425/gcc/java/../hwint.h 4 ../../../../egcs-19990425/libg++/src/Fix16.cc 3 insn-emit.c 3 ../../egcs-19990425/gcc/stmt.c 3 ../../egcs-19990425/gcc/sched.c 3 ../../egcs-19990425/gcc/regmove.c 3 ../../egcs-19990425/gcc/genopinit.c 3 ../../egcs-19990425/gcc/cccp.c 3 ../../../egcs-19990425/gcc/java/verify.c 2 insn-recog.c 2 insn-output.c 2 ../../egcs-19990425/gcc/protoize.c 2 ../../egcs-19990425/gcc/local-alloc.c 2 ../../egcs-19990425/gcc/function.c 2 ../../egcs-19990425/gcc/expr.c 2 ../../egcs-19990425/gcc/dbxout.c 2 ../../egcs-19990425/gcc/config/i386/i386.c 2 ../../egcs-19990425/gcc/collect2.c 2 ../../../egcs-19990425/gcc/java/xref.c 2 ../../../egcs-19990425/gcc/java/gjavah.c 2 ../../../egcs-19990425/gcc/java/class.c 1 splay-tree.c 1 ../../egcs-19990425/gcc/tree.c 1 ../../egcs-19990425/gcc/stupid.c 1 ../../egcs-19990425/gcc/rtl.c 1 ../../egcs-19990425/gcc/recog.c 1 ../../egcs-19990425/gcc/print-rtl.c 1 ../../egcs-19990425/gcc/hash.c 1 ../../egcs-19990425/gcc/gcov-io.h 1 ../../egcs-19990425/gcc/f/g77spec.c 1 ../../egcs-19990425/gcc/crtstuff.c 1 ../../../egcs-19990425/gcc/java/jcf-io.c 1 ../../../egcs-19990425/gcc/java/javaop.def 1 ../../../egcs-19990425/gcc/java/decl.c 1 ../../../egcs-19990425/gcc/f/com.c 1 ../../../egcs-19990425/gcc/cp/decl.c Number of warning types: 77 `???' might be used uninitialized in this function 45 unused parameter `???' 41 comparison between signed and unsigned 14 variable `???' might be clobbered by `longjmp' or `vfork' 14 implicit declaration of function `???' 9 initialization from incompatible pointer type 4 unused variable `???' 4 this is the location of the previous definition 4 integer overflow in expression 4 `???' redefined 2 zero-length format string 2 `???' defined but not used 1 passing arg ??? of `???' from incompatible pointer type 1 missing initializer 1 comparison between pointer and integer 1 (near initialization for `???')