This is the mail archive of the egcs-testresults@egcs.cygnus.com mailing list for the EGCS project. See the EGCS home page for more information.
Index Nav: | [Date Index] [Subject Index] [Author Index] [Thread Index] | |
---|---|---|
Message Nav: | [Date Prev] [Date Next] | [Thread Prev] [Thread Next] |
Native configuration is i386-unknown-openbsd2.5 === libio tests === Running target unix === libio Summary === # of expected passes 40 === libstdc++ tests === Running target unix === libstdc++ Summary === # of expected passes 30 === gcc tests === Running target unix FAIL: gcc.c-torture/execute/990130-1.c compilation, -O0 FAIL: gcc.c-torture/execute/990130-1.c compilation, -O1 FAIL: gcc.c-torture/execute/990130-1.c compilation, -O2 FAIL: gcc.c-torture/execute/990130-1.c compilation, -O3 -fomit-frame-pointer FAIL: gcc.c-torture/execute/990130-1.c compilation, -O3 -g FAIL: gcc.c-torture/execute/990130-1.c compilation, -Os FAIL: gcc.c-torture/execute/ieee/rbug.c execution, -O0 FAIL: gcc.c-torture/execute/ieee/rbug.c execution, -O1 FAIL: gcc.c-torture/execute/ieee/rbug.c execution, -O2 FAIL: gcc.c-torture/execute/ieee/rbug.c execution, -Os FAIL: gcc.dg/980414-1.c (test for excess errors) FAIL: gcc.dg/990119-1.c execution test === gcc Summary === # of expected passes 8050 # of unexpected failures 12 # of expected failures 38 # of unresolved testcases 6 # of unsupported tests 12 /home/ports/lang/egcs-snapshot/work/build-i386/gcc/xgcc version egcs-2.93.18 19990412 (gcc2 ss-980929 experimental) === g++ tests === Running target unix FAIL: g++.law/profile1.C (test for excess errors) FAIL: g++.other/null1.C converting NULL to non-pointer type (test for warnings, line 21) FAIL: g++.other/null1.C converting NULL to non-pointer type (test for warnings, line 22) FAIL: g++.other/null1.C NULL used in arithmetic (test for warnings, line 25) FAIL: g++.other/null1.C NULL used in arithmetic (test for warnings, line 26) FAIL: g++.other/null1.C converting NULL to non-pointer type (test for warnings, line 29) FAIL: g++.other/null1.C converting NULL to non-pointer type (test for warnings, line 30) FAIL: g++.other/null1.C converting NULL to non-pointer type (test for warnings, line 31) FAIL: g++.other/null1.C converting NULL to non-pointer-type (test for warnings, line 32) FAIL: g++.other/null1.C converting NULL to non-pointer type (test for warnings, line 33) FAIL: g++.other/null1.C converting NULL to non-pointer type (test for warnings, line 34) FAIL: g++.other/null1.C converting NULL to int (test for warnings, line 35) FAIL: g++.other/null1.C converting NULL to int (test for warnings, line 36) FAIL: g++.other/null1.C NULL bound to integer template parameter (test for warnings, line 37) FAIL: g++.other/null1.C converting NULL to int (test for warnings, line 38) FAIL: g++.pt/instantiate4.C (test for excess errors) === g++ Summary === # of expected passes 5079 # of unexpected failures 16 # of expected failures 81 # of untested testcases 8 /home/ports/lang/egcs-snapshot/work/build-i386/gcc/testsuite/../xgcc version egcs-2.93.18 19990412 (gcc2 ss-980929 experimental) === g77 tests === Running target unix FAIL: g77.f-torture/execute/19990325-0.f execution, -O0 FAIL: g77.f-torture/execute/19990325-0.f execution, -O1 FAIL: g77.f-torture/execute/19990325-0.f execution, -O2 FAIL: g77.f-torture/execute/19990325-0.f execution, -O2 -fomit-frame-pointer -finline-functions FAIL: g77.f-torture/execute/19990325-0.f execution, -Os FAIL: g77.f-torture/execute/19990325-1.f execution, -O0 FAIL: g77.f-torture/execute/19990325-1.f execution, -O1 FAIL: g77.f-torture/execute/19990325-1.f execution, -O2 FAIL: g77.f-torture/execute/19990325-1.f execution, -O2 -fomit-frame-pointer -finline-functions FAIL: g77.f-torture/execute/19990325-1.f execution, -Os FAIL: g77.f-torture/execute/u77-test.f execution, -O0 FAIL: g77.f-torture/execute/u77-test.f execution, -O1 FAIL: g77.f-torture/execute/u77-test.f execution, -O2 FAIL: g77.f-torture/execute/u77-test.f execution, -O2 -fomit-frame-pointer -finline-functions FAIL: g77.f-torture/execute/u77-test.f execution, -O2 -fomit-frame-pointer -finline-functions -funroll-loops FAIL: g77.f-torture/execute/u77-test.f execution, -O2 -fomit-frame-pointer -finline-functions -funroll-all-loops FAIL: g77.f-torture/execute/u77-test.f execution, -Os === g77 Summary === # of expected passes 554 # of unexpected failures 17 === objc tests === Running target unix === objc Summary === # of expected passes 38 /home/ports/lang/egcs-snapshot/work/build-i386/gcc/xgcc version egcs-2.93.18 19990412 (gcc2 ss-980929 experimental) Compiler version: egcs-2.93.18 19990412 (gcc2 ss-980929 experimental) Platform: i386-unknown-openbsd2.5 configure flags: --with-gcc-version-trigger=/usr/ports/lang/egcs-snapshot/work/egcs-19990412/gcc/version.c --host=i386-unknown-openbsd2.5 --prefix=/usr/local --verbose --program-transform-name=s,^,e, --with-gnu-as --with-gnu-ld --enable-shared --prefix=/usr/local --sysconfdir=/etc --norecursion