This is the mail archive of the egcs-testresults@egcs.cygnus.com mailing list for the EGCS project. See the EGCS home page for more information.
Index Nav: | [Date Index] [Subject Index] [Author Index] [Thread Index] | |
---|---|---|
Message Nav: | [Date Prev] [Date Next] | [Thread Prev] [Thread Next] |
[Alexandre, any idea why more g++ tests pass for me?] Native configuration is sparc-sun-solaris2.6 === libio tests === Running target unix === libio Summary === # of expected passes 40 === libstdc++ tests === Running target unix FAIL: tcomplex.cc execution FAIL: tcomplex.cc -O execution === libstdc++ Summary === # of expected passes 26 # of unexpected failures 2 # of expected failures 2 === gcc tests === Running target unix FAIL: gcc.c-torture/execute/990130-1.c compilation, -O0 FAIL: gcc.c-torture/execute/990130-1.c compilation, -O1 FAIL: gcc.c-torture/execute/990130-1.c compilation, -O2 FAIL: gcc.c-torture/execute/990130-1.c compilation, -O3 -fomit-frame-pointer FAIL: gcc.c-torture/execute/990130-1.c compilation, -O3 -g FAIL: gcc.c-torture/execute/990130-1.c compilation, -Os FAIL: gcc.dg/990119-1.c execution test === gcc Summary === # of expected passes 8060 # of unexpected failures 7 # of expected failures 31 # of unresolved testcases 6 # of unsupported tests 23 /usr/users/rittle/src/egcs/egcs-2.93.19-sparc-sun-solaris2.6/gcc/xgcc version egcs-2.93.19 19990418 (gcc2 ss-980929 experimental) === g++ tests === Running target unix FAIL: g++.dg/special/conpr-1.C execution test FAIL: g++.dg/special/conpr-2.C execution test FAIL: g++.dg/special/conpr-3.C execution test FAIL: g++.dg/special/conpr-3.C execution test FAIL: g++.brendan/asm-extn1.C caused compiler crash === g++ Summary === # of expected passes 5106 # of unexpected failures 5 # of expected failures 80 # of untested testcases 10 /usr/users/rittle/src/egcs/egcs-2.93.19-sparc-sun-solaris2.6/gcc/testsuite/../xgcc version egcs-2.93.19 19990418 (gcc2 ss-980929 experimental) === g77 tests === Running target unix FAIL: g77.f-torture/execute/19990325-0.f execution, -O0 FAIL: g77.f-torture/execute/19990325-0.f execution, -O1 FAIL: g77.f-torture/execute/19990325-0.f execution, -O2 FAIL: g77.f-torture/execute/19990325-0.f execution, -O2 -fomit-frame-pointer -finline-functions FAIL: g77.f-torture/execute/19990325-0.f execution, -Os FAIL: g77.f-torture/execute/19990325-1.f execution, -O0 FAIL: g77.f-torture/execute/19990325-1.f execution, -O1 FAIL: g77.f-torture/execute/19990325-1.f execution, -O2 FAIL: g77.f-torture/execute/19990325-1.f execution, -O2 -fomit-frame-pointer -finline-functions FAIL: g77.f-torture/execute/19990325-1.f execution, -Os === g77 Summary === # of expected passes 561 # of unexpected failures 10 === objc tests === Running target unix FAIL: objc/execute/bf-1.m compilation, -O FAIL: objc/execute/bf-10.m compilation, -O FAIL: objc/execute/bf-11.m compilation, -O FAIL: objc/execute/bf-12.m compilation, -O FAIL: objc/execute/bf-13.m compilation, -O FAIL: objc/execute/bf-14.m compilation, -O FAIL: objc/execute/bf-15.m compilation, -O FAIL: objc/execute/bf-16.m compilation, -O FAIL: objc/execute/bf-17.m compilation, -O FAIL: objc/execute/bf-18.m compilation, -O FAIL: objc/execute/bf-19.m compilation, -O FAIL: objc/execute/bf-2.m compilation, -O FAIL: objc/execute/bf-3.m compilation, -O FAIL: objc/execute/bf-4.m compilation, -O FAIL: objc/execute/bf-5.m compilation, -O FAIL: objc/execute/bf-6.m compilation, -O FAIL: objc/execute/bf-7.m compilation, -O FAIL: objc/execute/bf-8.m compilation, -O FAIL: objc/execute/bf-9.m compilation, -O === objc Summary === # of unexpected failures 19 # of untested testcases 19 /usr/users/rittle/src/egcs/egcs-2.93.19-sparc-sun-solaris2.6/gcc/xgcc version egcs-2.93.19 19990418 (gcc2 ss-980929 experimental) Compiler version: egcs-2.93.19 19990418 (gcc2 ss-980929 experimental) Platform: sparc-sun-solaris2.6 configure flags: --with-gcc-version-trigger=/usr/users/rittle/src/egcs/egcs/gcc/version.c --host=sparc-sun-solaris2.6 --enable-shared --enable-threads --with-gnu-as --with-as=/usr/local/bin/as --with-gnu-ld --with-ld=/usr/local/bin/ld --with-gxx-include-dir='${prefix}/share/gcc/egcs-2.93.19/include/g++' --norecursion BOOT_CFLAGS=-g -O2