This is the mail archive of the egcs-testresults@egcs.cygnus.com mailing list for the EGCS project. See the EGCS home page for more information.
Index Nav: | [Date Index] [Subject Index] [Author Index] [Thread Index] | |
---|---|---|
Message Nav: | [Date Prev] [Date Next] | [Thread Prev] [Thread Next] |
Native configuration is i686-pc-linux-gnulibc1 === gcc tests === Running target unix FAIL: gcc.c-torture/execute/990130-1.c compilation, -O0 FAIL: gcc.c-torture/execute/990130-1.c compilation, -O1 FAIL: gcc.c-torture/execute/990130-1.c compilation, -O2 FAIL: gcc.c-torture/execute/990130-1.c compilation, -O3 -fomit-frame-pointer FAIL: gcc.c-torture/execute/990130-1.c compilation, -O3 -g FAIL: gcc.c-torture/execute/990130-1.c compilation, -Os FAIL: gcc.c-torture/execute/ieee/980619-1.c execution, -O1 FAIL: gcc.c-torture/execute/ieee/980619-1.c execution, -O2 FAIL: gcc.c-torture/execute/ieee/980619-1.c execution, -O3 -fomit-frame-pointer FAIL: gcc.c-torture/execute/ieee/980619-1.c execution, -O3 -fomit-frame-pointer -funroll-loops FAIL: gcc.c-torture/execute/ieee/980619-1.c execution, -O3 -fomit-frame-pointer -funroll-all-loops -finline-functions FAIL: gcc.c-torture/execute/ieee/980619-1.c execution, -O3 -g FAIL: gcc.c-torture/execute/ieee/980619-1.c execution, -Os FAIL: gcc.dg/990119-1.c execution test FAIL: gcc.dg/special/weak-1.c execution test === gcc Summary === # of expected passes 8077 # of unexpected failures 15 # of expected failures 31 # of unresolved testcases 6 # of unsupported tests 13 /auto/atlantis/u/atlantis/1/egcs/egcs-linux/gcc/xgcc version egcs-2.93.18 19990418 (gcc2 ss-980929 experimental) === g++ tests === Running target unix FAIL: g++.dg/special/conpr-1.C execution test FAIL: g++.dg/special/conpr-2.C execution test FAIL: g++.dg/special/conpr-3.C execution test FAIL: g++.dg/special/conpr-3.C execution test FAIL: g++.benjamin/15071.C (test for excess errors) FAIL: g++.brendan/copy9.C (test for excess errors) FAIL: g++.brendan/crash15.C destructor (test for errors, line 19) FAIL: g++.brendan/crash15.C (test for excess errors) FAIL: g++.brendan/crash30.C (test for excess errors) FAIL: g++.brendan/crash38.C (test for excess errors) FAIL: g++.brendan/crash39.C (test for excess errors) FAIL: g++.brendan/crash49.C return type for main (test for errors, line 9) FAIL: g++.brendan/crash49.C (test for excess errors) FAIL: g++.brendan/crash52.C ambiguates.* (test for errors, line 7) FAIL: g++.brendan/crash52.C new decl.* (test for errors, line 10) FAIL: g++.brendan/crash52.C non-void function (test for errors, line 12) FAIL: g++.brendan/crash52.C (test for excess errors) FAIL: g++.brendan/crash62.C cannot convert .die.* (test for errors, line 29) FAIL: g++.brendan/crash62.C (test for excess errors) FAIL: g++.brendan/cvt1.C comma (test for errors, line 8) FAIL: g++.brendan/cvt1.C comma (test for errors, line 18) FAIL: g++.brendan/cvt1.C (test for excess errors) FAIL: g++.brendan/err-msg3.C (test for excess errors) FAIL: g++.brendan/nest21.C (test for excess errors) FAIL: g++.brendan/ptolemy2.C (test for excess errors) FAIL: g++.brendan/template9.C (test for excess errors) FAIL: g++.jason/2371.C (test for excess errors) FAIL: g++.jason/template24.C (test for excess errors) FAIL: g++.jason/template31.C (test for excess errors) FAIL: g++.jason/typeid1.C (test for excess errors) FAIL: g++.law/arg1.C candidate (test for errors, line 12) FAIL: g++.law/arg1.C candidate (test for errors, line 13) FAIL: g++.law/arg1.C candidate (test for errors, line 18) FAIL: g++.law/arg1.C candidate (test for errors, line 19) FAIL: g++.law/arg1.C .* (test for errors, line 27) FAIL: g++.law/arg1.C .* (test for errors, line 28) FAIL: g++.law/arg1.C (test for excess errors) FAIL: g++.law/arg8.C (test for excess errors) FAIL: g++.law/arm12.C .* (test for errors, line 26) FAIL: g++.law/arm12.C within this (test for errors, line 36) FAIL: g++.law/arm12.C (test for excess errors) FAIL: g++.law/arm9.C candidate (test for errors, line 22) FAIL: g++.law/arm9.C .* (test for errors, line 26) FAIL: g++.law/arm9.C (test for excess errors) FAIL: g++.law/bad-error7.C (test for excess errors) FAIL: g++.law/code-gen5.C (test for excess errors) FAIL: g++.law/ctors10.C .* (test for errors, line 21) FAIL: g++.law/ctors10.C (test for excess errors) FAIL: g++.law/ctors12.C (test for excess errors) FAIL: g++.law/ctors13.C .* (test for errors, line 6) FAIL: g++.law/ctors13.C .* (test for errors, line 10) FAIL: g++.law/ctors13.C (test for excess errors) FAIL: g++.law/ctors17.C candidate (test for errors, line 14) FAIL: g++.law/ctors17.C candidate (test for errors, line 15) FAIL: g++.law/ctors17.C .* (test for errors, line 20) FAIL: g++.law/ctors17.C (test for excess errors) FAIL: g++.law/cvt16.C (test for excess errors) FAIL: g++.law/cvt2.C (test for excess errors) FAIL: g++.law/cvt7.C (test for excess errors) FAIL: g++.law/enum5.C .* (test for errors, line 69) FAIL: g++.law/enum5.C .* (test for errors, line 82) FAIL: g++.law/except5.C (test for excess errors) FAIL: g++.law/missed-error2.C candidate (test for errors, line 11) FAIL: g++.law/missed-error2.C candidate (test for errors, line 12) FAIL: g++.law/missed-error2.C .* (test for errors, line 15) FAIL: g++.law/missed-error2.C (test for errors, line 26) FAIL: g++.law/missed-error2.C (test for excess errors) FAIL: g++.law/nest3.C (test for excess errors) FAIL: g++.law/operators32.C type.*// ERROR - trying to.* (test for errors, line 52) FAIL: g++.law/operators32.C type.*// ERROR - trying to.* (test for errors, line 53) FAIL: g++.law/operators32.C (test for excess errors) FAIL: g++.law/operators33.C (test for excess errors) FAIL: g++.law/refs1.C (test for excess errors) FAIL: g++.law/vbase1.C (test for excess errors) FAIL: g++.law/virtual3.C (test for excess errors) FAIL: g++.law/visibility1.C (test for excess errors) FAIL: g++.law/visibility10.C .* (test for errors, line 13) FAIL: g++.law/visibility10.C (test for excess errors) FAIL: g++.law/visibility13.C .struct Array_RC redecl.* (test for errors, line 17) FAIL: g++.law/visibility13.C private (test for errors, line 26) FAIL: g++.law/visibility13.C private (test for errors, line 27) FAIL: g++.law/visibility13.C previous declaration.* (test for errors, line 66) FAIL: g++.law/visibility13.C member .size.* (test for errors, line 77) FAIL: g++.law/visibility13.C member .ia.* (test for errors, line 78) FAIL: g++.law/visibility13.C instantiated from here (test for errors, line 100) FAIL: g++.law/visibility13.C (test for excess errors) FAIL: g++.law/visibility17.C private (test for errors, line 34) FAIL: g++.law/visibility17.C private (test for errors, line 39) FAIL: g++.law/visibility17.C .* (test for errors, line 45) FAIL: g++.law/visibility17.C .* (test for errors, line 50) FAIL: g++.law/visibility17.C (test for excess errors) FAIL: g++.law/visibility2.C (test for excess errors) FAIL: g++.law/visibility22.C (test for excess errors) FAIL: g++.law/visibility25.C (test for excess errors) FAIL: g++.law/visibility7.C private (test for errors, line 19) FAIL: g++.law/visibility7.C private (test for errors, line 21) FAIL: g++.law/visibility7.C .* (test for errors, line 56) FAIL: g++.law/visibility7.C .* (test for errors, line 58) FAIL: g++.law/visibility7.C (test for excess errors) FAIL: g++.law/weak.C (test for excess errors) FAIL: g++.mike/dyncast7.C (test for excess errors) FAIL: g++.mike/eh13.C (test for excess errors) FAIL: g++.mike/eh2.C (test for excess errors) FAIL: g++.mike/memoize1.C (test for excess errors) FAIL: g++.mike/net34.C (test for excess errors) FAIL: g++.mike/net46.C (test for excess errors) FAIL: g++.mike/p658.C (test for excess errors) FAIL: g++.mike/rtti1.C (test for excess errors) FAIL: g++.ns/using4.C vector is not a namespace (test for errors, line 4) FAIL: g++.ns/using4.C (test for excess errors) FAIL: g++.ns/using6.C (test for excess errors) FAIL: g++.other/init9.C jump from here (test for errors, line 16) FAIL: g++.other/init9.C jump crosses initialization (test for errors, line 17) FAIL: g++.other/init9.C jump to here (test for errors, line 18) FAIL: g++.other/init9.C jump from here (test for errors, line 27) FAIL: g++.other/init9.C jump crosses initialization (test for errors, line 28) FAIL: g++.other/init9.C jump to here (test for errors, line 29) FAIL: g++.other/init9.C jump from here (test for errors, line 36) FAIL: g++.other/init9.C jump crosses initialization (test for errors, line 37) FAIL: g++.other/init9.C jump to here (test for errors, line 38) FAIL: g++.other/init9.C (test for excess errors) FAIL: g++.pt/ttp19.C (test for excess errors) FAIL: g++.pt/ttp40.C (test for excess errors) FAIL: g++.robertl/eb109.C candidates (test for errors, line 35) FAIL: g++.robertl/eb109.C no size function (test for errors, line 42) FAIL: g++.robertl/eb109.C no index operator (test for errors, line 44) FAIL: g++.robertl/eb109.C no index operator (test for errors, line 48) FAIL: g++.robertl/eb109.C no index operator (test for errors, line 49) FAIL: g++.robertl/eb109.C no index operator (test for errors, line 54) FAIL: g++.robertl/eb109.C no bool constructor (test for errors, line 65) FAIL: g++.robertl/eb109.C (test for excess errors) FAIL: g++.robertl/eb113.C (test for excess errors) FAIL: g++.robertl/eb115.C (test for excess errors) FAIL: g++.robertl/eb118.C (test for excess errors) FAIL: g++.robertl/eb124.C (test for excess errors) FAIL: g++.robertl/eb127.C (test for excess errors) FAIL: g++.robertl/eb129.C (test for errors, line 19) FAIL: g++.robertl/eb129.C (test for excess errors) FAIL: g++.robertl/eb130.C (test for excess errors) FAIL: g++.robertl/eb132.C (test for excess errors) FAIL: g++.robertl/eb15.C (test for excess errors) FAIL: g++.robertl/eb21.C (test for excess errors) FAIL: g++.robertl/eb24.C (test for excess errors) FAIL: g++.robertl/eb27.C (test for excess errors) FAIL: g++.robertl/eb28.C (test for excess errors) FAIL: g++.robertl/eb29.C (test for excess errors) FAIL: g++.robertl/eb30.C (test for excess errors) FAIL: g++.robertl/eb31.C (test for excess errors) FAIL: g++.robertl/eb33.C (test for excess errors) FAIL: g++.robertl/eb36.C default arg for member template (test for errors, line 15) FAIL: g++.robertl/eb36.C (test for excess errors) FAIL: g++.robertl/eb39.C (test for excess errors) FAIL: g++.robertl/eb4.C referenced below (test for errors, line 9) FAIL: g++.robertl/eb4.C illegal member syntax (test for errors, line 32) FAIL: g++.robertl/eb4.C abstract class (test for errors, line 40) FAIL: g++.robertl/eb4.C incomplete class (test for errors, line 41) FAIL: g++.robertl/eb4.C dfs not declared (test for errors, line 46) FAIL: g++.robertl/eb4.C (test for excess errors) FAIL: g++.robertl/eb41.C (test for excess errors) FAIL: g++.robertl/eb43.C constructor is explicit (test for errors, line 27) FAIL: g++.robertl/eb43.C (test for excess errors) FAIL: g++.robertl/eb44.C (test for warnings, line 13) FAIL: g++.robertl/eb44.C (test for excess errors) FAIL: g++.robertl/eb46.C (test for excess errors) FAIL: g++.robertl/eb54.C (test for excess errors) FAIL: g++.robertl/eb55.C inaccessible copy constructor (test for errors, line 10) FAIL: g++.robertl/eb59.C (test for excess errors) FAIL: g++.robertl/eb60.C (test for excess errors) FAIL: g++.robertl/eb62.C (test for excess errors) FAIL: g++.robertl/eb65.C (test for excess errors) FAIL: g++.robertl/eb66.C (test for excess errors) FAIL: g++.robertl/eb69.C (test for excess errors) FAIL: g++.robertl/eb7.C (test for excess errors) FAIL: g++.robertl/eb73.C (test for excess errors) FAIL: g++.robertl/eb77.C (test for excess errors) FAIL: g++.robertl/eb78.C unused (test for warnings, line 98) FAIL: g++.robertl/eb78.C (test for excess errors) FAIL: g++.robertl/eb79.C bogus code (test for errors, line 11) FAIL: g++.robertl/eb79.C (test for excess errors) FAIL: g++.robertl/eb91.C (test for excess errors) === g++ Summary === # of expected passes 4895 # of unexpected failures 180 # of expected failures 121 # of untested testcases 7 /auto/atlantis/u/atlantis/1/egcs/egcs-linux/gcc/testsuite/../xgcc version egcs-2.93.18 19990418 (gcc2 ss-980929 experimental) === g77 tests === Running target unix FAIL: g77.f-torture/execute/19981119-0.f compilation, -O0 FAIL: g77.f-torture/execute/19981119-0.f compilation, -O1 FAIL: g77.f-torture/execute/19981119-0.f compilation, -O2 FAIL: g77.f-torture/execute/19981119-0.f compilation, -O2 -fomit-frame-pointer -finline-functions FAIL: g77.f-torture/execute/19981119-0.f compilation, -Os FAIL: g77.f-torture/execute/19990313-0.f compilation, -O0 FAIL: g77.f-torture/execute/19990313-0.f compilation, -O1 FAIL: g77.f-torture/execute/19990313-0.f compilation, -O2 FAIL: g77.f-torture/execute/19990313-0.f compilation, -O2 -fomit-frame-pointer -finline-functions FAIL: g77.f-torture/execute/19990313-0.f compilation, -Os FAIL: g77.f-torture/execute/19990313-1.f compilation, -O0 FAIL: g77.f-torture/execute/19990313-1.f compilation, -O1 FAIL: g77.f-torture/execute/19990313-1.f compilation, -O2 FAIL: g77.f-torture/execute/19990313-1.f compilation, -O2 -fomit-frame-pointer -finline-functions FAIL: g77.f-torture/execute/19990313-1.f compilation, -Os FAIL: g77.f-torture/execute/19990313-2.f compilation, -O0 FAIL: g77.f-torture/execute/19990313-2.f compilation, -O1 FAIL: g77.f-torture/execute/19990313-2.f compilation, -O2 FAIL: g77.f-torture/execute/19990313-2.f compilation, -O2 -fomit-frame-pointer -finline-functions FAIL: g77.f-torture/execute/19990313-2.f compilation, -Os FAIL: g77.f-torture/execute/19990313-3.f compilation, -O0 FAIL: g77.f-torture/execute/19990313-3.f compilation, -O1 FAIL: g77.f-torture/execute/19990313-3.f compilation, -O2 FAIL: g77.f-torture/execute/19990313-3.f compilation, -O2 -fomit-frame-pointer -finline-functions FAIL: g77.f-torture/execute/19990313-3.f compilation, -Os FAIL: g77.f-torture/execute/19990325-0.f compilation, -O0 FAIL: g77.f-torture/execute/19990325-0.f compilation, -O1 FAIL: g77.f-torture/execute/19990325-0.f compilation, -O2 FAIL: g77.f-torture/execute/19990325-0.f compilation, -O2 -fomit-frame-pointer -finline-functions FAIL: g77.f-torture/execute/19990325-0.f compilation, -Os FAIL: g77.f-torture/execute/19990325-1.f compilation, -O0 FAIL: g77.f-torture/execute/19990325-1.f compilation, -O1 FAIL: g77.f-torture/execute/19990325-1.f compilation, -O2 FAIL: g77.f-torture/execute/19990325-1.f compilation, -O2 -fomit-frame-pointer -finline-functions FAIL: g77.f-torture/execute/19990325-1.f compilation, -Os FAIL: g77.f-torture/execute/970625-2.f compilation, -O0 FAIL: g77.f-torture/execute/970625-2.f compilation, -O1 FAIL: g77.f-torture/execute/970625-2.f compilation, -O2 FAIL: g77.f-torture/execute/970625-2.f compilation, -O2 -fomit-frame-pointer -finline-functions FAIL: g77.f-torture/execute/970625-2.f compilation, -O2 -fomit-frame-pointer -finline-functions -funroll-loops FAIL: g77.f-torture/execute/970625-2.f compilation, -O2 -fomit-frame-pointer -finline-functions -funroll-all-loops FAIL: g77.f-torture/execute/970625-2.f compilation, -Os FAIL: g77.f-torture/execute/970816-3.f compilation, -O0 FAIL: g77.f-torture/execute/970816-3.f compilation, -O1 FAIL: g77.f-torture/execute/970816-3.f compilation, -O2 FAIL: g77.f-torture/execute/970816-3.f compilation, -O2 -fomit-frame-pointer -finline-functions FAIL: g77.f-torture/execute/970816-3.f compilation, -Os FAIL: g77.f-torture/execute/971102-1.f compilation, -O0 FAIL: g77.f-torture/execute/971102-1.f compilation, -O1 FAIL: g77.f-torture/execute/971102-1.f compilation, -O2 FAIL: g77.f-torture/execute/971102-1.f compilation, -O2 -fomit-frame-pointer -finline-functions FAIL: g77.f-torture/execute/971102-1.f compilation, -O2 -fomit-frame-pointer -finline-functions -funroll-loops FAIL: g77.f-torture/execute/971102-1.f compilation, -O2 -fomit-frame-pointer -finline-functions -funroll-all-loops FAIL: g77.f-torture/execute/971102-1.f compilation, -Os FAIL: g77.f-torture/execute/980520-1.f compilation, -O0 FAIL: g77.f-torture/execute/980520-1.f compilation, -O1 FAIL: g77.f-torture/execute/980520-1.f compilation, -O2 FAIL: g77.f-torture/execute/980520-1.f compilation, -O2 -fomit-frame-pointer -finline-functions FAIL: g77.f-torture/execute/980520-1.f compilation, -Os FAIL: g77.f-torture/execute/980628-0.f compilation, -O0 FAIL: g77.f-torture/execute/980628-0.f compilation, -O1 FAIL: g77.f-torture/execute/980628-0.f compilation, -O2 FAIL: g77.f-torture/execute/980628-0.f compilation, -O2 -fomit-frame-pointer -finline-functions FAIL: g77.f-torture/execute/980628-0.f compilation, -Os FAIL: g77.f-torture/execute/980628-1.f compilation, -O0 FAIL: g77.f-torture/execute/980628-1.f compilation, -O1 FAIL: g77.f-torture/execute/980628-1.f compilation, -O2 FAIL: g77.f-torture/execute/980628-1.f compilation, -O2 -fomit-frame-pointer -finline-functions FAIL: g77.f-torture/execute/980628-1.f compilation, -Os FAIL: g77.f-torture/execute/980628-10.f compilation, -O0 FAIL: g77.f-torture/execute/980628-10.f compilation, -O1 FAIL: g77.f-torture/execute/980628-10.f compilation, -O2 FAIL: g77.f-torture/execute/980628-10.f compilation, -O2 -fomit-frame-pointer -finline-functions FAIL: g77.f-torture/execute/980628-10.f compilation, -Os FAIL: g77.f-torture/execute/980628-2.f compilation, -O0 FAIL: g77.f-torture/execute/980628-2.f compilation, -O1 FAIL: g77.f-torture/execute/980628-2.f compilation, -O2 FAIL: g77.f-torture/execute/980628-2.f compilation, -O2 -fomit-frame-pointer -finline-functions FAIL: g77.f-torture/execute/980628-2.f compilation, -Os FAIL: g77.f-torture/execute/980628-3.f compilation, -O0 FAIL: g77.f-torture/execute/980628-3.f compilation, -O1 FAIL: g77.f-torture/execute/980628-3.f compilation, -O2 FAIL: g77.f-torture/execute/980628-3.f compilation, -O2 -fomit-frame-pointer -finline-functions FAIL: g77.f-torture/execute/980628-3.f compilation, -Os FAIL: g77.f-torture/execute/980628-4.f compilation, -O0 FAIL: g77.f-torture/execute/980628-4.f compilation, -O1 FAIL: g77.f-torture/execute/980628-4.f compilation, -O2 FAIL: g77.f-torture/execute/980628-4.f compilation, -O2 -fomit-frame-pointer -finline-functions FAIL: g77.f-torture/execute/980628-4.f compilation, -Os FAIL: g77.f-torture/execute/980628-5.f compilation, -O0 FAIL: g77.f-torture/execute/980628-5.f compilation, -O1 FAIL: g77.f-torture/execute/980628-5.f compilation, -O2 FAIL: g77.f-torture/execute/980628-5.f compilation, -O2 -fomit-frame-pointer -finline-functions FAIL: g77.f-torture/execute/980628-5.f compilation, -Os FAIL: g77.f-torture/execute/980628-6.f compilation, -O0 FAIL: g77.f-torture/execute/980628-6.f compilation, -O1 FAIL: g77.f-torture/execute/980628-6.f compilation, -O2 FAIL: g77.f-torture/execute/980628-6.f compilation, -O2 -fomit-frame-pointer -finline-functions FAIL: g77.f-torture/execute/980628-6.f compilation, -Os FAIL: g77.f-torture/execute/980628-7.f compilation, -O0 FAIL: g77.f-torture/execute/980628-7.f compilation, -O1 FAIL: g77.f-torture/execute/980628-7.f compilation, -O2 FAIL: g77.f-torture/execute/980628-7.f compilation, -O2 -fomit-frame-pointer -finline-functions FAIL: g77.f-torture/execute/980628-7.f compilation, -Os FAIL: g77.f-torture/execute/980628-8.f compilation, -O0 FAIL: g77.f-torture/execute/980628-8.f compilation, -O1 FAIL: g77.f-torture/execute/980628-8.f compilation, -O2 FAIL: g77.f-torture/execute/980628-8.f compilation, -O2 -fomit-frame-pointer -finline-functions FAIL: g77.f-torture/execute/980628-8.f compilation, -Os FAIL: g77.f-torture/execute/980628-9.f compilation, -O0 FAIL: g77.f-torture/execute/980628-9.f compilation, -O1 FAIL: g77.f-torture/execute/980628-9.f compilation, -O2 FAIL: g77.f-torture/execute/980628-9.f compilation, -O2 -fomit-frame-pointer -finline-functions FAIL: g77.f-torture/execute/980628-9.f compilation, -Os FAIL: g77.f-torture/execute/980701-0.f compilation, -O0 FAIL: g77.f-torture/execute/980701-0.f compilation, -O1 FAIL: g77.f-torture/execute/980701-0.f compilation, -O2 FAIL: g77.f-torture/execute/980701-0.f compilation, -O2 -fomit-frame-pointer -finline-functions FAIL: g77.f-torture/execute/980701-0.f compilation, -Os FAIL: g77.f-torture/execute/980701-1.f compilation, -O0 FAIL: g77.f-torture/execute/980701-1.f compilation, -O1 FAIL: g77.f-torture/execute/980701-1.f compilation, -O2 FAIL: g77.f-torture/execute/980701-1.f compilation, -O2 -fomit-frame-pointer -finline-functions FAIL: g77.f-torture/execute/980701-1.f compilation, -Os FAIL: g77.f-torture/execute/alpha2.f compilation, -O0 FAIL: g77.f-torture/execute/alpha2.f compilation, -O1 FAIL: g77.f-torture/execute/alpha2.f compilation, -O2 FAIL: g77.f-torture/execute/alpha2.f compilation, -O2 -fomit-frame-pointer -finline-functions FAIL: g77.f-torture/execute/alpha2.f compilation, -Os FAIL: g77.f-torture/execute/auto0.f compilation, -O0 FAIL: g77.f-torture/execute/auto0.f compilation, -O1 FAIL: g77.f-torture/execute/auto0.f compilation, -O2 FAIL: g77.f-torture/execute/auto0.f compilation, -O2 -fomit-frame-pointer -finline-functions FAIL: g77.f-torture/execute/auto0.f compilation, -O2 -fomit-frame-pointer -finline-functions -funroll-loops FAIL: g77.f-torture/execute/auto0.f compilation, -O2 -fomit-frame-pointer -finline-functions -funroll-all-loops FAIL: g77.f-torture/execute/auto0.f compilation, -Os FAIL: g77.f-torture/execute/auto1.f compilation, -O0 FAIL: g77.f-torture/execute/auto1.f compilation, -O1 FAIL: g77.f-torture/execute/auto1.f compilation, -O2 FAIL: g77.f-torture/execute/auto1.f compilation, -O2 -fomit-frame-pointer -finline-functions FAIL: g77.f-torture/execute/auto1.f compilation, -O2 -fomit-frame-pointer -finline-functions -funroll-loops FAIL: g77.f-torture/execute/auto1.f compilation, -O2 -fomit-frame-pointer -finline-functions -funroll-all-loops FAIL: g77.f-torture/execute/auto1.f compilation, -Os FAIL: g77.f-torture/execute/cabs.f compilation, -O0 FAIL: g77.f-torture/execute/cabs.f compilation, -O1 FAIL: g77.f-torture/execute/cabs.f compilation, -O2 FAIL: g77.f-torture/execute/cabs.f compilation, -O2 -fomit-frame-pointer -finline-functions FAIL: g77.f-torture/execute/cabs.f compilation, -Os FAIL: g77.f-torture/execute/claus.f compilation, -O0 FAIL: g77.f-torture/execute/claus.f compilation, -O1 FAIL: g77.f-torture/execute/claus.f compilation, -O2 FAIL: g77.f-torture/execute/claus.f compilation, -O2 -fomit-frame-pointer -finline-functions FAIL: g77.f-torture/execute/claus.f compilation, -O2 -fomit-frame-pointer -finline-functions -funroll-loops FAIL: g77.f-torture/execute/claus.f compilation, -O2 -fomit-frame-pointer -finline-functions -funroll-all-loops FAIL: g77.f-torture/execute/claus.f compilation, -Os FAIL: g77.f-torture/execute/complex_1.f compilation, -O0 FAIL: g77.f-torture/execute/complex_1.f compilation, -O1 FAIL: g77.f-torture/execute/complex_1.f compilation, -O2 FAIL: g77.f-torture/execute/complex_1.f compilation, -O2 -fomit-frame-pointer -finline-functions FAIL: g77.f-torture/execute/complex_1.f compilation, -Os FAIL: g77.f-torture/execute/dcomplex.f compilation, -O0 FAIL: g77.f-torture/execute/dcomplex.f compilation, -O1 FAIL: g77.f-torture/execute/dcomplex.f compilation, -O2 FAIL: g77.f-torture/execute/dcomplex.f compilation, -O2 -fomit-frame-pointer -finline-functions FAIL: g77.f-torture/execute/dcomplex.f compilation, -Os FAIL: g77.f-torture/execute/dnrm2.f compilation, -O0 FAIL: g77.f-torture/execute/dnrm2.f compilation, -O1 FAIL: g77.f-torture/execute/dnrm2.f compilation, -O2 FAIL: g77.f-torture/execute/dnrm2.f compilation, -O2 -fomit-frame-pointer -finline-functions FAIL: g77.f-torture/execute/dnrm2.f compilation, -O2 -fomit-frame-pointer -finline-functions -funroll-loops FAIL: g77.f-torture/execute/dnrm2.f compilation, -O2 -fomit-frame-pointer -finline-functions -funroll-all-loops FAIL: g77.f-torture/execute/dnrm2.f compilation, -Os FAIL: g77.f-torture/execute/erfc.f compilation, -O0 FAIL: g77.f-torture/execute/erfc.f compilation, -O1 FAIL: g77.f-torture/execute/erfc.f compilation, -O2 FAIL: g77.f-torture/execute/erfc.f compilation, -O2 -fomit-frame-pointer -finline-functions FAIL: g77.f-torture/execute/erfc.f compilation, -Os FAIL: g77.f-torture/execute/exp.f compilation, -O0 FAIL: g77.f-torture/execute/exp.f compilation, -O1 FAIL: g77.f-torture/execute/exp.f compilation, -O2 FAIL: g77.f-torture/execute/exp.f compilation, -O2 -fomit-frame-pointer -finline-functions FAIL: g77.f-torture/execute/exp.f compilation, -Os FAIL: g77.f-torture/execute/io0.f compilation, -O0 FAIL: g77.f-torture/execute/io0.f compilation, -O1 FAIL: g77.f-torture/execute/io0.f compilation, -O2 FAIL: g77.f-torture/execute/io0.f compilation, -O2 -fomit-frame-pointer -finline-functions FAIL: g77.f-torture/execute/io0.f compilation, -Os FAIL: g77.f-torture/execute/io1.f compilation, -O0 FAIL: g77.f-torture/execute/io1.f compilation, -O1 FAIL: g77.f-torture/execute/io1.f compilation, -O2 FAIL: g77.f-torture/execute/io1.f compilation, -O2 -fomit-frame-pointer -finline-functions FAIL: g77.f-torture/execute/io1.f compilation, -Os FAIL: g77.f-torture/execute/labug1.f compilation, -O0 FAIL: g77.f-torture/execute/labug1.f compilation, -O1 FAIL: g77.f-torture/execute/labug1.f compilation, -O2 FAIL: g77.f-torture/execute/labug1.f compilation, -O2 -fomit-frame-pointer -finline-functions FAIL: g77.f-torture/execute/labug1.f compilation, -O2 -fomit-frame-pointer -finline-functions -funroll-loops FAIL: g77.f-torture/execute/labug1.f compilation, -O2 -fomit-frame-pointer -finline-functions -funroll-all-loops FAIL: g77.f-torture/execute/labug1.f compilation, -Os FAIL: g77.f-torture/execute/large_vec.f compilation, -O0 FAIL: g77.f-torture/execute/large_vec.f compilation, -O1 FAIL: g77.f-torture/execute/large_vec.f compilation, -O2 FAIL: g77.f-torture/execute/large_vec.f compilation, -O2 -fomit-frame-pointer -finline-functions FAIL: g77.f-torture/execute/large_vec.f compilation, -Os FAIL: g77.f-torture/execute/le.f compilation, -O0 FAIL: g77.f-torture/execute/le.f compilation, -O1 FAIL: g77.f-torture/execute/le.f compilation, -O2 FAIL: g77.f-torture/execute/le.f compilation, -O2 -fomit-frame-pointer -finline-functions FAIL: g77.f-torture/execute/le.f compilation, -Os FAIL: g77.f-torture/execute/short.f compilation, -O0 FAIL: g77.f-torture/execute/short.f compilation, -O1 FAIL: g77.f-torture/execute/short.f compilation, -O2 FAIL: g77.f-torture/execute/short.f compilation, -O2 -fomit-frame-pointer -finline-functions FAIL: g77.f-torture/execute/short.f compilation, -O2 -fomit-frame-pointer -finline-functions -funroll-loops FAIL: g77.f-torture/execute/short.f compilation, -O2 -fomit-frame-pointer -finline-functions -funroll-all-loops FAIL: g77.f-torture/execute/short.f compilation, -Os FAIL: g77.f-torture/execute/u77-test.f compilation, -O0 FAIL: g77.f-torture/execute/u77-test.f compilation, -O1 FAIL: g77.f-torture/execute/u77-test.f compilation, -O2 FAIL: g77.f-torture/execute/u77-test.f compilation, -O2 -fomit-frame-pointer -finline-functions FAIL: g77.f-torture/execute/u77-test.f compilation, -O2 -fomit-frame-pointer -finline-functions -funroll-loops FAIL: g77.f-torture/execute/u77-test.f compilation, -O2 -fomit-frame-pointer -finline-functions -funroll-all-loops FAIL: g77.f-torture/execute/u77-test.f compilation, -Os FAIL: g77.f-torture/execute/cpp.F compilation, -O0 FAIL: g77.f-torture/execute/cpp.F compilation, -O1 FAIL: g77.f-torture/execute/cpp.F compilation, -O2 FAIL: g77.f-torture/execute/cpp.F compilation, -O2 -fomit-frame-pointer -finline-functions FAIL: g77.f-torture/execute/cpp.F compilation, -Os === g77 Summary === # of expected passes 115 # of unexpected failures 228 # of untested testcases 228 === objc tests === Running target unix FAIL: objc/execute/bf-1.m compilation, -O FAIL: objc/execute/bf-10.m compilation, -O FAIL: objc/execute/bf-11.m compilation, -O FAIL: objc/execute/bf-12.m compilation, -O FAIL: objc/execute/bf-13.m compilation, -O FAIL: objc/execute/bf-14.m compilation, -O FAIL: objc/execute/bf-15.m compilation, -O FAIL: objc/execute/bf-16.m compilation, -O FAIL: objc/execute/bf-17.m compilation, -O FAIL: objc/execute/bf-18.m compilation, -O FAIL: objc/execute/bf-19.m compilation, -O FAIL: objc/execute/bf-2.m compilation, -O FAIL: objc/execute/bf-3.m compilation, -O FAIL: objc/execute/bf-4.m compilation, -O FAIL: objc/execute/bf-5.m compilation, -O FAIL: objc/execute/bf-6.m compilation, -O FAIL: objc/execute/bf-7.m compilation, -O FAIL: objc/execute/bf-8.m compilation, -O FAIL: objc/execute/bf-9.m compilation, -O === objc Summary === # of unexpected failures 19 # of untested testcases 19 /auto/atlantis/u/atlantis/1/egcs/egcs-linux/gcc/xgcc version egcs-2.93.18 19990418 (gcc2 ss-980929 experimental) Compiler version: egcs-2.93.18 19990418 (gcc2 ss-980929 experimental) Platform: i686-pc-linux-gnulibc1 configure flags: --with-gcc-version-trigger=/u/atlantis/1/egcs/egcs/gcc/version.c --host=i686-pc-linux-gnulibc1 --srcdir=../egcs --prefix=/u/corse/2/robotvis/gnu/bin/egcs --with-fast-fixincludes --with-as=/u/corse/2/robotvis/gnu/bin/binutils/bin/as --norecursion Counting all warnings, there are 0 warnings in stage3 of this bootstrap. Number of warnings per file: Number of warning types: