This is the mail archive of the egcs-testresults@egcs.cygnus.com mailing list for the EGCS project. See the EGCS home page for more information.
Index Nav: | [Date Index] [Subject Index] [Author Index] [Thread Index] | |
---|---|---|
Message Nav: | [Date Prev] [Date Next] | [Thread Prev] [Thread Next] |
Run on stock NT/cygwin without any of Mumit Khan's patches. Each section of testsuite quit on access violation after number of cases shown. Dr. Timothy C. Prince Consulting Engineer Solar Turbines, a Caterpillar Company alternate e-mail: tprince@computer.org
Native configuration is i686-pc-cygwin32 === libstdc++ tests === Running target unix === libstdc++ Summary === # of expected passes 18 === objc tests === Running target unix === objc Summary === d:/gnu/egcs-19990321/cw/gcc/xgcc version egcs-2.93.17 19990412 (gcc2 ss-980929 experimental) === g++ tests === Running target unix FAIL: g++.benjamin/14687.C (test for excess errors) FAIL: g++.benjamin/14687.C Execution test === g++ Summary === # of expected passes 200 # of unexpected failures 2 # of untested testcases 1 === g77 tests === Running target unix === g77 Summary === # of expected passes 237 === gcc tests === Running target unix === gcc Summary === # of expected passes 891 Compiler version: egcs-2.93.17 19990412 (gcc2 ss-980929 experimental) Platform: i686-pc-cygwin32 configure flags: --with-gcc-version-trigger=//d/gnu/egcs-19990321/gcc/version.c --host=i686-pc-cygwin32 --disable-multilibs --norecursion EOF Mail -s "Results for egcs-2.93.17 19990412 (gcc2 ss-980929 experimental) testsuite on i686-pc-cygwin32" egcs-testresults@egcs.cygnus.com &&