This is the mail archive of the egcs-testresults@egcs.cygnus.com mailing list for the EGCS project. See the EGCS home page for more information.
Index Nav: | [Date Index] [Subject Index] [Author Index] [Thread Index] | |
---|---|---|
Message Nav: | [Date Prev] [Date Next] | [Thread Prev] [Thread Next] |
Native configuration is mips-sgi-irix6.5 === objc tests === Running target unix === objc Summary === # of expected passes 38 /wrk1/aerotherm/dawes/src/gnu/egcs-19990228/i64/gcc/xgcc version egcs-2.93.17 19990412 (gcc2 ss-980929 experimental) === gcc tests === Running target unix FAIL: gcc.c-torture/execute/990130-1.c compilation, -O0 FAIL: gcc.c-torture/execute/990130-1.c compilation, -O1 FAIL: gcc.c-torture/execute/990130-1.c compilation, -O2 FAIL: gcc.c-torture/execute/990130-1.c compilation, -O3 -fomit-frame-pointer FAIL: gcc.c-torture/execute/990130-1.c compilation, -O3 -g FAIL: gcc.c-torture/execute/990130-1.c compilation, -Os FAIL: gcc.c-torture/execute/complex-5.c execution, -O0 FAIL: gcc.c-torture/execute/complex-5.c execution, -O1 FAIL: gcc.c-torture/execute/complex-5.c execution, -O2 FAIL: gcc.c-torture/execute/complex-5.c execution, -O3 -fomit-frame-pointer FAIL: gcc.c-torture/execute/complex-5.c execution, -O3 -g FAIL: gcc.c-torture/execute/complex-5.c execution, -Os FAIL: gcc.c-torture/execute/memcpy-bi.c execution, -O2 XPASS: gcc.c-torture/execute/memcheck/blkarg.c execution, -O0 XPASS: gcc.c-torture/execute/memcheck/blkarg.c execution, -O1 XPASS: gcc.c-torture/execute/memcheck/blkarg.c execution, -O2 XPASS: gcc.c-torture/execute/memcheck/blkarg.c execution, -Os FAIL: gcc.dg/990119-1.c execution test FAIL: gcc.dg/special/alias-1.c (test for excess errors) FAIL: wkali-2b.o === gcc Summary === # of expected passes 8046 # of unexpected failures 16 # of unexpected successes 4 # of expected failures 27 # of unresolved testcases 6 # of unsupported tests 24 /wrk1/aerotherm/dawes/src/gnu/egcs-19990228/i64/gcc/xgcc version egcs-2.93.17 19990412 (gcc2 ss-980929 experimental) === g77 tests === Running target unix FAIL: g77.f-torture/execute/19990325-0.f execution, -O0 FAIL: g77.f-torture/execute/19990325-0.f execution, -O1 FAIL: g77.f-torture/execute/19990325-0.f execution, -O2 FAIL: g77.f-torture/execute/19990325-0.f execution, -O2 -fomit-frame-pointer -finline-functions FAIL: g77.f-torture/execute/19990325-0.f execution, -Os FAIL: g77.f-torture/execute/19990325-1.f execution, -O0 FAIL: g77.f-torture/execute/19990325-1.f execution, -O1 FAIL: g77.f-torture/execute/19990325-1.f execution, -O2 FAIL: g77.f-torture/execute/19990325-1.f execution, -O2 -fomit-frame-pointer -finline-functions FAIL: g77.f-torture/execute/19990325-1.f execution, -Os === g77 Summary === # of expected passes 561 # of unexpected failures 10 === g++ tests === Running target unix FAIL: g++.dg/special/conpr-1.C execution test FAIL: g++.dg/special/conpr-2.C execution test FAIL: g++.dg/special/conpr-3.C execution test FAIL: g++.dg/special/conpr-3.C execution test XPASS: g++.pt/instantiate6.C (test for excess errors) === g++ Summary === # of expected passes 5085 # of unexpected failures 4 # of unexpected successes 1 # of expected failures 83 # of untested testcases 10 /wrk1/aerotherm/dawes/src/gnu/egcs-19990228/i64/gcc/testsuite/../xgcc version egcs-2.93.17 19990412 (gcc2 ss-980929 experimental) === libstdc++ tests === Running target unix === libstdc++ Summary === # of expected passes 30 === libio tests === Running target unix === libio Summary === # of expected passes 40 Compiler version: egcs-2.93.17 19990412 (gcc2 ss-980929 experimental) Platform: mips-sgi-irix6.5 configure flags: --with-gcc-version-trigger=/wrk1/aerotherm/dawes/src/gnu/egcs-19990228/gcc/version.c --host=mips-sgi-irix6.5 --prefix=/wrk1/aerotherm/dawes/src/gnu/803 --norecursion EOF Mail -s "Results for egcs-2.93.17 19990412 (gcc2 ss-980929 experimental) testsuite on mips-sgi-irix6.5" egcs-testresults@egcs.cygnus.com &&