This is the mail archive of the egcs-testresults@egcs.cygnus.com mailing list for the EGCS project. See the EGCS home page for more information.
Index Nav: | [Date Index] [Subject Index] [Author Index] [Thread Index] | |
---|---|---|
Message Nav: | [Date Prev] [Date Next] | [Thread Prev] [Thread Next] |
Environment: glibc-2.1.1pre1 gas-990403 DWARF EH support for PPC (Andrew McLeod) Native configuration is powerpc-redhat-linux-gnu === libio tests === Running target unix === libio Summary === # of expected passes 40 === libstdc++ tests === Running target unix === libstdc++ Summary === # of expected passes 30 === gcc tests === Running target unix FAIL: gcc.c-torture/compile/980329-1.c, -O3 -fomit-frame-pointer -funroll-all-loops -finline-functions FAIL: gcc.c-torture/execute/980608-1.c execution, -O0 FAIL: gcc.c-torture/execute/980608-1.c execution, -O1 FAIL: gcc.c-torture/execute/980608-1.c execution, -O2 FAIL: gcc.c-torture/execute/980608-1.c execution, -Os FAIL: gcc.c-torture/execute/990130-1.c compilation, -O0 FAIL: gcc.c-torture/execute/990130-1.c compilation, -O1 FAIL: gcc.c-torture/execute/990130-1.c compilation, -O2 FAIL: gcc.c-torture/execute/990130-1.c compilation, -O3 -fomit-frame-pointer FAIL: gcc.c-torture/execute/990130-1.c compilation, -O3 -g FAIL: gcc.c-torture/execute/990130-1.c compilation, -Os FAIL: gcc.c-torture/execute/complex-5.c execution, -O3 -fomit-frame-pointer FAIL: gcc.c-torture/execute/complex-5.c execution, -O3 -g FAIL: gcc.c-torture/execute/strct-pack-1.c execution, -O3 -fomit-frame-pointer FAIL: gcc.c-torture/execute/strct-pack-1.c execution, -O3 -g FAIL: gcc.dg/980523-1.c execution test FAIL: gcc.dg/990119-1.c execution test === gcc Summary === # of expected passes 8054 # of unexpected failures 17 # of expected failures 31 # of unresolved testcases 6 # of unsupported tests 20 /home/fsirl/obj/cvsm/gcc/xgcc version egcs-2.93.17 19990412 (gcc2 ss-980929 experimental) === g++ tests === Running target unix === g++ Summary === # of expected passes 5091 # of expected failures 81 # of untested testcases 8 /home/fsirl/obj/cvsm/gcc/testsuite/../xgcc version egcs-2.93.17 19990412 (gcc2 ss-980929 experimental) === g77 tests === Running target unix FAIL: g77.f-torture/compile/980310-7.f, -O0 FAIL: g77.f-torture/compile/980310-7.f, -O1 FAIL: g77.f-torture/compile/980310-7.f, -O2 FAIL: g77.f-torture/compile/980310-7.f, -O2 -fomit-frame-pointer -finline-functions FAIL: g77.f-torture/compile/980310-7.f, -O2 -fomit-frame-pointer -finline-functions -funroll-loops FAIL: g77.f-torture/compile/980310-7.f, -O2 -fomit-frame-pointer -finline-functions -funroll-all-loops FAIL: g77.f-torture/compile/980310-7.f, -Os FAIL: g77.f-torture/execute/19990325-0.f execution, -O0 FAIL: g77.f-torture/execute/19990325-0.f execution, -O1 FAIL: g77.f-torture/execute/19990325-0.f execution, -O2 FAIL: g77.f-torture/execute/19990325-0.f execution, -O2 -fomit-frame-pointer -finline-functions FAIL: g77.f-torture/execute/19990325-0.f execution, -Os FAIL: g77.f-torture/execute/19990325-1.f execution, -O0 FAIL: g77.f-torture/execute/19990325-1.f execution, -O1 FAIL: g77.f-torture/execute/19990325-1.f execution, -O2 FAIL: g77.f-torture/execute/19990325-1.f execution, -O2 -fomit-frame-pointer -finline-functions FAIL: g77.f-torture/execute/19990325-1.f execution, -Os === g77 Summary === # of expected passes 554 # of unexpected failures 17 === objc tests === Running target unix === objc Summary === # of expected passes 38 /home/fsirl/obj/cvsm/gcc/xgcc version egcs-2.93.17 19990412 (gcc2 ss-980929 experimental) Compiler version: egcs-2.93.17 19990412 (gcc2 ss-980929 experimental) Platform: powerpc-redhat-linux-gnu configure flags: --with-gcc-version-trigger=/home/fsirl/egcsm/gcc/version.c --host=ppc-redhat-linux --prefix=/home/fsirl/gnubin2 --enable-shared --norecursion