This is the mail archive of the egcs-testresults@egcs.cygnus.com mailing list for the EGCS project. See the EGCS home page for more information.
Index Nav: | [Date Index] [Subject Index] [Author Index] [Thread Index] | |
---|---|---|
Message Nav: | [Date Prev] [Date Next] | [Thread Prev] [Thread Next] |
Compiler version: egcs-2.93.17 19990409 (gcc2 ss-980929 experimental) Platform: i686-suse-linux-gnu Sources: - egcs from CVS last updated at 1999/04/09 10:59:42 +0200 - libg++-2.8.1.3 Patches: None. Environment: - autoconf-2.13 - automake-1.4 - gas/binutils snapshot as of 1999/03/29 - dejagnu-19981026 + look_for_dir_with_trigger patch - gperf-2.7 + gperf-2.7-19981006.pat - SuSE Linux 6.0 - Kernel 2.2.5 (compiled by "gcc version egcs-2.91.66 19990314 (egcs-1.1.2 release)") - glibc-2.??? from SuSE's shlibs-98.12.14-0 Remarks: Cool, the loop-2b failures seem to be gone. configure flags: --with-gcc-version-trigger=/home/gnu/work/GNU/egcs-19990409/gcc/version.c --host=i686-suse-linux-gnu --srcdir=../egcs-19990409 --prefix=/tools/gnu --with-gnu-as --with-gnu-ld --enable-shared --enable-version-specific-runtime-libs --with-local-prefix=/tools/gnu --enable-nls --verbose --norecursion BOOT_CC: gcc version egcs-2.93.17 19990408 (gcc2 ss-980929 experimental) BOOT_CFLAGS: -O2 -g -W -Wall CFLAGS: -O2 -g CXXFLAGS: -O2 -g Native configuration is i686-suse-linux-gnu === libio tests === Running target unix === libio Summary === # of expected passes 40 === libstdc++ tests === Running target unix === libstdc++ Summary === # of expected passes 30 === libg++ tests === Running target unix === libg++ Summary === # of expected passes 72 === gcc tests === Running target unix FAIL: gcc.c-torture/execute/980709-1.c compilation, -O1 FAIL: gcc.c-torture/execute/980709-1.c compilation, -O2 FAIL: gcc.c-torture/execute/980709-1.c compilation, -O3 -fomit-frame-pointer FAIL: gcc.c-torture/execute/980709-1.c compilation, -O3 -g FAIL: gcc.c-torture/execute/980709-1.c compilation, -Os FAIL: gcc.c-torture/execute/990130-1.c compilation, -O0 FAIL: gcc.c-torture/execute/990130-1.c compilation, -O1 FAIL: gcc.c-torture/execute/990130-1.c compilation, -O2 FAIL: gcc.c-torture/execute/990130-1.c compilation, -O3 -fomit-frame-pointer FAIL: gcc.c-torture/execute/990130-1.c compilation, -O3 -g FAIL: gcc.c-torture/execute/990130-1.c compilation, -Os FAIL: gcc.dg/990119-1.c execution test === gcc Summary === # of expected passes 8054 # of unexpected failures 12 # of expected failures 38 # of unresolved testcases 11 # of unsupported tests 12 /home3/gnu/work/GNU/egcs-19990409-i686-suse-linux-gnu/gcc/xgcc version egcs-2.93.17 19990409 (gcc2 ss-980929 experimental) === g++ tests === Running target unix === g++ Summary === # of expected passes 5085 # of expected failures 81 # of untested testcases 7 /home3/gnu/work/GNU/egcs-19990409-i686-suse-linux-gnu/gcc/testsuite/../xgcc version egcs-2.93.17 19990409 (gcc2 ss-980929 experimental) === g77 tests === Running target unix FAIL: g77.f-torture/execute/19990325-0.f execution, -O0 FAIL: g77.f-torture/execute/19990325-0.f execution, -O1 FAIL: g77.f-torture/execute/19990325-0.f execution, -O2 FAIL: g77.f-torture/execute/19990325-0.f execution, -O2 -fomit-frame-pointer -finline-functions FAIL: g77.f-torture/execute/19990325-0.f execution, -Os FAIL: g77.f-torture/execute/19990325-1.f execution, -O0 FAIL: g77.f-torture/execute/19990325-1.f execution, -O1 FAIL: g77.f-torture/execute/19990325-1.f execution, -O2 FAIL: g77.f-torture/execute/19990325-1.f execution, -O2 -fomit-frame-pointer -finline-functions FAIL: g77.f-torture/execute/19990325-1.f execution, -Os FAIL: g77.f-torture/execute/970625-2.f compilation, -O1 === g77 Summary === # of expected passes 559 # of unexpected failures 11 # of untested testcases 1 === objc tests === Running target unix === objc Summary === # of expected passes 38 /home3/gnu/work/GNU/egcs-19990409-i686-suse-linux-gnu/gcc/xgcc version egcs-2.93.17 19990409 (gcc2 ss-980929 experimental) Counting all warnings, there are 230 warnings in stage3 of this bootstrap. Number of warnings per file: 15 ../../egcs-19990409/gcc/objc/objc-act.c 12 ../../../egcs-19990409/gcc/java/lex.c 11 ../../egcs-19990409/gcc/integrate.c 9 ./parse.y 9 ../../egcs-19990409/gcc/toplev.c 9 ../../egcs-19990409/gcc/reload1.c 9 ../../egcs-19990409/gcc/cse.c 8 ../../egcs-19990409/gcc/final.c 7 ../../egcs-19990409/gcc/reload.c 7 ../../egcs-19990409/gcc/combine.c 6 ../../egcs-19990409/gcc/varasm.c 6 ../../egcs-19990409/gcc/unroll.c 6 ../../egcs-19990409/gcc/loop.c 6 ../../egcs-19990409/gcc/fold-const.c 6 ../../egcs-19990409/gcc/dwarf2out.c 6 ../../../egcs-19990409/gcc/java/jcf-reader.c 5 ../../../egcs-19990409/gcc/java/expr.c 4 cexp.y 4 ../../egcs-19990409/gcc/tlink.c 4 ../../egcs-19990409/gcc/regclass.c 4 ../../egcs-19990409/gcc/reg-stack.c 4 ../../egcs-19990409/gcc/optabs.c 4 ../../../egcs-19990409/gcc/java/lex.h 4 ../../../egcs-19990409/gcc/java/../hwint.h 4 ../../../../egcs-19990409/libg++/src/Fix16.cc 3 insn-recog.c 3 insn-emit.c 3 ../../egcs-19990409/gcc/stmt.c 3 ../../egcs-19990409/gcc/sched.c 3 ../../egcs-19990409/gcc/regmove.c 3 ../../egcs-19990409/gcc/genopinit.c 3 ../../egcs-19990409/gcc/cccp.c 3 ../../../egcs-19990409/gcc/java/verify.c 2 insn-output.c 2 cxxmain.c 2 ../../egcs-19990409/gcc/protoize.c 2 ../../egcs-19990409/gcc/local-alloc.c 2 ../../egcs-19990409/gcc/function.c 2 ../../egcs-19990409/gcc/expr.c 2 ../../egcs-19990409/gcc/dbxout.c 2 ../../egcs-19990409/gcc/collect2.c 2 ../../../egcs-19990409/libiberty/cplus-dem.c 2 ../../../egcs-19990409/gcc/java/gjavah.c 2 ../../../egcs-19990409/gcc/java/class.c 1 splay-tree.c 1 ../../egcs-19990409/gcc/stupid.c 1 ../../egcs-19990409/gcc/rtl.c 1 ../../egcs-19990409/gcc/recog.c 1 ../../egcs-19990409/gcc/print-rtl.c 1 ../../egcs-19990409/gcc/hash.c 1 ../../egcs-19990409/gcc/graph.c 1 ../../egcs-19990409/gcc/gcov-io.h 1 ../../egcs-19990409/gcc/f/g77spec.c 1 ../../egcs-19990409/gcc/crtstuff.c 1 ../../egcs-19990409/gcc/config/i386/i386.c 1 ../../../egcs-19990409/libiberty/testsuite/../cplus-dem.c 1 ../../../egcs-19990409/gcc/java/jcf-io.c 1 ../../../egcs-19990409/gcc/java/javaop.def 1 ../../../egcs-19990409/gcc/java/decl.c Number of warning types: 87 `???' might be used uninitialized in this function 44 unused parameter `???' 38 comparison between signed and unsigned 14 variable `???' might be clobbered by `longjmp' or `vfork' 14 implicit declaration of function `???' 8 initialization from incompatible pointer type 4 unused variable `???' 4 this is the location of the previous definition 4 integer overflow in expression 4 initialization discards qualifiers from pointer target type 4 `???' redefined 2 zero-length format string 2 `???' defined but not used 1 passing arg ??? of `???' from incompatible pointer type