This is the mail archive of the egcs-testresults@egcs.cygnus.com mailing list for the EGCS project. See the EGCS home page for more information.
Index Nav: | [Date Index] [Subject Index] [Author Index] [Thread Index] | |
---|---|---|
Message Nav: | [Date Prev] [Date Next] | [Thread Prev] [Thread Next] |
Native configuration is i686-pc-linux-gnulibc1 === libstdc++ tests === Running target unix === libstdc++ Summary === # of expected passes 30 === gcc tests === Running target unix FAIL: gcc.c-torture/execute/990130-1.c compilation, -O0 FAIL: gcc.c-torture/execute/990130-1.c compilation, -O1 FAIL: gcc.c-torture/execute/990130-1.c compilation, -O2 FAIL: gcc.c-torture/execute/990130-1.c compilation, -O3 -fomit-frame-pointer FAIL: gcc.c-torture/execute/990130-1.c compilation, -O3 -g FAIL: gcc.c-torture/execute/990130-1.c compilation, -Os FAIL: gcc.c-torture/execute/loop-2b.c execution, -O2 FAIL: gcc.c-torture/execute/loop-2b.c execution, -O3 -fomit-frame-pointer FAIL: gcc.c-torture/execute/loop-2b.c execution, -O3 -fomit-frame-pointer -funroll-loops FAIL: gcc.c-torture/execute/loop-2b.c execution, -O3 -fomit-frame-pointer -funroll-all-loops -finline-functions FAIL: gcc.c-torture/execute/loop-2b.c execution, -O3 -g FAIL: gcc.c-torture/execute/ieee/980619-1.c execution, -O1 FAIL: gcc.c-torture/execute/ieee/980619-1.c execution, -O2 FAIL: gcc.c-torture/execute/ieee/980619-1.c execution, -O3 -fomit-frame-pointer FAIL: gcc.c-torture/execute/ieee/980619-1.c execution, -O3 -fomit-frame-pointer -funroll-loops FAIL: gcc.c-torture/execute/ieee/980619-1.c execution, -O3 -fomit-frame-pointer -funroll-all-loops -finline-functions FAIL: gcc.c-torture/execute/ieee/980619-1.c execution, -O3 -g FAIL: gcc.c-torture/execute/ieee/980619-1.c execution, -Os FAIL: gcc.dg/990119-1.c execution test FAIL: gcc.dg/special/weak-1.c execution test === gcc Summary === # of expected passes 8053 # of unexpected failures 20 # of expected failures 29 # of unresolved testcases 6 # of unsupported tests 13 /auto/atlantis/u/atlantis/1/egcs/egcs-linux/gcc/xgcc version egcs-2.93.17 19990406 (gcc2 ss-980929 experimental) === g++ tests === Running target unix FAIL: g++.dg/special/conpr-1.C execution test FAIL: g++.dg/special/conpr-2.C execution test FAIL: g++.dg/special/conpr-3.C execution test FAIL: g++.dg/special/conpr-3.C execution test === g++ Summary === # of expected passes 5071 # of unexpected failures 4 # of expected failures 80 # of untested testcases 7 /auto/atlantis/u/atlantis/1/egcs/egcs-linux/gcc/testsuite/../xgcc version egcs-2.93.17 19990406 (gcc2 ss-980929 experimental) === g77 tests === Running target unix FAIL: g77.f-torture/execute/19990325-0.f execution, -O0 FAIL: g77.f-torture/execute/19990325-0.f execution, -O1 FAIL: g77.f-torture/execute/19990325-0.f execution, -O2 FAIL: g77.f-torture/execute/19990325-0.f execution, -O2 -fomit-frame-pointer -finline-functions FAIL: g77.f-torture/execute/19990325-0.f execution, -Os FAIL: g77.f-torture/execute/19990325-1.f execution, -O0 FAIL: g77.f-torture/execute/19990325-1.f execution, -O1 FAIL: g77.f-torture/execute/19990325-1.f execution, -O2 FAIL: g77.f-torture/execute/19990325-1.f execution, -O2 -fomit-frame-pointer -finline-functions FAIL: g77.f-torture/execute/19990325-1.f execution, -Os FAIL: g77.f-torture/execute/970625-2.f compilation, -O1 === g77 Summary === # of expected passes 559 # of unexpected failures 11 # of untested testcases 1 === objc tests === Running target unix === objc Summary === # of expected passes 38 /auto/atlantis/u/atlantis/1/egcs/egcs-linux/gcc/xgcc version egcs-2.93.17 19990406 (gcc2 ss-980929 experimental) Compiler version: egcs-2.93.17 19990406 (gcc2 ss-980929 experimental) Platform: i686-pc-linux-gnulibc1 configure flags: --with-gcc-version-trigger=/u/atlantis/1/egcs/egcs/gcc/version.c --host=i686-pc-linux-gnulibc1 --srcdir=../egcs --prefix=/u/corse/2/robotvis/gnu/bin/egcs --with-fast-fixincludes --with-as=/u/corse/2/robotvis/gnu/bin/binutils/bin/as --norecursion Counting all warnings, there are 221 warnings in stage3 of this bootstrap. Number of warnings per file: 15 ../../egcs/gcc/objc/objc-act.c 12 ../../../egcs/gcc/java/lex.c 11 ../../egcs/gcc/toplev.c 11 ../../egcs/gcc/integrate.c 9 ./parse.y 9 ../../egcs/gcc/reload1.c 9 ../../egcs/gcc/final.c 9 ../../egcs/gcc/cse.c 8 ../../egcs/gcc/loop.c 7 ../../egcs/gcc/reload.c 7 ../../egcs/gcc/combine.c 6 ../../egcs/gcc/varasm.c 6 ../../egcs/gcc/unroll.c 6 ../../egcs/gcc/fold-const.c 6 ../../egcs/gcc/dwarf2out.c 6 ../../../egcs/gcc/java/jcf-reader.c 5 ../../../egcs/gcc/java/expr.c 4 cexp.y 4 ../../egcs/gcc/tlink.c 4 ../../egcs/gcc/regclass.c 4 ../../egcs/gcc/reg-stack.c 4 ../../egcs/gcc/optabs.c 3 insn-recog.c 3 insn-emit.c 3 ../../egcs/gcc/stmt.c 3 ../../egcs/gcc/sched.c 3 ../../egcs/gcc/regmove.c 3 ../../egcs/gcc/genopinit.c 3 ../../egcs/gcc/cccp.c 3 ../../../egcs/gcc/java/verify.c 2 insn-output.c 2 cxxmain.c 2 ../../egcs/gcc/protoize.c 2 ../../egcs/gcc/local-alloc.c 2 ../../egcs/gcc/function.c 2 ../../egcs/gcc/expr.c 2 ../../egcs/gcc/dbxout.c 2 ../../egcs/gcc/collect2.c 2 ../../../egcs/gcc/java/gjavah.c 2 ../../../egcs/gcc/java/class.c 1 splay-tree.c 1 ../../egcs/gcc/stupid.c 1 ../../egcs/gcc/rtl.c 1 ../../egcs/gcc/recog.c 1 ../../egcs/gcc/print-rtl.c 1 ../../egcs/gcc/hash.c 1 ../../egcs/gcc/graph.c 1 ../../egcs/gcc/gcov-io.h 1 ../../egcs/gcc/f/g77spec.c 1 ../../egcs/gcc/crtstuff.c 1 ../../egcs/gcc/cppspec.c 1 ../../egcs/gcc/config/i386/i386.c 1 ../../../egcs/gcc/java/jcf-io.c 1 ../../../egcs/gcc/java/javaop.def 1 ../../../egcs/gcc/java/decl.c Number of warning types: 87 `???' might be used uninitialized in this function 44 unused parameter `???' 38 comparison between signed and unsigned 14 variable `???' might be clobbered by `longjmp' or `vfork' 14 implicit declaration of function `???' 8 initialization from incompatible pointer type 5 unused variable `???' 3 `???' defined but not used 2 zero-length format string 2 passing arg ??? of `???' from incompatible pointer type 1 suggest explicit braces to avoid ambiguous `else' 1 passing arg ??? of `???' makes integer from pointer without a cast 1 initialization discards qualifiers from pointer target type 1 assignment discards qualifiers from pointer target type