This is the mail archive of the egcs-testresults@egcs.cygnus.com mailing list for the EGCS project. See the EGCS home page for more information.
Index Nav: | [Date Index] [Subject Index] [Author Index] [Thread Index] | |
---|---|---|
Message Nav: | [Date Prev] [Date Next] | [Thread Prev] [Thread Next] |
This run has a couple of mysteries. * The COFF EH (COFF on this target uses sjlj exceptions) tests that failed consumed every byte of VM in the system. But the variable must not be sjlj vs dwarf2 becuase a make check-g++ RUNTESTFLAGS="--tool_opts -fsjlj-exceptions old-deja.exp=eh33.C" doesn't show that behaviour but replacing '-fsjlj-exceptions' with '-mcoff' does. All of the EH failures in COFF shared this trait. * Many of the g77 PIC failures didn't show up in the UDK or SVR5 builds from the same source. Native configuration is i686-pc-sco3.2v5.0.5 === libio tests === Running target unix/-mcoff === libio Summary for unix/-mcoff === # of expected passes 40 Running target unix/-fPIC === libio Summary for unix/-fPIC === # of expected passes 40 Running target unix/-melf === libio Summary for unix/-melf === # of expected passes 40 === libio Summary === # of expected passes 120 === libstdc++ tests === Running target unix/-mcoff === libstdc++ Summary for unix/-mcoff === # of expected passes 30 Running target unix/-fPIC FAIL: tcomplex.cc compilation FAIL: tcomplex.cc -O compilation FAIL: tlist.cc compilation FAIL: tlist.cc -O compilation FAIL: tmap.cc compilation FAIL: tmap.cc -O compilation FAIL: tstring.cc compilation FAIL: tvector.cc compilation FAIL: tvector.cc -O compilation === libstdc++ Summary for unix/-fPIC === # of expected passes 3 # of unexpected failures 9 # of expected failures 18 Running target unix/-melf FAIL: tcomplex.cc compilation FAIL: tcomplex.cc -O compilation FAIL: tlist.cc compilation FAIL: tlist.cc -O compilation FAIL: tmap.cc compilation FAIL: tmap.cc -O compilation FAIL: tstring.cc compilation FAIL: tvector.cc compilation FAIL: tvector.cc -O compilation === libstdc++ Summary for unix/-melf === # of expected passes 3 # of unexpected failures 9 # of expected failures 18 === libstdc++ Summary === # of expected passes 36 # of unexpected failures 18 # of expected failures 36 === gcc tests === Running target unix/-mcoff FAIL: gcc.c-torture/execute/930603-1.c execution, -O0 FAIL: gcc.c-torture/execute/930603-1.c execution, -O1 FAIL: gcc.c-torture/execute/930603-1.c execution, -O2 FAIL: gcc.c-torture/execute/930603-1.c execution, -Os FAIL: gcc.c-torture/execute/990130-1.c compilation, -O0 FAIL: gcc.c-torture/execute/990130-1.c compilation, -O1 FAIL: gcc.c-torture/execute/990130-1.c compilation, -O2 FAIL: gcc.c-torture/execute/990130-1.c compilation, -O3 -fomit-frame-pointer FAIL: gcc.c-torture/execute/990130-1.c compilation, -O3 -g FAIL: gcc.c-torture/execute/990130-1.c compilation, -Os FAIL: gcc.c-torture/execute/loop-2b.c execution, -O2 FAIL: gcc.c-torture/execute/loop-2b.c execution, -O3 -fomit-frame-pointer FAIL: gcc.c-torture/execute/loop-2b.c execution, -O3 -fomit-frame-pointer -funroll-loops FAIL: gcc.c-torture/execute/loop-2b.c execution, -O3 -fomit-frame-pointer -funroll-all-loops -finline-functions FAIL: gcc.c-torture/execute/loop-2b.c execution, -O3 -g FAIL: gcc.dg/990119-1.c execution test FAIL: gcc.dg/cpp-if1.c invalid number (test for errors, line 12) FAIL: gcc.dg/cpp-if1.c invalid number (test for errors, line 15) FAIL: gcc.dg/cpp-if1.c invalid number (test for errors, line 18) FAIL: gcc.dg/cpp-if1.c floating point in #if (test for errors, line 21) FAIL: gcc.dg/cpp-if1.c too many suffixes (test for errors, line 24) FAIL: gcc.dg/cpp-if1.c too many suffixes (test for errors, line 27) FAIL: gcc.dg/cpp-if1.c (test for excess errors) FAIL: gcc.dg/cpp-if3.c (test for excess errors) FAIL: gcc.misc-tests/m-un-2.c warning regression (test for warnings, line 18) FAIL: gcc.misc-tests/m-un-2.c warning regression (test for warnings, line 23) FAIL: gcc.misc-tests/m-un-2.c (test for excess errors) === gcc Summary for unix/-mcoff === # of expected passes 8013 # of unexpected failures 27 # of expected failures 36 # of unresolved testcases 6 # of unsupported tests 15 Running target unix/-fPIC FAIL: gcc.c-torture/compile/981001-2.c, -O0 FAIL: gcc.c-torture/compile/981001-2.c, -O1 FAIL: gcc.c-torture/compile/981001-2.c, -O2 FAIL: gcc.c-torture/compile/981001-2.c, -O3 -fomit-frame-pointer FAIL: gcc.c-torture/compile/981001-2.c, -O3 -g FAIL: gcc.c-torture/compile/981001-2.c, -Os FAIL: gcc.c-torture/execute/930603-1.c execution, -O0 FAIL: gcc.c-torture/execute/930603-1.c execution, -O1 FAIL: gcc.c-torture/execute/930603-1.c execution, -O2 FAIL: gcc.c-torture/execute/930603-1.c execution, -Os FAIL: gcc.c-torture/execute/990127-2.c execution, -O3 -fomit-frame-pointer FAIL: gcc.c-torture/execute/990127-2.c execution, -O3 -g FAIL: gcc.c-torture/execute/990130-1.c compilation, -O0 FAIL: gcc.c-torture/execute/990130-1.c compilation, -O1 FAIL: gcc.c-torture/execute/990130-1.c compilation, -O2 FAIL: gcc.c-torture/execute/990130-1.c compilation, -O3 -fomit-frame-pointer FAIL: gcc.c-torture/execute/990130-1.c compilation, -O3 -g FAIL: gcc.c-torture/execute/990130-1.c compilation, -Os FAIL: gcc.c-torture/execute/bf-pack-1.c compilation, -O3 -g FAIL: gcc.c-torture/execute/conversion.c execution, -O3 -fomit-frame-pointer FAIL: gcc.c-torture/execute/conversion.c execution, -O3 -g FAIL: gcc.c-torture/special/eeprof-1.c compilation, -O0 FAIL: gcc.c-torture/special/eeprof-1.c compilation, -O1 FAIL: gcc.c-torture/special/eeprof-1.c compilation, -O2 FAIL: gcc.c-torture/special/eeprof-1.c compilation, -O3 -fomit-frame-pointer FAIL: gcc.c-torture/special/eeprof-1.c compilation, -O3 -g FAIL: gcc.c-torture/special/eeprof-1.c compilation, -Os FAIL: gcc.dg/990119-1.c execution test FAIL: gcc.dg/cpp-if1.c invalid number (test for errors, line 12) FAIL: gcc.dg/cpp-if1.c invalid number (test for errors, line 15) FAIL: gcc.dg/cpp-if1.c invalid number (test for errors, line 18) FAIL: gcc.dg/cpp-if1.c floating point in #if (test for errors, line 21) FAIL: gcc.dg/cpp-if1.c too many suffixes (test for errors, line 24) FAIL: gcc.dg/cpp-if1.c too many suffixes (test for errors, line 27) FAIL: gcc.dg/cpp-if1.c (test for excess errors) FAIL: gcc.dg/cpp-if3.c (test for excess errors) FAIL: gcc.misc-tests/m-un-2.c warning regression (test for warnings, line 18) FAIL: gcc.misc-tests/m-un-2.c warning regression (test for warnings, line 23) FAIL: gcc.misc-tests/m-un-2.c (test for excess errors) === gcc Summary for unix/-fPIC === # of expected passes 7994 # of unexpected failures 39 # of expected failures 36 # of unresolved testcases 13 # of unsupported tests 12 Running target unix/-melf FAIL: gcc.c-torture/compile/981001-2.c, -O0 FAIL: gcc.c-torture/compile/981001-2.c, -O1 FAIL: gcc.c-torture/compile/981001-2.c, -O2 FAIL: gcc.c-torture/compile/981001-2.c, -O3 -fomit-frame-pointer FAIL: gcc.c-torture/compile/981001-2.c, -O3 -g FAIL: gcc.c-torture/compile/981001-2.c, -Os FAIL: gcc.c-torture/execute/930603-1.c execution, -O0 FAIL: gcc.c-torture/execute/930603-1.c execution, -O1 FAIL: gcc.c-torture/execute/930603-1.c execution, -O2 FAIL: gcc.c-torture/execute/930603-1.c execution, -Os FAIL: gcc.c-torture/execute/990130-1.c compilation, -O0 FAIL: gcc.c-torture/execute/990130-1.c compilation, -O1 FAIL: gcc.c-torture/execute/990130-1.c compilation, -O2 FAIL: gcc.c-torture/execute/990130-1.c compilation, -O3 -fomit-frame-pointer FAIL: gcc.c-torture/execute/990130-1.c compilation, -O3 -g FAIL: gcc.c-torture/execute/990130-1.c compilation, -Os FAIL: gcc.c-torture/execute/bf-pack-1.c compilation, -O3 -g FAIL: gcc.c-torture/execute/loop-2b.c execution, -O2 FAIL: gcc.c-torture/execute/loop-2b.c execution, -O3 -fomit-frame-pointer FAIL: gcc.c-torture/execute/loop-2b.c execution, -O3 -fomit-frame-pointer -funroll-loops FAIL: gcc.c-torture/execute/loop-2b.c execution, -O3 -fomit-frame-pointer -funroll-all-loops -finline-functions FAIL: gcc.c-torture/execute/loop-2b.c execution, -O3 -g FAIL: gcc.c-torture/special/eeprof-1.c compilation, -O0 FAIL: gcc.c-torture/special/eeprof-1.c compilation, -O1 FAIL: gcc.c-torture/special/eeprof-1.c compilation, -O2 FAIL: gcc.c-torture/special/eeprof-1.c compilation, -O3 -fomit-frame-pointer FAIL: gcc.c-torture/special/eeprof-1.c compilation, -O3 -g FAIL: gcc.c-torture/special/eeprof-1.c compilation, -Os FAIL: gcc.dg/990119-1.c execution test FAIL: gcc.dg/cpp-if1.c invalid number (test for errors, line 12) FAIL: gcc.dg/cpp-if1.c invalid number (test for errors, line 15) FAIL: gcc.dg/cpp-if1.c invalid number (test for errors, line 18) FAIL: gcc.dg/cpp-if1.c floating point in #if (test for errors, line 21) FAIL: gcc.dg/cpp-if1.c too many suffixes (test for errors, line 24) FAIL: gcc.dg/cpp-if1.c too many suffixes (test for errors, line 27) FAIL: gcc.dg/cpp-if1.c (test for excess errors) FAIL: gcc.dg/cpp-if3.c (test for excess errors) FAIL: gcc.misc-tests/m-un-2.c warning regression (test for warnings, line 18) FAIL: gcc.misc-tests/m-un-2.c warning regression (test for warnings, line 23) FAIL: gcc.misc-tests/m-un-2.c (test for excess errors) === gcc Summary for unix/-melf === # of expected passes 7993 # of unexpected failures 40 # of expected failures 36 # of unresolved testcases 13 # of unsupported tests 12 === gcc Summary === # of expected passes 24000 # of unexpected failures 106 # of expected failures 108 # of unresolved testcases 32 # of unsupported tests 39 /play/negcs/gcc/xgcc version egcs-2.93.13 19990327 (gcc2 ss-980929 experimental) === g++ tests === Running target unix/-mcoff FAIL: g++.dg/special/conpr-1.C (test for excess errors) FAIL: conpr-2a.o FAIL: conpr-3a.o FAIL: g++.brendan/eh1.C Execution test FAIL: g++.eh/spec2.C Execution test FAIL: g++.eh/spec3.C Execution test FAIL: g++.eh/spec4.C Execution test FAIL: g++.law/profile1.C (test for excess errors) FAIL: g++.mike/eh33.C Execution test FAIL: g++.mike/eh49.C Execution test FAIL: g++.mike/eh50.C Execution test FAIL: g++.mike/eh51.C Execution test FAIL: g++.mike/init1.C Execution test FAIL: g++.mike/p2736.C Execution test FAIL: g++.pt/decl2.C currently an ICE (test for errors, line 9) FAIL: g++.pt/decl2.C (test for excess errors) FAIL: g++.pt/friend37.C undeclared (test for errors, line 7) XPASS: g++.pt/instantiate6.C (test for excess errors) FAIL: g++.pt/static3.C (test for excess errors) FAIL: g++.pt/static6.C (test for excess errors) FAIL: g++.pt/typename8.C (test for excess errors) FAIL: g++.robertl/eh990323-1.C (test for excess errors) FAIL: g++.robertl/eh990323-2.C Execution test FAIL: g++.robertl/eh990323-3.C Execution test FAIL: g++.robertl/eh990323-4.C Execution test FAIL: g++.robertl/ice990323-1.C caused compiler crash FAIL: g++.robertl/ice990323-2.C caused compiler crash FAIL: g++.robertl/ice990323-3.C (test for excess errors) FAIL: g++.robertl/ice990323-4.C (test for excess errors) FAIL: g++.robertl/ice990323-5.C (test for excess errors) === g++ Summary for unix/-mcoff === # of expected passes 5039 # of unexpected failures 29 # of unexpected successes 1 # of expected failures 85 # of untested testcases 8 # of unsupported tests 4 Running target unix/-fPIC FAIL: g++.dg/special/conpr-1.C execution test FAIL: g++.dg/special/conpr-2.C execution test FAIL: g++.dg/special/conpr-3.C execution test FAIL: g++.dg/special/conpr-3.C execution test FAIL: g++.law/profile1.C (test for excess errors) FAIL: g++.mike/dyncast7.C (test for excess errors) FAIL: g++.other/crash3.C (test for excess errors) FAIL: g++.pt/decl2.C currently an ICE (test for errors, line 9) FAIL: g++.pt/decl2.C (test for excess errors) FAIL: g++.pt/friend37.C undeclared (test for errors, line 7) XPASS: g++.pt/instantiate6.C (test for excess errors) FAIL: g++.pt/typename8.C (test for excess errors) FAIL: g++.robertl/eb41.C (test for excess errors) FAIL: g++.robertl/eh990323-1.C (test for excess errors) FAIL: g++.robertl/eh990323-2.C Execution test FAIL: g++.robertl/eh990323-3.C Execution test FAIL: g++.robertl/eh990323-4.C Execution test FAIL: g++.robertl/ice990323-1.C caused compiler crash FAIL: g++.robertl/ice990323-2.C caused compiler crash FAIL: g++.robertl/ice990323-3.C (test for excess errors) FAIL: g++.robertl/ice990323-4.C (test for excess errors) FAIL: g++.robertl/ice990323-5.C (test for excess errors) === g++ Summary for unix/-fPIC === # of expected passes 5052 # of unexpected failures 21 # of unexpected successes 1 # of expected failures 85 # of untested testcases 8 Running target unix/-melf FAIL: g++.dg/special/conpr-1.C execution test FAIL: g++.dg/special/conpr-2.C execution test FAIL: g++.dg/special/conpr-3.C execution test FAIL: g++.dg/special/conpr-3.C execution test FAIL: g++.law/profile1.C (test for excess errors) FAIL: g++.mike/dyncast7.C (test for excess errors) FAIL: g++.other/crash3.C (test for excess errors) FAIL: g++.pt/decl2.C currently an ICE (test for errors, line 9) FAIL: g++.pt/decl2.C (test for excess errors) FAIL: g++.pt/friend37.C undeclared (test for errors, line 7) XPASS: g++.pt/instantiate6.C (test for excess errors) FAIL: g++.pt/typename8.C (test for excess errors) FAIL: g++.robertl/eb41.C (test for excess errors) FAIL: g++.robertl/eh990323-1.C (test for excess errors) FAIL: g++.robertl/eh990323-2.C Execution test FAIL: g++.robertl/eh990323-3.C Execution test FAIL: g++.robertl/eh990323-4.C Execution test FAIL: g++.robertl/ice990323-1.C caused compiler crash FAIL: g++.robertl/ice990323-2.C caused compiler crash FAIL: g++.robertl/ice990323-3.C (test for excess errors) FAIL: g++.robertl/ice990323-4.C (test for excess errors) FAIL: g++.robertl/ice990323-5.C (test for excess errors) === g++ Summary for unix/-melf === # of expected passes 5052 # of unexpected failures 21 # of unexpected successes 1 # of expected failures 85 # of untested testcases 8 === g++ Summary === # of expected passes 15143 # of unexpected failures 71 # of unexpected successes 3 # of expected failures 255 # of untested testcases 24 # of unsupported tests 4 /play/negcs/gcc/testsuite/../xgcc version egcs-2.93.13 19990327 (gcc2 ss-980929 experimental) === g77 tests === Running target unix/-mcoff FAIL: g77.f-torture/execute/19990325-1.f execution, -O0 FAIL: g77.f-torture/execute/19990325-1.f execution, -O1 FAIL: g77.f-torture/execute/19990325-1.f execution, -O2 FAIL: g77.f-torture/execute/19990325-1.f execution, -O2 -fomit-frame-pointer -finline-functions FAIL: g77.f-torture/execute/19990325-1.f execution, -Os FAIL: g77.f-torture/execute/970625-2.f compilation, -O1 === g77 Summary for unix/-mcoff === # of expected passes 564 # of unexpected failures 6 # of untested testcases 1 Running target unix/-fPIC FAIL: g77.f-torture/execute/19990325-1.f execution, -O0 FAIL: g77.f-torture/execute/19990325-1.f execution, -O1 FAIL: g77.f-torture/execute/19990325-1.f execution, -O2 FAIL: g77.f-torture/execute/19990325-1.f execution, -O2 -fomit-frame-pointer -finline-functions FAIL: g77.f-torture/execute/19990325-1.f execution, -Os FAIL: g77.f-torture/execute/970816-3.f execution, -O0 FAIL: g77.f-torture/execute/970816-3.f execution, -O1 FAIL: g77.f-torture/execute/970816-3.f execution, -O2 FAIL: g77.f-torture/execute/970816-3.f execution, -O2 -fomit-frame-pointer -finline-functions FAIL: g77.f-torture/execute/970816-3.f execution, -Os FAIL: g77.f-torture/execute/971102-1.f execution, -O0 FAIL: g77.f-torture/execute/971102-1.f execution, -O1 FAIL: g77.f-torture/execute/971102-1.f execution, -O2 FAIL: g77.f-torture/execute/971102-1.f execution, -O2 -fomit-frame-pointer -finline-functions FAIL: g77.f-torture/execute/971102-1.f execution, -O2 -fomit-frame-pointer -finline-functions -funroll-loops FAIL: g77.f-torture/execute/971102-1.f execution, -O2 -fomit-frame-pointer -finline-functions -funroll-all-loops FAIL: g77.f-torture/execute/971102-1.f execution, -Os FAIL: g77.f-torture/execute/io1.f execution, -O0 FAIL: g77.f-torture/execute/io1.f execution, -O1 FAIL: g77.f-torture/execute/io1.f execution, -O2 FAIL: g77.f-torture/execute/io1.f execution, -O2 -fomit-frame-pointer -finline-functions FAIL: g77.f-torture/execute/io1.f execution, -Os FAIL: g77.f-torture/execute/u77-test.f execution, -O0 FAIL: g77.f-torture/execute/u77-test.f execution, -O1 FAIL: g77.f-torture/execute/u77-test.f execution, -O2 FAIL: g77.f-torture/execute/u77-test.f execution, -O2 -fomit-frame-pointer -finline-functions FAIL: g77.f-torture/execute/u77-test.f execution, -O2 -fomit-frame-pointer -finline-functions -funroll-loops FAIL: g77.f-torture/execute/u77-test.f execution, -O2 -fomit-frame-pointer -finline-functions -funroll-all-loops FAIL: g77.f-torture/execute/u77-test.f execution, -Os === g77 Summary for unix/-fPIC === # of expected passes 542 # of unexpected failures 29 Running target unix/-melf FAIL: g77.f-torture/execute/19990325-1.f execution, -O0 FAIL: g77.f-torture/execute/19990325-1.f execution, -O1 FAIL: g77.f-torture/execute/19990325-1.f execution, -O2 FAIL: g77.f-torture/execute/19990325-1.f execution, -O2 -fomit-frame-pointer -finline-functions FAIL: g77.f-torture/execute/19990325-1.f execution, -Os FAIL: g77.f-torture/execute/970625-2.f compilation, -O1 === g77 Summary for unix/-melf === # of expected passes 564 # of unexpected failures 6 # of untested testcases 1 === g77 Summary === # of expected passes 1670 # of unexpected failures 41 # of untested testcases 2 === objc tests === Running target unix/-mcoff === objc Summary for unix/-mcoff === # of expected passes 38 Running target unix/-fPIC === objc Summary for unix/-fPIC === # of expected passes 38 Running target unix/-melf === objc Summary for unix/-melf === # of expected passes 38 === objc Summary === # of expected passes 114 /play/negcs/gcc/xgcc version egcs-2.93.13 19990327 (gcc2 ss-980929 experimental) Compiler version: egcs-2.93.13 19990327 (gcc2 ss-980929 experimental) Platform: i686-pc-sco3.2v5.0.5 configure flags: --with-gcc-version-trigger=/play/egcs/gcc/version.c --host=i686-pc-sco3.2v5.0.5 --norecursion