This is the mail archive of the egcs-testresults@egcs.cygnus.com mailing list for the EGCS project. See the EGCS home page for more information.
Environment: glibc-2.1.1pre1 gas-990223 DWARF EH support for PPC (Andrew McLeod) Native configuration is powerpc-redhat-linux-gnu === libio tests === Running target unix === libio Summary === # of expected passes 40 === libstdc++ tests === Running target unix === libstdc++ Summary === # of expected passes 30 === gcc tests === Running target unix FAIL: gcc.c-torture/compile/980329-1.c, -O3 -fomit-frame-pointer -funroll-all-loops -finline-functions FAIL: gcc.c-torture/execute/980608-1.c execution, -O0 FAIL: gcc.c-torture/execute/980608-1.c execution, -O1 FAIL: gcc.c-torture/execute/980608-1.c execution, -O2 FAIL: gcc.c-torture/execute/980608-1.c execution, -Os FAIL: gcc.c-torture/execute/990130-1.c compilation, -O0 FAIL: gcc.c-torture/execute/990130-1.c compilation, -O1 FAIL: gcc.c-torture/execute/990130-1.c compilation, -O2 FAIL: gcc.c-torture/execute/990130-1.c compilation, -O3 -fomit-frame-pointer FAIL: gcc.c-torture/execute/990130-1.c compilation, -O3 -g FAIL: gcc.c-torture/execute/990130-1.c compilation, -Os FAIL: gcc.c-torture/execute/complex-5.c execution, -O3 -fomit-frame-pointer FAIL: gcc.c-torture/execute/complex-5.c execution, -O3 -g FAIL: gcc.dg/980523-1.c execution test FAIL: gcc.dg/990119-1.c execution test FAIL: gcc.dg/cpp-if1.c invalid number (test for errors, line 12) FAIL: gcc.dg/cpp-if1.c invalid number (test for errors, line 15) FAIL: gcc.dg/cpp-if1.c invalid number (test for errors, line 18) FAIL: gcc.dg/cpp-if1.c floating point in #if (test for errors, line 21) FAIL: gcc.dg/cpp-if1.c too many suffixes (test for errors, line 24) FAIL: gcc.dg/cpp-if1.c too many suffixes (test for errors, line 27) FAIL: gcc.dg/cpp-if1.c (test for excess errors) FAIL: gcc.dg/cpp-if3.c (test for excess errors) FAIL: gcc.misc-tests/m-un-2.c warning regression (test for warnings, line 18) FAIL: gcc.misc-tests/m-un-2.c warning regression (test for warnings, line 23) FAIL: gcc.misc-tests/m-un-2.c (test for excess errors) === gcc Summary === # of expected passes 7998 # of unexpected failures 26 # of expected failures 29 # of unresolved testcases 6 # of unsupported tests 20 /home/fsirl/obj/cvsm/gcc/xgcc version egcs-2.93.13 19990324 (gcc2 ss-980929 experimental) === g++ tests === Running target unix FAIL: g++.pt/typename6.C (test for excess errors) === g++ Summary === # of expected passes 5043 # of unexpected failures 1 # of expected failures 80 # of untested testcases 8 /home/fsirl/obj/cvsm/gcc/testsuite/../xgcc version egcs-2.93.13 19990324 (gcc2 ss-980929 experimental) === g77 tests === Running target unix FAIL: g77.f-torture/compile/980310-7.f, -O0 FAIL: g77.f-torture/compile/980310-7.f, -O1 FAIL: g77.f-torture/compile/980310-7.f, -O2 FAIL: g77.f-torture/compile/980310-7.f, -O2 -fomit-frame-pointer -finline-functions FAIL: g77.f-torture/compile/980310-7.f, -O2 -fomit-frame-pointer -finline-functions -funroll-loops FAIL: g77.f-torture/compile/980310-7.f, -O2 -fomit-frame-pointer -finline-functions -funroll-all-loops FAIL: g77.f-torture/compile/980310-7.f, -Os === g77 Summary === # of expected passes 544 # of unexpected failures 7 === objc tests === Running target unix === objc Summary === # of expected passes 38 /home/fsirl/obj/cvsm/gcc/xgcc version egcs-2.93.13 19990324 (gcc2 ss-980929 experimental) Compiler version: egcs-2.93.13 19990324 (gcc2 ss-980929 experimental) Platform: powerpc-redhat-linux-gnu configure flags: --with-gcc-version-trigger=/home/fsirl/egcsm/gcc/version.c --host=ppc-redhat-linux --prefix=/home/fsirl/gnubin --enable-shared --norecursion