This is the mail archive of the egcs-testresults@egcs.cygnus.com mailing list for the EGCS project. See the EGCS home page for more information.
Native configuration is rs6000-ibm-aix4.1.5.0 === libio tests === Running target unix === libio Summary === # of expected passes 40 === libstdc++ tests === Running target unix === libstdc++ Summary === # of expected passes 30 === gcc tests === Running target unix FAIL: gcc.c-torture/execute/921208-2.c compilation, -O1 FAIL: gcc.c-torture/execute/921208-2.c compilation, -O2 FAIL: gcc.c-torture/execute/921208-2.c compilation, -Os FAIL: gcc.c-torture/execute/931004-12.c execution, -O0 FAIL: gcc.c-torture/execute/931004-12.c execution, -O1 FAIL: gcc.c-torture/execute/931004-12.c execution, -O2 FAIL: gcc.c-torture/execute/931004-12.c execution, -O3 -fomit-frame-pointer FAIL: gcc.c-torture/execute/931004-12.c execution, -O3 -fomit-frame-pointer -funroll-loops FAIL: gcc.c-torture/execute/931004-12.c execution, -O3 -fomit-frame-pointer -funroll-all-loops -finline-functions FAIL: gcc.c-torture/execute/931004-12.c execution, -O3 -g FAIL: gcc.c-torture/execute/931004-12.c execution, -Os FAIL: gcc.c-torture/execute/990130-1.c compilation, -O0 FAIL: gcc.c-torture/execute/990130-1.c compilation, -O1 FAIL: gcc.c-torture/execute/990130-1.c compilation, -O2 FAIL: gcc.c-torture/execute/990130-1.c compilation, -O3 -fomit-frame-pointer FAIL: gcc.c-torture/execute/990130-1.c compilation, -O3 -g FAIL: gcc.c-torture/execute/990130-1.c compilation, -Os FAIL: gcc.c-torture/execute/complex-5.c execution, -O3 -fomit-frame-pointer FAIL: gcc.c-torture/execute/complex-5.c execution, -O3 -g XPASS: gcc.c-torture/execute/memcheck/blkarg.c execution, -O0 XPASS: gcc.c-torture/execute/memcheck/blkarg.c execution, -O1 XPASS: gcc.c-torture/execute/memcheck/blkarg.c execution, -O2 XPASS: gcc.c-torture/execute/memcheck/blkarg.c execution, -O3 -fomit-frame-pointer XPASS: gcc.c-torture/execute/memcheck/blkarg.c execution, -O3 -g XPASS: gcc.c-torture/execute/memcheck/blkarg.c execution, -Os FAIL: gcc.c-torture/noncompile/951227-1.c FAIL: gcc.dg/990119-1.c execution test FAIL: gcc.dg/cpp-if1.c invalid number (test for errors, line 12) FAIL: gcc.dg/cpp-if1.c invalid number (test for errors, line 15) FAIL: gcc.dg/cpp-if1.c invalid number (test for errors, line 18) FAIL: gcc.dg/cpp-if1.c floating point in #if (test for errors, line 21) FAIL: gcc.dg/cpp-if1.c too many suffixes (test for errors, line 24) FAIL: gcc.dg/cpp-if1.c too many suffixes (test for errors, line 27) FAIL: gcc.dg/cpp-if1.c (test for excess errors) FAIL: gcc.dg/cpp-if3.c (test for excess errors) FAIL: gcc.dg/special/alias-1.c (test for excess errors) FAIL: gcc.dg/special/wkali-1.c (test for excess errors) === gcc Summary === # of expected passes 7960 # of unexpected failures 31 # of unexpected successes 6 # of expected failures 11 # of unresolved testcases 9 # of unsupported tests 27 /usr/local/x86srvr1/WORKSPACE5/schuld/EGCS/egcs-19990314-aix41/gcc/xgcc version egcs-2.93.12 19990314 (gcc2 ss-980929 experimental) === g++ tests === Running target unix FAIL: g++.brendan/eh1.C Execution test FAIL: g++.eh/spec2.C Execution test FAIL: g++.eh/spec3.C Execution test FAIL: g++.eh/spec4.C Execution test FAIL: g++.jason/thunk2.C (test for excess errors) FAIL: g++.law/profile1.C (test for excess errors) FAIL: g++.mike/eh30.C (test for excess errors) FAIL: g++.mike/eh33.C Execution test FAIL: g++.mike/eh49.C Execution test FAIL: g++.mike/eh50.C Execution test FAIL: g++.mike/eh51.C Execution test FAIL: g++.mike/p4750.C (test for excess errors) FAIL: g++.pt/decl2.C currently an ICE (test for errors, line 9) FAIL: g++.pt/decl2.C (test for excess errors) FAIL: g++.pt/friend38.C template parameters cannot be friends (test for errors, line 9) FAIL: g++.pt/instantiate4.C (test for excess errors) FAIL: g++.pt/static3.C (test for excess errors) FAIL: g++.pt/typename8.C (test for excess errors) FAIL: g++.robertl/eb106.C (test for excess errors) === g++ Summary === # of expected passes 4968 # of unexpected failures 19 # of expected failures 82 # of untested testcases 8 /usr/local/x86srvr1/WORKSPACE5/schuld/EGCS/egcs-19990314-aix41/gcc/testsuite/../xgcc version egcs-2.93.12 19990314 (gcc2 ss-980929 experimental) === g77 tests === Running target unix FAIL: g77.f-torture/compile/980310-7.f, -O0 FAIL: g77.f-torture/compile/980310-7.f, -O1 FAIL: g77.f-torture/compile/980310-7.f, -O2 FAIL: g77.f-torture/compile/980310-7.f, -O2 -fomit-frame-pointer -finline-functions FAIL: g77.f-torture/compile/980310-7.f, -O2 -fomit-frame-pointer -finline-functions -funroll-loops FAIL: g77.f-torture/compile/980310-7.f, -O2 -fomit-frame-pointer -finline-functions -funroll-all-loops FAIL: g77.f-torture/compile/980310-7.f, -Os FAIL: g77.f-torture/execute/u77-test.f execution, -O0 FAIL: g77.f-torture/execute/u77-test.f execution, -O1 FAIL: g77.f-torture/execute/u77-test.f execution, -O2 FAIL: g77.f-torture/execute/u77-test.f execution, -O2 -fomit-frame-pointer -finline-functions FAIL: g77.f-torture/execute/u77-test.f execution, -O2 -fomit-frame-pointer -finline-functions -funroll-loops FAIL: g77.f-torture/execute/u77-test.f execution, -O2 -fomit-frame-pointer -finline-functions -funroll-all-loops FAIL: g77.f-torture/execute/u77-test.f execution, -Os === g77 Summary === # of expected passes 537 # of unexpected failures 14 === objc tests === Running target unix FAIL: objc/execute/bf-1.m compilation, -O FAIL: objc/execute/bf-10.m compilation, -O FAIL: objc/execute/bf-11.m compilation, -O FAIL: objc/execute/bf-12.m compilation, -O FAIL: objc/execute/bf-13.m compilation, -O FAIL: objc/execute/bf-14.m compilation, -O FAIL: objc/execute/bf-15.m compilation, -O FAIL: objc/execute/bf-16.m compilation, -O FAIL: objc/execute/bf-17.m compilation, -O FAIL: objc/execute/bf-18.m compilation, -O FAIL: objc/execute/bf-19.m compilation, -O FAIL: objc/execute/bf-2.m compilation, -O FAIL: objc/execute/bf-3.m compilation, -O FAIL: objc/execute/bf-4.m compilation, -O FAIL: objc/execute/bf-5.m compilation, -O FAIL: objc/execute/bf-6.m compilation, -O FAIL: objc/execute/bf-7.m compilation, -O FAIL: objc/execute/bf-8.m compilation, -O FAIL: objc/execute/bf-9.m compilation, -O === objc Summary === # of unexpected failures 19 # of untested testcases 19 /usr/local/x86srvr1/WORKSPACE5/schuld/EGCS/egcs-19990314-aix41/gcc/xgcc version egcs-2.93.12 19990314 (gcc2 ss-980929 experimental) Compiler version: haifa-enabled egcs-2.93.12 19990314 (gcc2 ss-980929 experimental) Platform: rs6000-ibm-aix4.1.5.0 configure flags: --with-gcc-version-trigger=/usr/local/x86srvr1/WORKSPACE5/schuld/EGCS/egcs/gcc/version.c --host=rs6000-ibm-aix4.1.5.0 --prefix=/afs/btv.ibm.com/data/n37v/software/gnu-aix41/egcs --with-cpu=common --enable-haifa --enable-multilib --norecursion Counting all warnings, there are 422 warnings in stage3 of this bootstrap. Number of warnings per file: 94 ../../egcs/gcc/toplev.c 18 ../../egcs/gcc/cccp.c 15 ../../egcs/gcc/objc/objc-act.c 14 ../../egcs/gcc/loop.c 14 ../../../egcs/gcc/java/lex.c 13 ../../egcs/gcc/cse.c 12 ../../../egcs/gcc/java/javaop.def 11 ../../egcs/gcc/reload1.c 11 ../../egcs/gcc/integrate.c 11 ../../egcs/gcc/config/rs6000/rs6000.c 10 ./parse.y 10 ../../egcs/gcc/fold-const.c 9 ../../../egcs/gcc/java/expr.c 8 ../../egcs/gcc/varasm.c 8 ../../egcs/gcc/reload.c 8 ../../../egcs/gcc/java/jcf-reader.c 8 ../../../egcs/gcc/java/jcf-dump.c 7 ../../egcs/gcc/combine.c 7 ../../egcs/gcc/calls.c 6 ../../egcs/gcc/unroll.c 6 ../../egcs/gcc/optabs.c 6 ../../egcs/gcc/dbxout.c 6 ../../egcs/gcc/collect2.c 6 ../../egcs/gcc/c-lex.c 6 ../../../egcs/gcc/java/gjavah.c 6 ../../../egcs/gcc/java/class.c 6 ../../../egcs/gcc/cp/lex.c 5 ../../egcs/gcc/regmove.c 4 cexp.y 4 ../../egcs/gcc/protoize.c 4 ../../egcs/gcc/final.c 4 ../../egcs/gcc/expr.c 4 ../../../egcs/gcc/java/verify.c 4 ../../../egcs/gcc/java/lex.h 3 ../../egcs/gcc/stmt.c 3 ../../egcs/gcc/local-alloc.c 3 ../../egcs/gcc/genopinit.c 3 ../../egcs/gcc/function.c 3 ../../../egcs/gcc/java/jcf-write.c 2 insn-recog.c 2 gcj.c 2 g77.c 2 g++.c 2 ../../egcs/gcc/gcov.c 2 ../../egcs/gcc/gcc.c 2 ../../egcs/gcc/fix-header.c 2 ../../egcs/gcc/explow.c 2 ../../egcs/gcc/cppexp.c 2 ../../egcs/gcc/alias.c 1 splay-tree.c 1 insn-emit.c 1 cxxmain.c 1 ../../egcs/gcc/tree.c 1 ../../egcs/gcc/tlink.c 1 ../../egcs/gcc/stupid.c 1 ../../egcs/gcc/scan-decls.c 1 ../../egcs/gcc/regclass.c 1 ../../egcs/gcc/jump.c 1 ../../egcs/gcc/java/jvspec.c 1 ../../egcs/gcc/hash.c 1 ../../egcs/gcc/graph.c 1 ../../egcs/gcc/gcov-io.h 1 ../../egcs/gcc/f/g77spec.c 1 ../../egcs/gcc/emit-rtl.c 1 ../../egcs/gcc/cpphash.c 1 ../../../egcs/gcc/java/jvgenmain.c 1 ../../../egcs/gcc/java/jcf-io.c 1 ../../../egcs/gcc/java/decl.c 1 ../../../egcs/gcc/cp/expr.c 1 ../../../egcs/gcc/cp/call.c 1 ../../../egcs/gcc/ch/expr.c Number of warning types: 102 ??? might be used uninitialized in this function 60 unused parameter ??? 49 missing initializer 49 comparison between signed and unsigned 49 (near initialization for ???) 27 variable ??? might be clobbered by longjmp or vfork 22 statement with no effect 19 implicit declaration of function ??? 18 unused variable ??? 14 ??? format, ??? arg (arg ???) 5 argument ??? might be clobbered by longjmp or vfork 4 ??? declared static but never defined 2 ??? within comment 2 ??? defined but not used