This is the mail archive of the egcs-testresults@egcs.cygnus.com mailing list for the EGCS project. See the EGCS home page for more information.
Native configuration is mips-sgi-irix6.3 === g++ tests === Running target unix FAIL: g++.dg/special/conpr-1.C execution test FAIL: g++.dg/special/conpr-2.C execution test FAIL: g++.dg/special/conpr-3.C execution test FAIL: g++.dg/special/conpr-3.C execution test FAIL: g++.pt/friend38.C template parameters cannot be friends (test for errors, line 9) XPASS: g++.pt/instantiate6.C (test for excess errors) === g++ Summary === # of expected passes 4982 # of unexpected failures 5 # of unexpected successes 1 # of expected failures 82 # of untested testcases 8 /tmp/egcs/gcc/testsuite/../xgcc version egcs-2.93.13 19990321 (gcc2 ss-980929 experimental) === g77 tests === Running target unix FAIL: g77.f-torture/execute/970625-2.f compilation, -O1 === g77 Summary === # of expected passes 549 # of unexpected failures 1 # of untested testcases 1 === gcc tests === Running target unix FAIL: gcc.c-torture/execute/990130-1.c compilation, -O0 FAIL: gcc.c-torture/execute/990130-1.c compilation, -O1 FAIL: gcc.c-torture/execute/990130-1.c compilation, -O2 FAIL: gcc.c-torture/execute/990130-1.c compilation, -O3 -fomit-frame-pointer FAIL: gcc.c-torture/execute/990130-1.c compilation, -O3 -g FAIL: gcc.c-torture/execute/990130-1.c compilation, -Os FAIL: gcc.c-torture/execute/complex-5.c execution, -O0 FAIL: gcc.c-torture/execute/complex-5.c execution, -O1 FAIL: gcc.c-torture/execute/complex-5.c execution, -O2 FAIL: gcc.c-torture/execute/complex-5.c execution, -O3 -fomit-frame-pointer FAIL: gcc.c-torture/execute/complex-5.c execution, -O3 -g FAIL: gcc.c-torture/execute/complex-5.c execution, -Os XPASS: gcc.c-torture/execute/memcheck/blkarg.c execution, -O0 XPASS: gcc.c-torture/execute/memcheck/blkarg.c execution, -O1 XPASS: gcc.c-torture/execute/memcheck/blkarg.c execution, -O2 XPASS: gcc.c-torture/execute/memcheck/blkarg.c execution, -Os FAIL: gcc.c-torture/unsorted/cp.c, -O1 FAIL: gcc.c-torture/unsorted/cp.c, -O2 FAIL: gcc.c-torture/unsorted/cp.c, -O3 -fomit-frame-pointer FAIL: gcc.c-torture/unsorted/cp.c, -O3 -g FAIL: gcc.c-torture/unsorted/cp.c, -Os FAIL: gcc.dg/990119-1.c execution test FAIL: gcc.dg/cpp-if1.c invalid number (test for errors, line 12) FAIL: gcc.dg/cpp-if1.c invalid number (test for errors, line 15) FAIL: gcc.dg/cpp-if1.c invalid number (test for errors, line 18) FAIL: gcc.dg/cpp-if1.c floating point in #if (test for errors, line 21) FAIL: gcc.dg/cpp-if1.c too many suffixes (test for errors, line 24) FAIL: gcc.dg/cpp-if1.c too many suffixes (test for errors, line 27) FAIL: gcc.dg/cpp-if1.c (test for excess errors) FAIL: gcc.dg/cpp-if3.c (test for excess errors) FAIL: gcc.dg/special/alias-1.c (test for excess errors) FAIL: wkali-2b.o FAIL: gcc.misc-tests/m-un-2.c warning regression (test for warnings, line 18) FAIL: gcc.misc-tests/m-un-2.c warning regression (test for warnings, line 23) FAIL: gcc.misc-tests/m-un-2.c (test for excess errors) === gcc Summary === # of expected passes 7984 # of unexpected failures 31 # of unexpected successes 4 # of expected failures 25 # of unresolved testcases 6 # of unsupported tests 24 /tmp/egcs/gcc/xgcc version egcs-2.93.13 19990321 (gcc2 ss-980929 experimental) === libg++ tests === Running target unix === libg++ Summary === # of expected passes 72 === libio tests === Running target unix === libio Summary === # of expected passes 40 === libstdc++ tests === Running target unix === libstdc++ Summary === # of expected passes 30 === objc tests === Running target unix === objc Summary === # of expected passes 38 /tmp/egcs/gcc/xgcc version egcs-2.93.13 19990321 (gcc2 ss-980929 experimental) Compiler version: egcs-2.93.13 19990321 (gcc2 ss-980929 experimental) Platform: mips-sgi-irix6.3 BOOT_CFLAGS: -g -O9 -W -Wall Counting all warnings, there are 379 warnings in stage3 of this bootstrap. Number of warnings per file: 132 /home/msc/oliva/src/egcs/gcc/toplev.c 14 /home/msc/oliva/src/egcs/gcc/objc/objc-act.c 14 /home/msc/oliva/src/egcs/gcc/java/lex.c 12 /home/msc/oliva/src/egcs/gcc/java/javaop.def 12 ./parse.y 11 /home/msc/oliva/src/egcs/gcc/integrate.c 10 /home/msc/oliva/src/egcs/gcc/java/jcf-dump.c 10 /home/msc/oliva/src/egcs/gcc/java/expr.c 9 /home/msc/oliva/src/egcs/gcc/cse.c 8 /home/msc/oliva/src/egcs/gcc/reload1.c 8 /home/msc/oliva/src/egcs/gcc/loop.c 8 /home/msc/oliva/src/egcs/gcc/java/lex.h 8 /home/msc/oliva/src/egcs/gcc/java/jcf-reader.c 7 /home/msc/oliva/src/egcs/gcc/varasm.c 7 /home/msc/oliva/src/egcs/gcc/combine.c 6 /home/msc/oliva/src/egcs/gcc/unroll.c 6 /home/msc/oliva/src/egcs/gcc/reload.c 6 /home/msc/oliva/src/egcs/gcc/java/gjavah.c 6 /home/msc/oliva/src/egcs/gcc/java/class.c 6 /home/msc/oliva/src/egcs/gcc/fold-const.c 6 /home/msc/oliva/src/egcs/gcc/dwarf2out.c 6 /home/msc/oliva/src/egcs/gcc/calls.c 5 /home/msc/oliva/src/egcs/gcc/optabs.c 5 /home/msc/oliva/src/egcs/gcc/final.c 4 cexp.y 4 /home/msc/oliva/src/egcs/gcc/regmove.c 4 /home/msc/oliva/src/egcs/gcc/java/verify.c 4 /home/msc/oliva/src/egcs/gcc/java/jcf-write.c 4 /home/msc/oliva/src/egcs/gcc/java/../config/mips/mips.h 3 /home/msc/oliva/src/egcs/gcc/stmt.c 3 /home/msc/oliva/src/egcs/gcc/genopinit.c 2 insn-attrtab.c 2 /home/msc/oliva/src/egcs/gcc/sched.c 2 /home/msc/oliva/src/egcs/gcc/local-alloc.c 2 /home/msc/oliva/src/egcs/gcc/fix-header.c 2 /home/msc/oliva/src/egcs/gcc/expr.c 2 /home/msc/oliva/src/egcs/gcc/cppexp.c 2 /home/msc/oliva/src/egcs/gcc/config/mips/mips.c 1 splay-tree.c 1 cxxmain.c 1 /home/msc/oliva/src/egcs/gcc/tlink.c 1 /home/msc/oliva/src/egcs/gcc/stupid.c 1 /home/msc/oliva/src/egcs/gcc/scan-decls.c 1 /home/msc/oliva/src/egcs/gcc/regclass.c 1 /home/msc/oliva/src/egcs/gcc/java/jvspec.c 1 /home/msc/oliva/src/egcs/gcc/java/jvgenmain.c 1 /home/msc/oliva/src/egcs/gcc/java/jcf-io.c 1 /home/msc/oliva/src/egcs/gcc/java/decl.c 1 /home/msc/oliva/src/egcs/gcc/hash.c 1 /home/msc/oliva/src/egcs/gcc/graph.c 1 /home/msc/oliva/src/egcs/gcc/function.c 1 /home/msc/oliva/src/egcs/gcc/f/g77spec.c 1 /home/msc/oliva/src/egcs/gcc/cpphash.c 1 /home/msc/oliva/src/egcs/gcc/cppfiles.c 1 /home/msc/oliva/src/egcs/gcc/collect2.c Number of warning types: 99 `???' might be used uninitialized in this function 66 missing initializer 66 (near initialization for `???') 45 unused parameter `???' 33 comparison between signed and unsigned 15 implicit declaration of function `???' 14 ??? format, ??? arg (arg ???) 13 variable `???' might be clobbered by `longjmp' or `vfork' 7 unused variable `???' 4 this is the location of the previous definition 4 `???' redefined 4 `???' declared `static' but never defined 3 control reaches end of non-void function 2 statement with no effect 2 `???' within comment 1 suggest explicit braces to avoid ambiguous `else' 1 `???' defined but not used