This is the mail archive of the egcs-testresults@egcs.cygnus.com mailing list for the EGCS project. See the EGCS home page for more information.
Native configuration is mips-sgi-irix6.2 === objc tests === Running target unix === objc Summary === # of expected passes 38 /caip/u47/ghazi/gcc-testing/egcs-CVS19990320/gcc/xgcc version egcs-2.93.12 19990320 (gcc2 ss-980929 experimental) === gcc tests === Running target unix FAIL: gcc.c-torture/execute/990130-1.c compilation, -O0 FAIL: gcc.c-torture/execute/990130-1.c compilation, -O1 FAIL: gcc.c-torture/execute/990130-1.c compilation, -O2 FAIL: gcc.c-torture/execute/990130-1.c compilation, -O3 -fomit-frame-pointer FAIL: gcc.c-torture/execute/990130-1.c compilation, -O3 -g FAIL: gcc.c-torture/execute/990130-1.c compilation, -Os FAIL: gcc.c-torture/execute/complex-5.c execution, -O0 FAIL: gcc.c-torture/execute/complex-5.c execution, -O1 FAIL: gcc.c-torture/execute/complex-5.c execution, -O2 FAIL: gcc.c-torture/execute/complex-5.c execution, -O3 -fomit-frame-pointer FAIL: gcc.c-torture/execute/complex-5.c execution, -O3 -g FAIL: gcc.c-torture/execute/complex-5.c execution, -Os XPASS: gcc.c-torture/execute/memcheck/blkarg.c execution, -O0 XPASS: gcc.c-torture/execute/memcheck/blkarg.c execution, -O1 XPASS: gcc.c-torture/execute/memcheck/blkarg.c execution, -O2 XPASS: gcc.c-torture/execute/memcheck/blkarg.c execution, -Os FAIL: gcc.c-torture/unsorted/cp.c, -O1 FAIL: gcc.c-torture/unsorted/cp.c, -O2 FAIL: gcc.c-torture/unsorted/cp.c, -O3 -fomit-frame-pointer FAIL: gcc.c-torture/unsorted/cp.c, -O3 -g FAIL: gcc.c-torture/unsorted/cp.c, -Os FAIL: gcc.dg/990119-1.c execution test FAIL: gcc.dg/cpp-if1.c invalid number (test for errors, line 12) FAIL: gcc.dg/cpp-if1.c invalid number (test for errors, line 15) FAIL: gcc.dg/cpp-if1.c invalid number (test for errors, line 18) FAIL: gcc.dg/cpp-if1.c floating point in #if (test for errors, line 21) FAIL: gcc.dg/cpp-if1.c too many suffixes (test for errors, line 24) FAIL: gcc.dg/cpp-if1.c too many suffixes (test for errors, line 27) FAIL: gcc.dg/cpp-if1.c (test for excess errors) FAIL: gcc.dg/cpp-if3.c (test for excess errors) FAIL: gcc.dg/special/alias-1.c (test for excess errors) FAIL: wkali-2b.o FAIL: gcc.misc-tests/m-un-2.c warning regression (test for warnings, line 18) FAIL: gcc.misc-tests/m-un-2.c warning regression (test for warnings, line 23) FAIL: gcc.misc-tests/m-un-2.c (test for excess errors) === gcc Summary === # of expected passes 7984 # of unexpected failures 31 # of unexpected successes 4 # of expected failures 25 # of unresolved testcases 6 # of unsupported tests 24 /caip/u47/ghazi/gcc-testing/egcs-CVS19990320/gcc/xgcc version egcs-2.93.12 19990320 (gcc2 ss-980929 experimental) === g77 tests === Running target unix FAIL: g77.f-torture/execute/970625-2.f compilation, -O1 === g77 Summary === # of expected passes 549 # of unexpected failures 1 # of untested testcases 1 === g++ tests === Running target unix FAIL: g++.dg/special/conpr-1.C execution test FAIL: g++.dg/special/conpr-2.C execution test FAIL: g++.dg/special/conpr-3.C execution test FAIL: g++.dg/special/conpr-3.C execution test FAIL: g++.pt/friend38.C template parameters cannot be friends (test for errors, line 9) XPASS: g++.pt/instantiate6.C (test for excess errors) === g++ Summary === # of expected passes 4982 # of unexpected failures 5 # of unexpected successes 1 # of expected failures 82 # of untested testcases 8 /caip/u47/ghazi/gcc-testing/egcs-CVS19990320/gcc/testsuite/../xgcc version egcs-2.93.12 19990320 (gcc2 ss-980929 experimental) === libstdc++ tests === Running target unix === libstdc++ Summary === # of expected passes 30 === libio tests === Running target unix === libio Summary === # of expected passes 40 Compiler version: egcs-2.93.12 19990320 (gcc2 ss-980929 experimental) Platform: mips-sgi-irix6.2 configure flags: --with-gcc-version-trigger=/caip/u47/ghazi/gcc-testing/egcs-CVS19990320/gcc/version.c --host=mips-sgi-irix6.2 --verbose --norecursion