This is the mail archive of the egcs-testresults@egcs.cygnus.com mailing list for the EGCS project. See the EGCS home page for more information.
Native configuration is i586-pc-linux-gnu === libio tests === Running target unix === libio Summary === # of expected passes 40 === libstdc++ tests === Running target unix === libstdc++ Summary === # of expected passes 30 === gcc tests === Running target unix FAIL: gcc.c-torture/execute/980526-1.c execution, -O2 -fomit-frame-pointer -finline-functions FAIL: gcc.c-torture/execute/ieee/980619-1.c execution, -O1 FAIL: gcc.c-torture/execute/ieee/980619-1.c execution, -O2 FAIL: gcc.c-torture/execute/ieee/980619-1.c execution, -O2 -fomit-frame-pointer -finline-functions FAIL: gcc.c-torture/execute/ieee/980619-1.c execution, -O2 -fomit-frame-pointer -finline-functions -funroll-loops FAIL: gcc.c-torture/execute/ieee/980619-1.c execution, -O2 -fomit-frame-pointer -finline-functions -funroll-all-loops FAIL: gcc.c-torture/execute/ieee/980619-1.c execution, -O2 -g FAIL: gcc.c-torture/execute/ieee/980619-1.c execution, -Os FAIL: gcc.dg/980626-1.c (test for excess errors) FAIL: gcc.dg/clobbers.c execution test === gcc Summary === # of expected passes 7497 # of unexpected failures 10 # of expected failures 7 # of unsupported tests 11 /opt/drees/working/egcs-build/gcc/xgcc version egcs-2.91.66 19990314 (egcs-1.1.2 release) === g++ tests === Running target unix FAIL: g++.law/arm13.C (test for excess errors) === g++ Summary === # of expected passes 4220 # of unexpected failures 1 # of expected failures 86 # of untested testcases 7 /opt/drees/working/egcs-build/gcc/testsuite/../xgcc version egcs-2.91.66 19990314 (egcs-1.1.2 release) === g77 tests === Running target unix === g77 Summary === # of expected passes 415 Compiler version: egcs-2.91.66 19990314 (egcs-1.1.2 release) Platform: i586-pc-linux-gnu configure flags: --with-gcc-version-trigger=/home/drees/working/egcs-1.1.2/gcc/version.c --host=i586-pc-linux-gnu --prefix=/opt/egcs-1.1.2 --enable-threads --enable-shared --with-gnu-as --with-gnu-ld --norecursion