This is the mail archive of the egcs-testresults@egcs.cygnus.com mailing list for the EGCS project. See the EGCS home page for more information.
Compiler version: egcs-2.91.66 19990314 (egcs-1.1.2 release) Platform: rs6000-ibm-aix3.2.5 Sources: - egcs-1.1.2 - libg++-2.8.1.3 Patches: [1]: `PATCH for fixing broken symbolic links with the new library interface' from <manfred@s-direktnet.de>. [2]: `PATCH to avoid building unwanted langs/compilers' from <manfred@s-direktnet.de>. Environment: - autoconf-2.13 - automake-1.4 - GNU binutils-2.9.1 + Ian Lance Taylor's patch to gas/ehopt.c + my patch to make GNU ld work on i386-pc-solaris2.7 - dejagnu-19981026 + look_for_dir_with_trigger patch - gperf-2.7 + gperf-2.7-19981006.pat Remarks: None. configure flags: --with-gcc-version-trigger=/phys/exept/home3/gnu/work/GNU/egcs-1.1.2/gcc/version.c --host=rs6000-ibm-aix3.2.5 --srcdir=../egcs-1.1.2 --prefix=/tools/gnu --with-gnu-as --enable-version-specific-runtime-libs --with-local-prefix=/tools/gnu --enable-languages=c,gcov,c++ --enable-nls --verbose --norecursion BOOT_CC: gcc version egcs-2.91.63 19990224 (egcs-1.1.2 pre-release-3) BOOT_CFLAGS: -O9 -funroll-all-loops CFLAGS: -O9 CXXFLAGS: -O9 -g Native configuration is rs6000-ibm-aix3.2.5 === libio tests === Running target unix === libio Summary === # of expected passes 40 === libstdc++ tests === Running target unix === libstdc++ Summary === # of expected passes 30 === libg++ tests === Running target unix === libg++ Summary === # of expected passes 72 === gcc tests === Running target unix FAIL: gcc.c-torture/execute/931004-12.c execution, -O0 FAIL: gcc.c-torture/execute/931004-12.c execution, -O1 FAIL: gcc.c-torture/execute/931004-12.c execution, -O2 FAIL: gcc.c-torture/execute/931004-12.c execution, -O2 -fomit-frame-pointer -finline-functions FAIL: gcc.c-torture/execute/931004-12.c execution, -O2 -fomit-frame-pointer -finline-functions -funroll-loops FAIL: gcc.c-torture/execute/931004-12.c execution, -O2 -fomit-frame-pointer -finline-functions -funroll-all-loops FAIL: gcc.c-torture/execute/931004-12.c execution, -O2 -g FAIL: gcc.c-torture/execute/931004-12.c execution, -Os FAIL: gcc.c-torture/execute/980526-1.c execution, -O2 -fomit-frame-pointer -finline-functions FAIL: gcc.c-torture/execute/complex-5.c execution, -O2 -fomit-frame-pointer -finline-functions FAIL: gcc.c-torture/execute/ieee/980619-1.c execution, -O1 FAIL: gcc.c-torture/execute/ieee/980619-1.c execution, -O2 FAIL: gcc.c-torture/execute/ieee/980619-1.c execution, -O2 -fomit-frame-pointer -finline-functions FAIL: gcc.c-torture/execute/ieee/980619-1.c execution, -O2 -fomit-frame-pointer -finline-functions -funroll-loops FAIL: gcc.c-torture/execute/ieee/980619-1.c execution, -O2 -fomit-frame-pointer -finline-functions -funroll-all-loops FAIL: gcc.c-torture/execute/ieee/980619-1.c execution, -O2 -g FAIL: gcc.c-torture/execute/ieee/980619-1.c execution, -Os FAIL: gcc.dg/980626-1.c (test for excess errors) === gcc Summary === # of expected passes 7478 # of unexpected failures 18 # of expected failures 7 # of unsupported tests 19 /phys/exept/home3/gnu/work/GNU/egcs-1.1.2-rs6000-ibm-aix3.2.5/gcc/xgcc version egcs-2.91.66 19990314 (egcs-1.1.2 release) === g++ tests === Running target unix FAIL: g++.jason/thunk2.C (test for excess errors) FAIL: g++.mike/eh30.C (test for excess errors) FAIL: g++.mike/p4750.C (test for excess errors) FAIL: g++.pt/static3.C (test for excess errors) FAIL: g++.robertl/eb101.C (test for excess errors) FAIL: g++.robertl/eb106.C (test for excess errors) XPASS: g++.robertl/eb132.C (test for excess errors) FAIL: g++.robertl/eb71.C (test for excess errors) FAIL: g++.robertl/eb91.C (test for excess errors) === g++ Summary === # of expected passes 4211 # of unexpected failures 8 # of unexpected successes 1 # of expected failures 87 # of untested testcases 7 /phys/exept/home3/gnu/work/GNU/egcs-1.1.2-rs6000-ibm-aix3.2.5/gcc/testsuite/../xgcc version egcs-2.91.66 19990314 (egcs-1.1.2 release) There are 18 warnings in stage3 of this bootstrap. Number of warnings per file: 8 ../../../../egcs-1.1.2/librx/rx.c 6 ../../../../../egcs-1.1.2/librx/rx.c 2 ../../egcs-1.1.2/gcc/explow.c 2 ../../../egcs-1.1.2/librx/rx.c Number of warning types: 16 comparison of distinct pointer types lacks a cast 2 assignment from incompatible pointer type