This is the mail archive of the egcs-testresults@egcs.cygnus.com mailing list for the EGCS project. See the EGCS home page for more information.
Results for egcs-2.93.12 19990314 (gcc2 ss-980929 experimental) testsuite on hppa1.1-hp-hpux9.04 Native configuration is hppa1.1-hp-hpux9.04 === libio tests === Running target unix === libio Summary === # of expected passes 40 === libstdc++ tests === Running target unix FAIL: tlist.cc -O compilation FAIL: tmap.cc -O compilation FAIL: tstring.cc execution FAIL: tstring.cc -O execution FAIL: tvector.cc -O compilation === libstdc++ Summary === # of expected passes 17 # of unexpected failures 5 # of expected failures 8 === gcc tests === Running target unix FAIL: gcc.c-torture/compile/941014-3.c, -O3 -fomit-frame-pointer -funroll-all-loops -finline-functions FAIL: gcc.c-torture/compile/980329-1.c, -O3 -fomit-frame-pointer -funroll-all-loops -finline-functions FAIL: gcc.c-torture/execute/980716-1.c execution, -O0 FAIL: gcc.c-torture/execute/990130-1.c compilation, -O0 FAIL: gcc.c-torture/execute/990130-1.c compilation, -O1 FAIL: gcc.c-torture/execute/990130-1.c compilation, -O2 FAIL: gcc.c-torture/execute/990130-1.c compilation, -O3 -fomit-frame-pointer FAIL: gcc.c-torture/execute/990130-1.c compilation, -O3 -g FAIL: gcc.c-torture/execute/990130-1.c compilation, -Os FAIL: gcc.c-torture/execute/strct-stdarg-1.c execution, -O0 FAIL: gcc.c-torture/execute/strct-stdarg-1.c execution, -O1 FAIL: gcc.c-torture/execute/strct-stdarg-1.c execution, -O2 FAIL: gcc.c-torture/execute/strct-stdarg-1.c execution, -O3 -fomit-frame-pointer FAIL: gcc.c-torture/execute/strct-stdarg-1.c execution, -O3 -fomit-frame-pointer -funroll-loops FAIL: gcc.c-torture/execute/strct-stdarg-1.c execution, -O3 -fomit-frame-pointer -funroll-all-loops -finline-functions FAIL: gcc.c-torture/execute/strct-stdarg-1.c execution, -O3 -g FAIL: gcc.c-torture/execute/strct-stdarg-1.c execution, -Os FAIL: gcc.c-torture/execute/ieee/fp-cmp-1.c execution, -O0 FAIL: gcc.c-torture/execute/ieee/mzero2.c execution, -O1 FAIL: gcc.c-torture/execute/ieee/mzero2.c execution, -O2 FAIL: gcc.c-torture/execute/ieee/mzero2.c execution, -O3 -fomit-frame-pointer FAIL: gcc.c-torture/execute/ieee/mzero2.c execution, -O3 -g FAIL: gcc.c-torture/execute/ieee/mzero2.c execution, -Os FAIL: gcc.c-torture/noncompile/951227-1.c FAIL: gcc.c-torture/unsorted/cp.c, -O1 FAIL: gcc.dg/990119-1.c execution test FAIL: gcc.dg/cpp-if1.c invalid number (test for errors, line 12) FAIL: gcc.dg/cpp-if1.c invalid number (test for errors, line 15) FAIL: gcc.dg/cpp-if1.c invalid number (test for errors, line 18) FAIL: gcc.dg/cpp-if1.c floating point in #if (test for errors, line 21) FAIL: gcc.dg/cpp-if1.c too many suffixes (test for errors, line 24) FAIL: gcc.dg/cpp-if1.c too many suffixes (test for errors, line 27) FAIL: gcc.dg/cpp-if1.c (test for excess errors) FAIL: gcc.dg/cpp-if3.c (test for excess errors) FAIL: gcc.misc-tests/m-un-2.c warning regression (test for warnings, line 18) FAIL: gcc.misc-tests/m-un-2.c warning regression (test for warnings, line 23) FAIL: gcc.misc-tests/m-un-2.c (test for excess errors) === gcc Summary === # of expected passes 7968 # of unexpected failures 37 # of expected failures 23 # of unresolved testcases 6 # of unsupported tests 23 /user4/vsb/rdb/egcs-19990314.obj/gcc/xgcc version egcs-2.93.12 19990314 (gcc2 ss-980929 experimental) === g++ tests === Running target unix FAIL: g++.brendan/eh1.C (test for excess errors) FAIL: g++.eh/spec3.C Execution test FAIL: g++.eh/spec4.C Execution test XPASS: g++.mike/eh33.C (test for excess errors) XPASS: g++.mike/eh33.C Execution test FAIL: g++.mike/eh49.C Execution test XPASS: g++.mike/eh50.C (test for excess errors) XPASS: g++.mike/eh50.C Execution test XPASS: g++.pt/instantiate6.C (test for excess errors) FAIL: g++.pt/static3.C (test for excess errors) FAIL: g++.robertl/eb73.C (test for excess errors) === g++ Summary === # of expected passes 4972 # of unexpected failures 6 # of unexpected successes 5 # of expected failures 83 # of untested testcases 8 /user4/vsb/rdb/egcs-19990314.obj/gcc/testsuite/../xgcc version egcs-2.93.12 19990314 (gcc2 ss-980929 experimental) === g77 tests === Running target unix FAIL: g77.f-torture/compile/980310-2.f, -O0 FAIL: g77.f-torture/compile/980310-2.f, -O1 FAIL: g77.f-torture/compile/980310-2.f, -O2 FAIL: g77.f-torture/compile/980310-2.f, -O2 -fomit-frame-pointer -finline-functions FAIL: g77.f-torture/compile/980310-2.f, -Os FAIL: g77.f-torture/compile/alpha1.f, -O0 FAIL: g77.f-torture/compile/alpha1.f, -O1 FAIL: g77.f-torture/compile/alpha1.f, -O2 FAIL: g77.f-torture/compile/alpha1.f, -O2 -fomit-frame-pointer -finline-functions FAIL: g77.f-torture/compile/alpha1.f, -Os FAIL: g77.f-torture/compile/19990305-0.f, -O0 FAIL: g77.f-torture/compile/19990305-0.f, -O1 FAIL: g77.f-torture/compile/19990305-0.f, -O2 FAIL: g77.f-torture/compile/19990305-0.f, -O2 -fomit-frame-pointer -finline-functions FAIL: g77.f-torture/compile/19990305-0.f, -Os FAIL: g77.f-torture/execute/980628-0.f compilation, -O0 FAIL: g77.f-torture/execute/980628-0.f compilation, -O1 FAIL: g77.f-torture/execute/980628-0.f compilation, -O2 FAIL: g77.f-torture/execute/980628-0.f compilation, -O2 -fomit-frame-pointer -finline-functions FAIL: g77.f-torture/execute/980628-0.f compilation, -Os FAIL: g77.f-torture/execute/980628-1.f compilation, -O0 FAIL: g77.f-torture/execute/980628-1.f compilation, -O1 FAIL: g77.f-torture/execute/980628-1.f compilation, -O2 FAIL: g77.f-torture/execute/980628-1.f compilation, -O2 -fomit-frame-pointer -finline-functions FAIL: g77.f-torture/execute/980628-1.f compilation, -Os FAIL: g77.f-torture/execute/980628-10.f compilation, -O0 FAIL: g77.f-torture/execute/980628-10.f compilation, -O1 FAIL: g77.f-torture/execute/980628-10.f compilation, -O2 FAIL: g77.f-torture/execute/980628-10.f compilation, -O2 -fomit-frame-pointer -finline-functions FAIL: g77.f-torture/execute/980628-10.f compilation, -Os FAIL: g77.f-torture/execute/980628-2.f compilation, -O0 FAIL: g77.f-torture/execute/980628-2.f compilation, -O1 FAIL: g77.f-torture/execute/980628-2.f compilation, -O2 FAIL: g77.f-torture/execute/980628-2.f compilation, -O2 -fomit-frame-pointer -finline-functions FAIL: g77.f-torture/execute/980628-2.f compilation, -Os FAIL: g77.f-torture/execute/980628-3.f compilation, -O0 FAIL: g77.f-torture/execute/980628-3.f compilation, -O1 FAIL: g77.f-torture/execute/980628-3.f compilation, -O2 FAIL: g77.f-torture/execute/980628-3.f compilation, -O2 -fomit-frame-pointer -finline-functions FAIL: g77.f-torture/execute/980628-3.f compilation, -Os FAIL: g77.f-torture/execute/980628-4.f compilation, -O0 FAIL: g77.f-torture/execute/980628-4.f compilation, -O1 FAIL: g77.f-torture/execute/980628-4.f compilation, -O2 FAIL: g77.f-torture/execute/980628-4.f compilation, -O2 -fomit-frame-pointer -finline-functions FAIL: g77.f-torture/execute/980628-4.f compilation, -Os FAIL: g77.f-torture/execute/980628-5.f compilation, -O0 FAIL: g77.f-torture/execute/980628-5.f compilation, -O1 FAIL: g77.f-torture/execute/980628-5.f compilation, -O2 FAIL: g77.f-torture/execute/980628-5.f compilation, -O2 -fomit-frame-pointer -finline-functions FAIL: g77.f-torture/execute/980628-5.f compilation, -Os FAIL: g77.f-torture/execute/980628-6.f compilation, -O0 FAIL: g77.f-torture/execute/980628-6.f compilation, -O1 FAIL: g77.f-torture/execute/980628-6.f compilation, -O2 FAIL: g77.f-torture/execute/980628-6.f compilation, -O2 -fomit-frame-pointer -finline-functions FAIL: g77.f-torture/execute/980628-6.f compilation, -Os FAIL: g77.f-torture/execute/980628-7.f compilation, -O0 FAIL: g77.f-torture/execute/980628-7.f compilation, -O1 FAIL: g77.f-torture/execute/980628-7.f compilation, -O2 FAIL: g77.f-torture/execute/980628-7.f compilation, -O2 -fomit-frame-pointer -finline-functions FAIL: g77.f-torture/execute/980628-7.f compilation, -Os FAIL: g77.f-torture/execute/980628-8.f compilation, -O0 FAIL: g77.f-torture/execute/980628-8.f compilation, -O1 FAIL: g77.f-torture/execute/980628-8.f compilation, -O2 FAIL: g77.f-torture/execute/980628-8.f compilation, -O2 -fomit-frame-pointer -finline-functions FAIL: g77.f-torture/execute/980628-8.f compilation, -Os FAIL: g77.f-torture/execute/980628-9.f compilation, -O0 FAIL: g77.f-torture/execute/980628-9.f compilation, -O1 FAIL: g77.f-torture/execute/980628-9.f compilation, -O2 FAIL: g77.f-torture/execute/980628-9.f compilation, -O2 -fomit-frame-pointer -finline-functions FAIL: g77.f-torture/execute/980628-9.f compilation, -Os FAIL: g77.f-torture/execute/980701-0.f compilation, -O0 FAIL: g77.f-torture/execute/980701-0.f compilation, -O1 FAIL: g77.f-torture/execute/980701-0.f compilation, -O2 FAIL: g77.f-torture/execute/980701-0.f compilation, -O2 -fomit-frame-pointer -finline-functions FAIL: g77.f-torture/execute/980701-0.f compilation, -Os FAIL: g77.f-torture/execute/980701-1.f compilation, -O0 FAIL: g77.f-torture/execute/980701-1.f compilation, -O1 FAIL: g77.f-torture/execute/980701-1.f compilation, -O2 FAIL: g77.f-torture/execute/980701-1.f compilation, -O2 -fomit-frame-pointer -finline-functions FAIL: g77.f-torture/execute/980701-1.f compilation, -Os FAIL: g77.f-torture/execute/alpha2.f compilation, -O0 FAIL: g77.f-torture/execute/alpha2.f compilation, -O1 FAIL: g77.f-torture/execute/alpha2.f compilation, -O2 FAIL: g77.f-torture/execute/alpha2.f compilation, -O2 -fomit-frame-pointer -finline-functions FAIL: g77.f-torture/execute/alpha2.f compilation, -Os FAIL: g77.f-torture/execute/auto0.f compilation, -O0 FAIL: g77.f-torture/execute/auto0.f compilation, -O1 FAIL: g77.f-torture/execute/auto0.f compilation, -O2 FAIL: g77.f-torture/execute/auto0.f compilation, -O2 -fomit-frame-pointer -finline-functions FAIL: g77.f-torture/execute/auto0.f compilation, -O2 -fomit-frame-pointer -finline-functions -funroll-loops FAIL: g77.f-torture/execute/auto0.f compilation, -O2 -fomit-frame-pointer -finline-functions -funroll-all-loops FAIL: g77.f-torture/execute/auto0.f compilation, -Os FAIL: g77.f-torture/execute/auto1.f compilation, -O0 FAIL: g77.f-torture/execute/auto1.f compilation, -O1 FAIL: g77.f-torture/execute/auto1.f compilation, -O2 FAIL: g77.f-torture/execute/auto1.f compilation, -O2 -fomit-frame-pointer -finline-functions FAIL: g77.f-torture/execute/auto1.f compilation, -O2 -fomit-frame-pointer -finline-functions -funroll-loops FAIL: g77.f-torture/execute/auto1.f compilation, -O2 -fomit-frame-pointer -finline-functions -funroll-all-loops FAIL: g77.f-torture/execute/auto1.f compilation, -Os FAIL: g77.f-torture/execute/short.f compilation, -O0 FAIL: g77.f-torture/execute/short.f compilation, -O1 FAIL: g77.f-torture/execute/short.f compilation, -O2 FAIL: g77.f-torture/execute/short.f compilation, -O2 -fomit-frame-pointer -finline-functions FAIL: g77.f-torture/execute/short.f compilation, -O2 -fomit-frame-pointer -finline-functions -funroll-loops FAIL: g77.f-torture/execute/short.f compilation, -O2 -fomit-frame-pointer -finline-functions -funroll-all-loops FAIL: g77.f-torture/execute/short.f compilation, -Os === g77 Summary === # of expected passes 354 # of unexpected failures 106 # of untested testcases 91 === objc tests === Running target unix === objc Summary === # of expected passes 38 /user4/vsb/rdb/egcs-19990314.obj/gcc/xgcc version egcs-2.93.12 19990314 (gcc2 ss-980929 experimental) Compiler version: egcs-2.93.12 19990314 (gcc2 ss-980929 experimental) Platform: hppa1.1-hp-hpux9.04 configure flags: --with-gcc-version-trigger=/user4/vsb/rdb/egcs-19990314/gcc/version.c --host=hppa1.1-hp-hpux9.04 --with-gnu-as --norecursion Counting all warnings, there are 621 warnings in stage3 of this bootstrap. Number of warnings per file: 65 ../../egcs-19990314/gcc/toplev.c 37 ../../egcs-19990314/gcc/cse.c 37 ../../egcs-19990314/gcc/combine.c 31 ../../egcs-19990314/gcc/expmed.c 29 ../../egcs-19990314/gcc/optabs.c 23 ../../egcs-19990314/gcc/expr.c 20 ../../egcs-19990314/gcc/calls.c 19 ../../egcs-19990314/gcc/reload1.c 19 ../../egcs-19990314/gcc/config/pa/pa.c 18 ../../egcs-19990314/gcc/cccp.c 16 ../../../egcs-19990314/gcc/java/lex.c 15 ../../egcs-19990314/gcc/objc/objc-act.c 15 ../../egcs-19990314/gcc/integrate.c 14 ../../egcs-19990314/gcc/c-common.c 13 ../../egcs-19990314/gcc/recog.c 12 ../../../egcs-19990314/gcc/java/javaop.def 11 ./parse.y 10 ../../egcs-19990314/gcc/unroll.c 10 ../../egcs-19990314/gcc/loop.c 10 ../../egcs-19990314/gcc/function.c 10 ../../egcs-19990314/gcc/fold-const.c 10 ../../../egcs-19990314/gcc/f/com.c 9 ../../egcs-19990314/gcc/varasm.c 9 ../../egcs-19990314/gcc/reload.c 9 ../../../egcs-19990314/gcc/java/expr.c 8 ../../../egcs-19990314/gcc/java/jcf-reader.c 8 ../../../egcs-19990314/gcc/java/jcf-dump.c 7 ../../../egcs-19990314/gcc/java/class.c 6 ../../egcs-19990314/gcc/stmt.c 6 ../../egcs-19990314/gcc/emit-rtl.c 6 ../../egcs-19990314/gcc/c-lex.c 6 ../../../egcs-19990314/gcc/java/typeck.c 6 ../../../egcs-19990314/gcc/java/gjavah.c 6 ../../../egcs-19990314/gcc/cp/lex.c 5 ../../egcs-19990314/gcc/final.c 5 ../../egcs-19990314/gcc/dbxout.c 5 ../../egcs-19990314/gcc/collect2.c 4 cexp.y 4 ../../egcs-19990314/gcc/regmove.c 4 ../../egcs-19990314/gcc/protoize.c 4 ../../../egcs-19990314/gcc/java/verify.c 4 ../../../egcs-19990314/gcc/java/lex.h 3 ../../egcs-19990314/gcc/local-alloc.c 3 ../../egcs-19990314/gcc/genopinit.c 3 ../../egcs-19990314/gcc/explow.c 3 ../../../egcs-19990314/gcc/java/jcf-write.c 3 ../../../egcs-19990314/gcc/java/decl.c 2 insn-recog.c 2 gcj.c 2 g77.c 2 g++.c 2 ../../egcs-19990314/gcc/rtl.c 2 ../../egcs-19990314/gcc/gcov.c 2 ../../egcs-19990314/gcc/gcc.c 2 ../../egcs-19990314/gcc/fix-header.c 2 ../../egcs-19990314/gcc/cppexp.c 2 ../../../egcs-19990314/gcc/java/jcf-parse.c 1 splay-tree.c 1 insn-attrtab.c 1 cxxmain.c 1 ./parse-scan.y 1 ../../egcs-19990314/gcc/tree.c 1 ../../egcs-19990314/gcc/tlink.c 1 ../../egcs-19990314/gcc/stupid.c 1 ../../egcs-19990314/gcc/scan-decls.c 1 ../../egcs-19990314/gcc/regclass.c 1 ../../egcs-19990314/gcc/java/jvspec.c 1 ../../egcs-19990314/gcc/hash.c 1 ../../egcs-19990314/gcc/graph.c 1 ../../egcs-19990314/gcc/genrecog.c 1 ../../egcs-19990314/gcc/gcov-io.h 1 ../../egcs-19990314/gcc/f/g77spec.c 1 ../../egcs-19990314/gcc/cpphash.c 1 ../../../egcs-19990314/gcc/java/jvgenmain.c 1 ../../../egcs-19990314/gcc/java/jcf-io.c 1 ../../../egcs-19990314/gcc/cp/search.c 1 ../../../egcs-19990314/gcc/cp/pt.c 1 ../../../egcs-19990314/gcc/cp/call.c Number of warning types: 262 comparison between signed and unsigned 99 \`???' might be used uninitialized in this function 57 unused parameter \`???' 35 missing initializer 35 (near initialization for \`???') 27 variable \`???' might be clobbered by \`longjmp' or \`vfork' 25 implicit declaration of function \`???' 22 statement with no effect 14 ??? format, ??? arg (arg ???) 13 passing arg ??? of \`???' from incompatible pointer type 10 unused variable \`???' 5 value computed is not used 5 argument \`???' might be clobbered by \`longjmp' or \`vfork' 4 \`???' declared \`static' but never defined 3 left-hand operand of comma expression has no effect 2 \`???' within comment 2 \`???' defined but not used 1 initialization from incompatible pointer type