This is the mail archive of the egcs-testresults@egcs.cygnus.com mailing list for the EGCS project. See the EGCS home page for more information.
Native configuration is i686-pc-linux-gnu === libio tests === Running target unix === libio Summary === # of expected passes 40 === libstdc++ tests === Running target unix === libstdc++ Summary === # of expected passes 30 === binutils tests === Running target unix === binutils Summary === # of expected passes 23 # of expected failures 1 === ld tests === Running target unix === ld Summary === # of expected passes 18 === gas tests === Running target unix === gas Summary === # of expected passes 58 === gcc tests === Running target unix FAIL: gcc.c-torture/execute/930603-1.c execution, -O0 FAIL: gcc.c-torture/execute/930603-1.c execution, -O1 FAIL: gcc.c-torture/execute/930603-1.c execution, -O2 FAIL: gcc.c-torture/execute/930603-1.c execution, -Os FAIL: gcc.c-torture/execute/990130-1.c compilation, -O0 FAIL: gcc.c-torture/execute/990130-1.c compilation, -O1 FAIL: gcc.c-torture/execute/990130-1.c compilation, -O2 FAIL: gcc.c-torture/execute/990130-1.c compilation, -O3 -fomit-frame-pointer FAIL: gcc.c-torture/execute/990130-1.c compilation, -O3 -g FAIL: gcc.c-torture/execute/990130-1.c compilation, -Os FAIL: gcc.c-torture/execute/loop-2b.c execution, -O2 FAIL: gcc.c-torture/execute/loop-2b.c execution, -O3 -fomit-frame-pointer FAIL: gcc.c-torture/execute/loop-2b.c execution, -O3 -fomit-frame-pointer -funroll-loops FAIL: gcc.c-torture/execute/loop-2b.c execution, -O3 -fomit-frame-pointer -funroll-all-loops -finline-functions FAIL: gcc.c-torture/execute/loop-2b.c execution, -O3 -g FAIL: gcc.c-torture/execute/ieee/980619-1.c execution, -O1 FAIL: gcc.c-torture/execute/ieee/980619-1.c execution, -O2 FAIL: gcc.c-torture/execute/ieee/980619-1.c execution, -O3 -fomit-frame-pointer FAIL: gcc.c-torture/execute/ieee/980619-1.c execution, -O3 -fomit-frame-pointer -funroll-loops FAIL: gcc.c-torture/execute/ieee/980619-1.c execution, -O3 -fomit-frame-pointer -funroll-all-loops -finline-functions FAIL: gcc.c-torture/execute/ieee/980619-1.c execution, -O3 -g FAIL: gcc.c-torture/execute/ieee/980619-1.c execution, -Os FAIL: gcc.c-torture/noncompile/951227-1.c FAIL: gcc.dg/990119-1.c execution test FAIL: gcc.dg/cpp-if1.c invalid number (test for errors, line 12) FAIL: gcc.dg/cpp-if1.c invalid number (test for errors, line 15) FAIL: gcc.dg/cpp-if1.c invalid number (test for errors, line 18) FAIL: gcc.dg/cpp-if1.c floating point in #if (test for errors, line 21) FAIL: gcc.dg/cpp-if1.c too many suffixes (test for errors, line 24) FAIL: gcc.dg/cpp-if1.c too many suffixes (test for errors, line 27) FAIL: gcc.dg/cpp-if1.c (test for excess errors) FAIL: gcc.dg/cpp-if3.c (test for excess errors) FAIL: gcc.dg/special/weak-1.c execution test FAIL: gcc.misc-tests/m-un-2.c warning regression (test for warnings, line 18) FAIL: gcc.misc-tests/m-un-2.c warning regression (test for warnings, line 23) FAIL: gcc.misc-tests/m-un-2.c (test for excess errors) === gcc Summary === # of expected passes 7995 # of unexpected failures 36 # of expected failures 29 # of unresolved testcases 6 # of unsupported tests 13 /home/acs/cvsroot/egcs/egcs-19990315/gcc/xgcc version egcs-2.93.12 19990315 (gcc2 ss-980929 experimental) === g++ tests === Running target unix FAIL: g++.dg/special/conpr-1.C execution test FAIL: g++.dg/special/conpr-2.C execution test FAIL: g++.dg/special/conpr-3.C execution test FAIL: g++.dg/special/conpr-3.C execution test === g++ Summary === # of expected passes 4982 # of unexpected failures 4 # of expected failures 82 # of untested testcases 7 /home/acs/cvsroot/egcs/egcs-19990315/gcc/testsuite/../xgcc version egcs-2.93.12 19990315 (gcc2 ss-980929 experimental) === g77 tests === Running target unix FAIL: g77.f-torture/execute/19990313-0.f execution, -O0 FAIL: g77.f-torture/execute/19990313-0.f execution, -O1 FAIL: g77.f-torture/execute/19990313-0.f execution, -O2 FAIL: g77.f-torture/execute/19990313-0.f execution, -O2 -fomit-frame-pointer -finline-functions FAIL: g77.f-torture/execute/19990313-0.f execution, -Os FAIL: g77.f-torture/execute/19990313-1.f execution, -O0 FAIL: g77.f-torture/execute/19990313-1.f execution, -O1 FAIL: g77.f-torture/execute/19990313-1.f execution, -O2 FAIL: g77.f-torture/execute/19990313-1.f execution, -O2 -fomit-frame-pointer -finline-functions FAIL: g77.f-torture/execute/19990313-1.f execution, -Os FAIL: g77.f-torture/execute/19990313-2.f execution, -O0 FAIL: g77.f-torture/execute/19990313-2.f execution, -O1 FAIL: g77.f-torture/execute/19990313-2.f execution, -O2 FAIL: g77.f-torture/execute/19990313-2.f execution, -O2 -fomit-frame-pointer -finline-functions FAIL: g77.f-torture/execute/19990313-2.f execution, -Os FAIL: g77.f-torture/execute/19990313-3.f execution, -O0 FAIL: g77.f-torture/execute/19990313-3.f execution, -O1 FAIL: g77.f-torture/execute/19990313-3.f execution, -O2 FAIL: g77.f-torture/execute/19990313-3.f execution, -O2 -fomit-frame-pointer -finline-functions FAIL: g77.f-torture/execute/19990313-3.f execution, -Os === g77 Summary === # of expected passes 531 # of unexpected failures 20 === objc tests === Running target unix FAIL: objc/execute/bf-1.m compilation, -O FAIL: objc/execute/bf-10.m compilation, -O FAIL: objc/execute/bf-11.m compilation, -O FAIL: objc/execute/bf-12.m compilation, -O FAIL: objc/execute/bf-13.m compilation, -O FAIL: objc/execute/bf-14.m compilation, -O FAIL: objc/execute/bf-15.m compilation, -O FAIL: objc/execute/bf-16.m compilation, -O FAIL: objc/execute/bf-17.m compilation, -O FAIL: objc/execute/bf-18.m compilation, -O FAIL: objc/execute/bf-19.m compilation, -O FAIL: objc/execute/bf-2.m compilation, -O FAIL: objc/execute/bf-3.m compilation, -O FAIL: objc/execute/bf-4.m compilation, -O FAIL: objc/execute/bf-5.m compilation, -O FAIL: objc/execute/bf-6.m compilation, -O FAIL: objc/execute/bf-7.m compilation, -O FAIL: objc/execute/bf-8.m compilation, -O FAIL: objc/execute/bf-9.m compilation, -O === objc Summary === # of unexpected failures 19 # of untested testcases 19 /home/acs/cvsroot/egcs/egcs-19990315/gcc/xgcc version egcs-2.93.12 19990315 (gcc2 ss-980929 experimental) Compiler version: egcs-2.93.12 19990315 (gcc2 ss-980929 experimental) Platform: i686-pc-linux-gnu configure flags: --with-gcc-version-trigger=/home/acs/cvsroot/egcs/gcc/version.c --host=i686-pc-linux-gnu --enable-languages=c,c++ --prefix=/usr/local/egcs-19990315 --with-gnu-as --without-local-prefix --norecursion